000
CXUS54 KFWD 010731
CF6TKI
PRELIMINARY LOCAL CLIMATOLOGICAL DATA (WS FORM: F-6)
STATION: MCKINNEY
MONTH: SEPTEMBER
YEAR: 2022
LATITUDE: 33 10 N
LONGITUDE: 96 35 W
TEMPERATURE IN F: :PCPN: SNOW: WIND :SUNSHINE: SKY :PK WND
================================================================================
1 2 3 4 5 6A 6B 7 8 9 10 11 12 13 14 15 16 17 18
12Z AVG MX 2MIN
DY MAX MIN AVG DEP HDD CDD WTR SNW DPTH SPD SPD DIR MIN PSBL S-S WX SPD DR
================================================================================
1 89 72 81 0 0 16 0.06 M M 3.9 21 290 M M 4 13 27 280
2 87 73 80 -1 0 15 T M M 7.7 17 180 M M 5 21 180
3 97 70 84 3 0 19 0.00 M M 2.9 14 50 M M 1 1 19 50
4 95 68 82 2 0 17 0.31 M M 3.1 36 40 M M 1 3 45 40
5 90 65 78 -2 0 13 0.01 M M 5.1 13 170 M M 1 13 17 160
6 93 70 82 2 0 17 T M M 3.9 12 150 M M 1 3 17 180
7 95 70 83 3 0 18 0.00 M M 4.6 17 10 M M 1 23 20
8 91 70 81 2 0 16 0.00 M M 5.3 12 80 M M 2 17 40
9 89 64 77 -2 0 12 0.00 M M 4.3 14 120 M M 1 20 100
10 90 61 76 -3 0 11 0.00 M M 3.4 14 40 M M 1 18 30
11 84 63 74 -4 0 9 0.00 M M 9.1 21 350 M M 0 31 10
12 87 57 72 -6 0 7 0.00 M M 3.4 10 50 M M 0 15 50
13 89 60 75 -3 0 10 0.00 M M 5.9 16 180 M M 0 22 160
14 88 60 74 -4 0 9 0.00 M M 6.7 15 170 M M 0 27 140
15 88 59 74 -3 0 9 0.00 M M 6.2 16 160 M M 0 23 170
16 90 66 78 1 0 13 0.00 M M 7.8 17 150 M M 0 24 140
17 93 74 84 8 0 19 0.00 M M 10.7 18 170 M M 3 24 180
18 93 73 83 7 0 18 0.00 M M 9.2 17 150 M M 0 31 190
19 94 70 82 6 0 17 0.00 M M 5.4 16 150 M M 0 22 140
20 95 70 83 7 0 18 0.00 M M 5.4 16 140 M M 0 23 150
21 97 68 83 8 0 18 0.00 M M 3.8 15 170 M M 0 21 140
22 98 66 82 7 0 17 0.00 M M 3.0 14 170 M M 0 18 340
23 95 70 83 9 0 18 0.00 M M 7.9 17 150 M M 0 20 190
24 96 71 84 10 0 19 0.00 M M 6.3 17 140 M M 0 23 140
25 98 71 85 11 0 20 T M M 6.1 20 140 M M 2 3 27 140
26 87 59 73 -1 0 8 0.00 M M 7.4 20 50 M M 0 29 60
27 89 52 71 -2 0 6 0.00 M M 4.5 13 170 M M 0 21 180
28 90 60 75 2 0 10 0.00 M M 7.0 16 200 M M 1 23 190
29 81 62 72 0 0 7 0.00 M M 7.7 18 130 M M 0 26 110
30 82 51 67 -5 0 2 0.00 M M 4.3 12 60 M M 0 16 90
================================================================================
SM 2730 1965 0 408 0.38 M 172.0 M 24
================================================================================
AV 91.0 65.5 5.7 FASTST M M 1 MAX(MPH)
MISC ----> 36 40 45 40
================================================================================
NOTES:
# LAST OF SEVERAL OCCURRENCES
COLUMN 17 PEAK WIND IN M.P.H.
PRELIMINARY LOCAL CLIMATOLOGICAL DATA (WS FORM: F-6) , PAGE 2
STATION: MCKINNEY
MONTH: SEPTEMBER
YEAR: 2022
LATITUDE: 33 10 N
LONGITUDE: 96 35 W
[TEMPERATURE DATA] [PRECIPITATION DATA] SYMBOLS USED IN COLUMN 16
AVERAGE MONTHLY: 78.3 TOTAL FOR MONTH: 0.38 1 = FOG OR MIST
DPTR FM NORMAL: 1.3 DPTR FM NORMAL: -2.43 2 = FOG REDUCING VISIBILITY
HIGHEST: 98 ON 25,22 GRTST 24HR 0.31 ON 4- 4 TO 1/4 MILE OR LESS
LOWEST: 51 ON 30 3 = THUNDER
SNOW, ICE PELLETS, HAIL 4 = ICE PELLETS
TOTAL MONTH: M 5 = HAIL
GRTST 24HR M ON M 6 = FREEZING RAIN OR DRIZZLE
GRTST DEPTH: M ON M 7 = DUSTSTORM OR SANDSTORM:
VSBY 1/2 MILE OR LESS
8 = SMOKE OR HAZE
[NO. OF DAYS WITH] [WEATHER - DAYS WITH] 9 = BLOWING SNOW
X = TORNADO
MAX 32 OR BELOW: 0 0.01 INCH OR MORE: 3
MAX 90 OR ABOVE: 18 0.10 INCH OR MORE: 1
MIN 32 OR BELOW: 0 0.50 INCH OR MORE: 0
MIN 0 OR BELOW: 0 1.00 INCH OR MORE: 0
[HDD (BASE 65) ]
TOTAL THIS MO. 0 CLEAR (SCALE 0-3) 28
DPTR FM NORMAL -4 PTCLDY (SCALE 4-7) 2
TOTAL FM JUL 1 0 CLOUDY (SCALE 8-10) 0
DPTR FM NORMAL -2
[CDD (BASE 65) ]
TOTAL THIS MO. 408
DPTR FM NORMAL 46 [PRESSURE DATA]
TOTAL FM JAN 1 2779 HIGHEST SLP M ON M
DPTR FM NORMAL 394 LOWEST SLP 29.76 ON 8
[REMARKS]
#FINAL-09-22#