000
CXUS54 KFWD 010731
CF6TKI
PRELIMINARY LOCAL CLIMATOLOGICAL DATA (WS FORM: F-6)
STATION: MCKINNEY
MONTH: APRIL
YEAR: 2020
LATITUDE: 33 10 N
LONGITUDE: 96 35 W
TEMPERATURE IN F: :PCPN: SNOW: WIND :SUNSHINE: SKY :PK WND
================================================================================
1 2 3 4 5 6A 6B 7 8 9 10 11 12 13 14 15 16 17 18
12Z AVG MX 2MIN
DY MAX MIN AVG DEP HDD CDD WTR SNW DPTH SPD SPD DIR MIN PSBL S-S WX SPD DR
================================================================================
1 69 45 57 -2 8 0 0.00 0.0 0 8.9 22 180 M M 0 27 170
2 69 57 63 4 2 0 0.03 0.0 0 13.6 25 160 M M 7 31 160
3 66 40 53 -6 12 0 0.18 0.0 0 11.5 22 320 M M 10 1 28 330
4 47 40 44 -16 21 0 0.48 0.0 0 8.1 17 340 M M 8 13 23 330
5 63 46 55 -5 10 0 0.00 0.0 0 4.2 8 100 M M 9 1 12 100
6 72 59 66 6 0 1 T 0.0 0 5.8 18 170 M M 6 1 23 160
7 86 63 75 15 0 10 0.00 0.0 0 9.2 17 200 M M 3 1 24 180
8 94 63 79 18 0 14 0.00 0.0 0 8.7 20 240 M M 0 1 30 240
9 76 59 68 7 0 3 0.00 0.0 0 9.2 18 50 M M 1 26 40
10 72 50 61 0 4 0 0.00 0.0 0 8.4 14 110 M M 0 22 70
11 69 54 62 0 3 0 0.11 0.0 0 10.6 24 170 M M 6 13 30 170
12 80 45 63 1 2 0 0.46 0.0 0 12.7 30 350 M M 7 13 40 340
13 55 38 47 -15 18 0 0.00 0.0 0 14.2 28 360 M M 2 38 360
14 55 41 48 -14 17 0 0.00 0.0 0 9.9 18 10 M M 9 25 360
15 64 34 49 -14 16 0 0.00 0.0 0 3.4 10 150 M M 0 8 13 140
16 71 45 58 -5 7 0 0.00 0.0 0 13.7 25 160 M M 0 32 140
17 65 45 55 -8 10 0 0.00 0.0 0 10.8 23 320 M M 5 31 330
18 69 38 54 -10 11 0 0.02 0.0 0 6.0 13 160 M M 4 3 18 150
19 75 56 66 2 0 1 0.18 0.0 0 6.4 16 10 M M 8 18 22 150
20 74 50 62 -2 3 0 0.00 0.0 0 3.0 9 140 M M 4 12 12 160
21 82 54 68 4 0 3 0.00 0.0 0 7.5 18 170 M M 4 1 25 140
22 85 64 75 10 0 10 0.04 0.0 0 12.4 22 180 M M 7 1 32 300
23 82 57 70 5 0 5 0.00 0.0 0 8.7 18 330 M M 0 25 330
24 89 59 74 8 0 9 0.00 0.0 0 13.3 26 300 M M 0 37 310
25 77 54 66 0 0 1 0.00 0.0 0 10.8 22 360 M M 0 29 10
26 81 48 65 -1 0 0 0.00 0.0 0 5.5 15 170 M M 0 19 160
27 82 60 71 5 0 6 0.00 0.0 0 16.1 30 170 M M 0 40 190
28 88 65 77 10 0 12 0.28 0.0 0 16.1 39 270 M M 4 13 56 270
29 79 56 68 1 0 3 0.00 0.0 0 13.3 30 330 M M 1 42 310
30 81 48 65 -2 0 0 0.00 0.0 0 3.1 10 280 M M 0 16 270
================================================================================
SM 2217 1533 144 78 1.78 0.0 285.1 M 105
================================================================================
AV 73.9 51.1 9.5 FASTST M M 4 MAX(MPH)
MISC ----> # 39 270 # 56 270
================================================================================
NOTES:
# LAST OF SEVERAL OCCURRENCES
COLUMN 17 PEAK WIND IN M.P.H.
PRELIMINARY LOCAL CLIMATOLOGICAL DATA (WS FORM: F-6) , PAGE 2
STATION: MCKINNEY
MONTH: APRIL
YEAR: 2020
LATITUDE: 33 10 N
LONGITUDE: 96 35 W
[TEMPERATURE DATA] [PRECIPITATION DATA] SYMBOLS USED IN COLUMN 16
AVERAGE MONTHLY: 62.5 TOTAL FOR MONTH: 1.78 1 = FOG OR MIST
DPTR FM NORMAL: -0.4 DPTR FM NORMAL: -1.64 2 = FOG REDUCING VISIBILITY
HIGHEST: 94 ON 8 GRTST 24HR 0.48 ON 4- 4 TO 1/4 MILE OR LESS
LOWEST: 34 ON 15 3 = THUNDER
SNOW, ICE PELLETS, HAIL 4 = ICE PELLETS
TOTAL MONTH: 0.0 INCH 5 = HAIL
GRTST 24HR 0.0 6 = FREEZING RAIN OR DRIZZLE
GRTST DEPTH: 0 7 = DUSTSTORM OR SANDSTORM:
VSBY 1/2 MILE OR LESS
8 = SMOKE OR HAZE
[NO. OF DAYS WITH] [WEATHER - DAYS WITH] 9 = BLOWING SNOW
X = TORNADO
MAX 32 OR BELOW: 0 0.01 INCH OR MORE: 9
MAX 90 OR ABOVE: 1 0.10 INCH OR MORE: 6
MIN 32 OR BELOW: 0 0.50 INCH OR MORE: 0
MIN 0 OR BELOW: 0 1.00 INCH OR MORE: 0
[HDD (BASE 65) ]
TOTAL THIS MO. 144 CLEAR (SCALE 0-3) 15
DPTR FM NORMAL 17 PTCLDY (SCALE 4-7) 10
TOTAL FM JUL 1 2342 CLOUDY (SCALE 8-10) 5
DPTR FM NORMAL -287
[CDD (BASE 65) ]
TOTAL THIS MO. 78
DPTR FM NORMAL 13 [PRESSURE DATA]
TOTAL FM JAN 1 147 HIGHEST SLP M ON M
DPTR FM NORMAL 60 LOWEST SLP 29.45 ON 12
[REMARKS]
#FINAL-04-20#