000
CXUS53 KTOP 010810
CF6TOP
PRELIMINARY LOCAL CLIMATOLOGICAL DATA (WS FORM: F-6)
STATION: TOPEKA KS
MONTH: MAY
YEAR: 2021
LATITUDE: 39 4 N
LONGITUDE: 95 38 W
TEMPERATURE IN F: :PCPN: SNOW: WIND :SUNSHINE: SKY :PK WND
================================================================================
1 2 3 4 5 6A 6B 7 8 9 10 11 12 13 14 15 16 17 18
12Z AVG MX 2MIN
DY MAX MIN AVG DEP HDD CDD WTR SNW DPTH SPD SPD DIR MIN PSBL S-S WX SPD DR
================================================================================
1 82 56 69 9 0 4 0.00 0.0 0 12.4 24 180 M M 0 36 170
2 75 61 68 7 0 3 0.00 0.0 0 9.6 18 170 M M 6 26 180
3 71 60 66 5 0 1 0.02 0.0 0 10.4 22 360 M M 6 1 31 320
4 67 42 55 -6 10 0 0.02 0.0 0 10.8 23 340 M M 4 33 360
5 71 35 53 -9 12 0 0.01 0.0 0 4.0 18 350 M M 3 3 24 290
6 66 45 56 -6 9 0 0.00 0.0 0 7.8 20 340 M M 1 26 350
7 71 39 55 -7 10 0 T 0.0 0 4.9 14 210 M M 6 19 230
8 81 53 67 4 0 2 1.03 0.0 0 13.6 26 330 M M 6 13 43 320
9 53 45 49 -14 16 0 0.25 0.0 0 10.1 33 40 M M 9 13 42 50
10 64 41 53 -10 12 0 0.00 0.0 0 1.2 12 40 M M 3 12 17 40
11 63 49 56 -8 9 0 T 0.0 0 5.3 18 60 M M 8 26 70
12 65 45 55 -9 10 0 0.00 0.0 0 5.0 17 90 M M 5 22 90
13 69 38 54 -11 11 0 0.00 0.0 0 5.5 15 130 M M 0 1 20 130
14 76 52 64 -1 1 0 0.00 0.0 0 9.7 20 170 M M 6 29 160
15 71 57 64 -1 1 0 0.55 0.0 0 6.7 14 180 M M 7 1 17 190
16 69 58 64 -2 1 0 1.46 0.0 0 6.1 17 120 M M 7 13 23 100
17 73 60 67 1 0 2 0.02 0.0 0 7.4 16 50 M M 10 18 21 40
18 80 64 72 6 0 7 0.47 0.0 0 5.0 15 150 M M 8 1 21 120
19 71 65 68 1 0 3 0.94 0.0 0 6.8 17 160 M M 9 1 23 160
20 72 62 67 0 0 2 0.48 0.0 0 6.7 17 140 M M 10 1 24 150
21 80 68 74 6 0 9 0.01 0.0 0 12.8 22 130 M M 9 1 31 130
22 74 63 69 1 0 4 0.05 0.0 0 8.5 22 160 M M 8 1 28 160
23 77 61 69 1 0 4 0.01 0.0 0 7.1 18 190 M M 6 1 26 160
24 79 66 73 4 0 8 T 0.0 0 8.1 21 180 M M 5 30 170
25 80 67 74 5 0 9 0.00 0.0 0 8.6 23 170 M M 6 35 180
26 88 64 76 7 0 11 0.00 0.0 0 5.8 18 150 M M 1 1 28 160
27 81 57 69 -1 0 4 1.00 0.0 0 8.4 35 110 M M 7 13 49 110
28 61 52 57 -13 8 0 0.01 0.0 0 10.3 18 350 M M 9 1 27 340
29 65 50 58 -12 7 0 0.00 0.0 0 5.8 15 40 M M 7 22 40
30 68 48 58 -13 7 0 T 0.0 0 4.6 14 120 M M 4 19 130
31 65 58 62 -9 3 0 0.60 0.0 0 3.7 10 50 M M 10 1 13 50
================================================================================
SM 2228 1681 127 73 6.93 0.0 232.7 M 186
================================================================================
AV 71.9 54.2 7.5 FASTST M M 6 MAX(MPH)
MISC ----> 35 110 49 110
================================================================================
NOTES:
# LAST OF SEVERAL OCCURRENCES
COLUMN 17 PEAK WIND IN M.P.H.
PRELIMINARY LOCAL CLIMATOLOGICAL DATA (WS FORM: F-6) , PAGE 2
STATION: TOPEKA KS
MONTH: MAY
YEAR: 2021
LATITUDE: 39 4 N
LONGITUDE: 95 38 W
[TEMPERATURE DATA] [PRECIPITATION DATA] SYMBOLS USED IN COLUMN 16
AVERAGE MONTHLY: 63.0 TOTAL FOR MONTH: 6.93 1 = FOG OR MIST
DPTR FM NORMAL: -2.7 DPTR FM NORMAL: 1.76 2 = FOG REDUCING VISIBILITY
HIGHEST: 88 ON 26 GRTST 24HR 1.46 ON 16-16 TO 1/4 MILE OR LESS
LOWEST: 35 ON 5 3 = THUNDER
SNOW, ICE PELLETS, HAIL 4 = ICE PELLETS
TOTAL MONTH: 0.0 INCH 5 = HAIL
GRTST 24HR 0.0 6 = FREEZING RAIN OR DRIZZLE
GRTST DEPTH: 0 7 = DUSTSTORM OR SANDSTORM:
VSBY 1/2 MILE OR LESS
8 = SMOKE OR HAZE
[NO. OF DAYS WITH] [WEATHER - DAYS WITH] 9 = BLOWING SNOW
X = TORNADO
MAX 32 OR BELOW: 0 0.01 INCH OR MORE: 17
MAX 90 OR ABOVE: 0 0.10 INCH OR MORE: 9
MIN 32 OR BELOW: 0 0.50 INCH OR MORE: 6
MIN 0 OR BELOW: 0 1.00 INCH OR MORE: 3
[HDD (BASE 65) ]
TOTAL THIS MO. 127 CLEAR (SCALE 0-3) 6
DPTR FM NORMAL 31 PTCLDY (SCALE 4-7) 17
TOTAL FM JUL 1 4814 CLOUDY (SCALE 8-10) 8
DPTR FM NORMAL -38
[CDD (BASE 65) ]
TOTAL THIS MO. 73
DPTR FM NORMAL -44 [PRESSURE DATA]
TOTAL FM JAN 1 96 HIGHEST SLP M ON M
DPTR FM NORMAL -48 LOWEST SLP 29.42 ON 3
[REMARKS]
#FINAL-05-21#