000
CXUS55 KCYS 022009
CF6TOR
PRELIMINARY LOCAL CLIMATOLOGICAL DATA (WS FORM: F-6)
STATION: TORRINGTON WY AIRPORT
MONTH: FEBRUARY
YEAR: 2021
LATITUDE: 42 3 N
LONGITUDE: 104 9 W
TEMPERATURE IN F: :PCPN: SNOW: WIND :SUNSHINE: SKY :PK WND
================================================================================
1 2 3 4 5 6A 6B 7 8 9 10 11 12 13 14 15 16 17 18
12Z AVG MX 2MIN
DY MAX MIN AVG DEP HDD CDD WTR SNW DPTH SPD SPD DIR MIN PSBL S-S WX SPD DR
================================================================================
1 57 15 36 7 29 0 0.00 M M 5.1 20 250 M M 0 25 250
2 62 22 42 13 23 0 0.00 M M 8.6 25 270 M M 0 35 280
3 64 25 45 16 20 0 T M M 11.2 38 290 M M 3 54 290
4 39 18 29 -1 36 0 0.00 M M 10.0 29 310 M M 3 40 330
5 39 23 31 1 34 0 T M M 8.3 18 270 M M 6 1 32 280
6 27 10 19 -11 46 0 T M M 13.7 23 100 M M 10 1 29 110
7 16 -1 8 -22 57 0 T M M 8.3 21 10 M M 9 18 25 360
8 13 -8 3 -27 62 0 T M M 6.1 14 30 M M 2 1 18 80
9 11 2 7 -23 58 0 T M M 10.7 18 100 M M 9 18 23 110
10 10 4 7 -23 58 0 T M M 13.8 24 90 M M 10 18 32 100
11 9 -7 1 -29 64 0 T M M 12.1 20 10 M M 9 18 24 40
12 -4 -8 -6 -36 71 0 T M M 7.2 15 110 M M 10 18 19 110
13 -1 -7 -4 -35 69 0 T M M 5.3 12 90 M M 10 18 14 90
14 -3 -18 -10 -41 75 0 T M M 8.5 13 120 M M 4 18 16 140
15 7 -16 -4 -35 69 0 0.00 M M 7.7 16 110 M M 5 19 110
16 18 -6 6 -25 59 0 0.00 M M 2.6 10 100 M M 5 14 130
17 29 0 15 -16 50 0 0.00 M M 4.6 12 310 M M 4 128 14 320
18 22 -4 9 -23 56 0 T M M 3.2 12 80 M M 6 12 13 70
19 39 -9 15 -17 50 0 0.00 M M 8.2 25 290 M M 3 12 36 280
20 41 11 26 -6 39 0 0.00 M M 6.0 17 310 M M 3 25 310
21 38 22 30 -2 35 0 T M M 14.5 24 280 M M 2 1 38 280
22 48 33 41 9 24 0 0.00 M M 22.6 39 280 M M 0 56 280
23 54 23 39 6 26 0 T M M 16.6 36 260 M M 3 1 54 240
24 37 18 28 -5 37 0 0.00 M M 6.8 16 360 M M 3 22 360
25 42 19 31 -2 34 0 0.00 M M 9.5 23 220 M M 2 32 190
26 45 28 37 4 28 0 0.00 M M 19.6 35 260 M M 0 50 260
27 41 25 33 -1 32 0 T M M 14.1 26 280 M M 5 18 40 260
28 40 19 30 -4 35 0 0.00 M M 13.4 26 270 M M 1 37 250
================================================================================
SM 840 233 1276 0 T M 278.3 M 127
================================================================================
AV 30.0 8.3 9.9 FASTST M M 5 MAX(MPH)
MISC ----> 39 280 56 280
================================================================================
NOTES:
# LAST OF SEVERAL OCCURRENCES
COLUMN 17 PEAK WIND IN M.P.H.
PRELIMINARY LOCAL CLIMATOLOGICAL DATA (WS FORM: F-6) , PAGE 2
STATION: TORRINGTON WY AIRPORT
MONTH: FEBRUARY
YEAR: 2021
LATITUDE: 42 3 N
LONGITUDE: 104 9 W
[TEMPERATURE DATA] [PRECIPITATION DATA] SYMBOLS USED IN COLUMN 16
AVERAGE MONTHLY: 19.2 TOTAL FOR MONTH: T 1 = FOG OR MIST
DPTR FM NORMAL: -11.9 DPTR FM NORMAL: -0.34 2 = FOG REDUCING VISIBILITY
HIGHEST: 64 ON 3 GRTST 24HR T ON 3- 3 TO 1/4 MILE OR LESS
LOWEST: -18 ON 14 3 = THUNDER
SNOW, ICE PELLETS, HAIL 4 = ICE PELLETS
TOTAL MONTH: M 5 = HAIL
GRTST 24HR M ON M 6 = FREEZING RAIN OR DRIZZLE
GRTST DEPTH: M ON M 7 = DUSTSTORM OR SANDSTORM:
VSBY 1/2 MILE OR LESS
8 = SMOKE OR HAZE
[NO. OF DAYS WITH] [WEATHER - DAYS WITH] 9 = BLOWING SNOW
X = TORNADO
MAX 32 OR BELOW: 13 0.01 INCH OR MORE: 0
MAX 90 OR ABOVE: 0 0.10 INCH OR MORE: 0
MIN 32 OR BELOW: 27 0.50 INCH OR MORE: 0
MIN 0 OR BELOW: 11 1.00 INCH OR MORE: 0
[HDD (BASE 65) ]
TOTAL THIS MO. 1276 CLEAR (SCALE 0-3) 11
DPTR FM NORMAL 327 PTCLDY (SCALE 4-7) 10
TOTAL FM JUL 1 4903 CLOUDY (SCALE 8-10) 7
DPTR FM NORMAL 59
[CDD (BASE 65) ]
TOTAL THIS MO. 0
DPTR FM NORMAL 0 [PRESSURE DATA]
TOTAL FM JAN 1 0 HIGHEST SLP 30.60 ON 14
DPTR FM NORMAL 0 LOWEST SLP 29.51 ON 3
[REMARKS]
#FINAL-02-21#