000
CXUS56 KLKN 020443
CF6TPH
PRELIMINARY LOCAL CLIMATOLOGICAL DATA (WS FORM: F-6)
STATION: TONOPAH AIRPORT NV
MONTH: DECEMBER
YEAR: 2022
LATITUDE: 38 3 N
LONGITUDE: 117 5 W
TEMPERATURE IN F: :PCPN: SNOW: WIND :SUNSHINE: SKY :PK WND
================================================================================
1 2 3 4 5 6A 6B 7 8 9 10 11 12 13 14 15 16 17 18
12Z AVG MX 2MIN
DY MAX MIN AVG DEP HDD CDD WTR SNW DPTH SPD SPD DIR MIN PSBL S-S WX SPD DR
================================================================================
1 46 21 34 -1 31 0 0.01 M M 12.2 29 180 M M 2 1 38 180
2 42 19 31 -3 34 0 T M M 8.1 25 30 M M 4 1 39 20
3 42 32 37 3 28 0 0.03 M M 8.0 16 130 M M 9 1 21 140
4 50 34 42 8 23 0 0.00 M M 11.1 25 190 M M 7 34 190
5 48 27 38 4 27 0 T M M 3.4 9 360 M M 5 13 300
6 44 22 33 0 32 0 0.03 M M 6.0 18 70 M M 5 1 24 60
7 38 19 29 -4 36 0 0.11 M M 5.9 14 360 M M 6 12 17 10
8 36 11 24 -9 41 0 0.00 M M 4.5 12 110 M M 1 13 110
9 38 18 28 -5 37 0 0.00 M M 4.6 14 320 M M 1 18 330
10 44 22 33 0 32 0 0.00 M M 14.1 32 170 M M 2 46 170
11 38 12 25 -7 40 0 0.19 M M 14.0 36 180 M M 6 123 47 180
12 31 9 20 -12 45 0 T M M 10.1 21 340 M M 3 29 340
13 32 16 24 -8 41 0 T M M 12.3 30 320 M M 1 43 320
14 36 10 23 -9 42 0 0.00 M M 8.0 16 360 M M 1 19 360
15 35 15 25 -7 40 0 0.00 M M 11.9 23 350 M M 1 33 330
16 32 8 20 -12 45 0 0.00 M M 6.8 17 360 M M 0 21 20
17 32 4 18 -14 47 0 0.00 M M 6.5 14 360 M M 0 17 350
18 30 6 18 -14 47 0 0.00 M M 6.6 15 350 M M 0 19 10
19 35 7 21 -11 44 0 0.00 M M 6.3 14 360 M M 0 16 360
20 42 22 32 0 33 0 0.00 M M 5.4 13 330 M M 5 17 350
21 45 17 31 -1 34 0 0.00 M M 6.7 20 330 M M 0 26 330
22 38 23 31 -1 34 0 0.00 M M 5.3 17 330 M M 1 24 330
23 47 26 37 5 28 0 0.00 M M 5.9 14 360 M M 2 16 360
24 48 24 36 4 29 0 0.00 M M 5.6 15 360 M M 0 18 10
25 52 26 39 7 26 0 0.00 M M 5.7 14 20 M M 0 16 10
26 49 30 40 8 25 0 0.00 M M 4.2 14 40 M M 0 17 40
27 45 31 38 6 27 0 0.00 M M 4.8 12 90 M M 6 15 120
28 40 21 31 -1 34 0 0.00 M M 10.9 28 320 M M 0 35 320
29 34 20 27 -5 38 0 0.05 M M 4.6 10 360 M M 8 12 13 10
30 41 27 34 2 31 0 0.00 M M 5.8 15 160 M M 8 20 160
31 44 38 41 9 24 0 0.01 M M 11.4 21 180 M M 10 12 28 170
================================================================================
SM 1254 617 1075 0 0.43 M 236.7 M 94
================================================================================
AV 40.5 19.9 7.6 FASTST M M 3 MAX(MPH)
MISC ----> 36 180 47 180
================================================================================
NOTES:
# LAST OF SEVERAL OCCURRENCES
COLUMN 17 PEAK WIND IN M.P.H.
PRELIMINARY LOCAL CLIMATOLOGICAL DATA (WS FORM: F-6) , PAGE 2
STATION: TONOPAH AIRPORT NV
MONTH: DECEMBER
YEAR: 2022
LATITUDE: 38 3 N
LONGITUDE: 117 5 W
[TEMPERATURE DATA] [PRECIPITATION DATA] SYMBOLS USED IN COLUMN 16
AVERAGE MONTHLY: 30.2 TOTAL FOR MONTH: 0.43 1 = FOG OR MIST
DPTR FM NORMAL: -2.3 DPTR FM NORMAL: 0.17 2 = FOG REDUCING VISIBILITY
HIGHEST: 52 ON 25 GRTST 24HR 0.19 ON 11-11 TO 1/4 MILE OR LESS
LOWEST: 4 ON 17 3 = THUNDER
SNOW, ICE PELLETS, HAIL 4 = ICE PELLETS
TOTAL MONTH: M 5 = HAIL
GRTST 24HR M ON M 6 = FREEZING RAIN OR DRIZZLE
GRTST DEPTH: M ON M 7 = DUSTSTORM OR SANDSTORM:
VSBY 1/2 MILE OR LESS
8 = SMOKE OR HAZE
[NO. OF DAYS WITH] [WEATHER - DAYS WITH] 9 = BLOWING SNOW
X = TORNADO
MAX 32 OR BELOW: 5 0.01 INCH OR MORE: 7
MAX 90 OR ABOVE: 0 0.10 INCH OR MORE: 2
MIN 32 OR BELOW: 29 0.50 INCH OR MORE: 0
MIN 0 OR BELOW: 0 1.00 INCH OR MORE: 0
[HDD (BASE 65) ]
TOTAL THIS MO. 1075 CLEAR (SCALE 0-3) 19
DPTR FM NORMAL 68 PTCLDY (SCALE 4-7) 10
TOTAL FM JUL 1 2238 CLOUDY (SCALE 8-10) 2
DPTR FM NORMAL 80
[CDD (BASE 65) ]
TOTAL THIS MO. 0
DPTR FM NORMAL 0 [PRESSURE DATA]
TOTAL FM JAN 1 1177 HIGHEST SLP 30.57 ON 24
DPTR FM NORMAL 283 LOWEST SLP 29.53 ON 31
[REMARKS]
#FINAL-12-22#