000
CXUS54 KFWD 010732
CF6TPL
PRELIMINARY LOCAL CLIMATOLOGICAL DATA (WS FORM: F-6)
STATION: TEMPLE
MONTH: JULY
YEAR: 2021
LATITUDE: 31 8 N
LONGITUDE: 97 25 W
TEMPERATURE IN F: :PCPN: SNOW: WIND :SUNSHINE: SKY :PK WND
================================================================================
1 2 3 4 5 6A 6B 7 8 9 10 11 12 13 14 15 16 17 18
12Z AVG MX 2MIN
DY MAX MIN AVG DEP HDD CDD WTR SNW DPTH SPD SPD DIR MIN PSBL S-S WX SPD DR
================================================================================
1 94 71 83 2 0 18 0.00 M M 5.0 9 120 M M 2 M M
2 96 75 86 5 0 21 T M M 5.7 16 360 M M 2 29 360
3 84 73 79 -2 0 14 0.04 M M 3.8 13 10 M M 6 M M
4 83 74 79 -2 0 14 0.01 M M 5.6 15 90 M M 7 M M
5 89 71 80 -2 0 15 1.23 M M 5.0 21 160 M M 7 13 25 110
6 88 71 80 -2 0 15 0.13 M M 7.0 14 80 M M 7 13 25 60
7 89 71 80 -2 0 15 0.00 M M 4.8 10 110 M M 4 12 M M
8 90 70 80 -2 0 15 0.02 M M 8.1 16 120 M M 4 1 16 110
9 83 73 78 -4 0 13 0.75 M M 10.5 20 130 M M 9 1 22 130
10 92 74 83 1 0 18 0.62 M M 10.9 20 190 M M 5 13 23 210
11 93 74 84 2 0 19 0.12 M M 5.3 10 170 M M 3 3 M M
12 82 69 76 -6 0 11 1.08 M M 5.6 23 300 M M 3 13 29 310
13 91 68 80 -2 0 15 0.00 M M 6.7 15 140 M M 2 44 190
14 92 68 80 -2 0 15 T M M 8.7 18 160 M M 4 3 39 150
15 92 73 83 0 0 18 M M M 11.9 18 160 M M 5 23 180
16 92 74 83 0 0 18 M M M 12.9 20 200 M M 3 25 200
17 93 73 83 0 0 18 M M M 11.7 18 170 M M 1 24 170
18 93 72 83 0 0 18 M M M 8.6 13 170 M M 2 16 190
19 91 70 81 -2 0 16 0.18 M M 7.2 24 280 M M 4 13 31 280
20 88 69 79 -4 0 14 M M M 6.5 21 350 M M 6 12 28 350
21 88 70 79 -4 0 14 0.00 M M 6.8 13 70 M M 1 M M
22 93 70 82 -1 0 17 0.00 M M 8.0 18 170 M M 1 24 170
23 94 73 84 1 0 19 0.00 M M 12.8 21 180 M M 4 30 180
24 97 76 87 4 0 22 0.00 M M 11.7 15 190 M M 2 21 200
25 97 71 84 0 0 19 0.00 M M 9.1 15 160 M M 0 18 160
26 98 69 84 0 0 19 0.00 M M 6.2 10 200 M M 0 M M
27 97 73 85 1 0 20 0.00 M M 6.8 10 170 M M 0 M M
28 97 77 87 3 0 22 0.00 M M 5.2 8 50 M M 1 M M
29 95 73 84 0 0 19 0.09 M M 4.7 21 340 M M 1 3 25 340
30 95 73 84 0 0 19 T M M 4.3 9 140 M M 1 M M
31 97 74 86 2 0 21 0.00 M M 7.0 12 150 M M 1 8 M M
================================================================================
SM 2843 2232 0 531 4.27 M 234.1 M 98
================================================================================
AV 91.7 72.0 7.6 FASTST M M 3 MAX(MPH)
MISC ----> 24 280 44 190
================================================================================
NOTES:
# LAST OF SEVERAL OCCURRENCES
COLUMN 17 PEAK WIND IN M.P.H.
PRELIMINARY LOCAL CLIMATOLOGICAL DATA (WS FORM: F-6) , PAGE 2
STATION: TEMPLE
MONTH: JULY
YEAR: 2021
LATITUDE: 31 8 N
LONGITUDE: 97 25 W
[TEMPERATURE DATA] [PRECIPITATION DATA] SYMBOLS USED IN COLUMN 16
AVERAGE MONTHLY: 81.9 TOTAL FOR MONTH: 4.27 1 = FOG OR MIST
DPTR FM NORMAL: -0.7 DPTR FM NORMAL: 2.21 2 = FOG REDUCING VISIBILITY
HIGHEST: 98 ON 26 GRTST 24HR 1.23 ON 5- 5 TO 1/4 MILE OR LESS
LOWEST: 68 ON 14,13 3 = THUNDER
SNOW, ICE PELLETS, HAIL 4 = ICE PELLETS
TOTAL MONTH: M 5 = HAIL
GRTST 24HR M ON M 6 = FREEZING RAIN OR DRIZZLE
GRTST DEPTH: M ON M 7 = DUSTSTORM OR SANDSTORM:
VSBY 1/2 MILE OR LESS
8 = SMOKE OR HAZE
[NO. OF DAYS WITH] [WEATHER - DAYS WITH] 9 = BLOWING SNOW
X = TORNADO
MAX 32 OR BELOW: 0 0.01 INCH OR MORE: 11
MAX 90 OR ABOVE: 22 0.10 INCH OR MORE: 7
MIN 32 OR BELOW: 0 0.50 INCH OR MORE: 4
MIN 0 OR BELOW: 0 1.00 INCH OR MORE: 2
[HDD (BASE 65) ]
TOTAL THIS MO. 0 CLEAR (SCALE 0-3) 18
DPTR FM NORMAL 0 PTCLDY (SCALE 4-7) 12
TOTAL FM JUL 1 0 CLOUDY (SCALE 8-10) 1
DPTR FM NORMAL 0
[CDD (BASE 65) ]
TOTAL THIS MO. 531
DPTR FM NORMAL -16 [PRESSURE DATA]
TOTAL FM JAN 1 1356 HIGHEST SLP M ON M
DPTR FM NORMAL -27 LOWEST SLP M ON M
[REMARKS]
#FINAL-07-21#