000
CXUS54 KFWD 010731
CF6TPL
PRELIMINARY LOCAL CLIMATOLOGICAL DATA (WS FORM: F-6)
STATION: TEMPLE
MONTH: JULY
YEAR: 2020
LATITUDE: 31 8 N
LONGITUDE: 97 25 W
TEMPERATURE IN F: :PCPN: SNOW: WIND :SUNSHINE: SKY :PK WND
================================================================================
1 2 3 4 5 6A 6B 7 8 9 10 11 12 13 14 15 16 17 18
12Z AVG MX 2MIN
DY MAX MIN AVG DEP HDD CDD WTR SNW DPTH SPD SPD DIR MIN PSBL S-S WX SPD DR
================================================================================
1 95 78 87 6 0 22 0.00 0.0 0 15.4 20 170 M M 5 25 160
2 99 79 89 8 0 24 0.00 0.0 0 12.2 17 160 M M 3 21 150
3 101 73 87 6 0 22 0.00 0.0 0 9.4 16 180 M M 0 M M
4 101 71 86 5 0 21 0.00 0.0 0 7.7 12 150 M M 0 16 220
5 98 75 87 5 0 22 0.00 0.0 0 7.9 13 140 M M 0 16 190
6 97 77 87 5 0 22 0.00 0.0 0 8.5 18 180 M M 3 22 170
7 91 73 82 0 0 17 0.22 0.0 0 9.0 14 20 M M 4 13 21 20
8 98 76 87 5 0 22 0.00 0.0 0 12.9 20 160 M M 2 28 170
9 99 78 89 7 0 24 0.00 0.0 0 16.2 23 180 M M 3 31 180
10 100 75 88 6 0 23 0.00 0.0 0 11.5 18 170 M M 2 22 160
11 102 76 89 7 0 24 0.00 0.0 0 10.5 16 170 M M 0 16 160
12 105 78 92 10 0 27 0.00 0.0 0 10.1 20 190 M M 1 27 190
13 106 77 92 10 0 27 0.00 0.0 0 11.8 18 150 M M 0 8 25 150
14 105 75 90 8 0 25 0.00 0.0 0 16.9 24 160 M M 0 31 150
15 100 77 89 6 0 24 0.00 0.0 0 14.8 20 170 M M 1 27 170
16 101 76 89 6 0 24 0.00 0.0 0 11.0 17 170 M M 0 23 140
17 99 76 88 5 0 23 0.00 0.0 0 10.4 16 140 M M 1 20 110
18 97 74 86 3 0 21 0.00 0.0 0 10.2 15 110 M M 3 21 110
19 98 75 87 4 0 22 0.00 0.0 0 8.7 14 170 M M 3 M M
20 98 73 86 3 0 21 0.00 0.0 0 8.3 15 110 M M 1 17 80
21 93 74 84 1 0 19 0.00 0.0 0 8.0 12 110 M M 5 8 17 99
22 98 78 88 5 0 23 0.00 0.0 0 9.7 17 90 M M 6 M M
23 100 75 88 5 0 23 0.00 0.0 0 8.8 14 80 M M 3 16 120
24 97 72 85 2 0 20 0.00 0.0 0 10.9 20 50 M M 3 25 50
25 92 74 83 -1 0 18 0.15 0.0 0 10.0 22 140 M M 5 1 22 70
26 93 73 83 -1 0 18 0.28 0.0 0 7.0 13 130 M M 4 138 16 99
27 95 73 84 0 0 19 T 0.0 0 6.3 12 170 M M 5 1 M M
28 94 73 84 0 0 19 0.00 0.0 0 8.8 16 340 M M 2 20 340
29 99 74 87 3 0 22 0.00 0.0 0 14.0 24 170 M M 1 43 160
30 100 75 88 4 0 23 0.00 0.0 0 15.6 22 170 M M 2 29 170
31 98 77 88 4 0 23 0.03 0.0 0 8.7 16 170 M M 4 3 M M
================================================================================
SM 3049 2330 0 684 0.68 0.0 331.2 M 72
================================================================================
AV 98.4 75.2 10.7 FASTST M M 2 MAX(MPH)
MISC ----> # 24 160 # 43 160
================================================================================
NOTES:
# LAST OF SEVERAL OCCURRENCES
COLUMN 17 PEAK WIND IN M.P.H.
PRELIMINARY LOCAL CLIMATOLOGICAL DATA (WS FORM: F-6) , PAGE 2
STATION: TEMPLE
MONTH: JULY
YEAR: 2020
LATITUDE: 31 8 N
LONGITUDE: 97 25 W
[TEMPERATURE DATA] [PRECIPITATION DATA] SYMBOLS USED IN COLUMN 16
AVERAGE MONTHLY: 86.8 TOTAL FOR MONTH: 0.68 1 = FOG OR MIST
DPTR FM NORMAL: 4.2 DPTR FM NORMAL: -1.38 2 = FOG REDUCING VISIBILITY
HIGHEST: 106 ON 13 GRTST 24HR 0.28 ON 26-26 TO 1/4 MILE OR LESS
LOWEST: 71 ON 4 3 = THUNDER
SNOW, ICE PELLETS, HAIL 4 = ICE PELLETS
TOTAL MONTH: 0.0 INCH 5 = HAIL
GRTST 24HR 0.0 6 = FREEZING RAIN OR DRIZZLE
GRTST DEPTH: 0 7 = DUSTSTORM OR SANDSTORM:
VSBY 1/2 MILE OR LESS
8 = SMOKE OR HAZE
[NO. OF DAYS WITH] [WEATHER - DAYS WITH] 9 = BLOWING SNOW
X = TORNADO
MAX 32 OR BELOW: 0 0.01 INCH OR MORE: 4
MAX 90 OR ABOVE: 31 0.10 INCH OR MORE: 3
MIN 32 OR BELOW: 0 0.50 INCH OR MORE: 0
MIN 0 OR BELOW: 0 1.00 INCH OR MORE: 0
[HDD (BASE 65) ]
TOTAL THIS MO. 0 CLEAR (SCALE 0-3) 22
DPTR FM NORMAL 0 PTCLDY (SCALE 4-7) 9
TOTAL FM JUL 1 0 CLOUDY (SCALE 8-10) 0
DPTR FM NORMAL 0
[CDD (BASE 65) ]
TOTAL THIS MO. 684
DPTR FM NORMAL 137 [PRESSURE DATA]
TOTAL FM JAN 1 1639 HIGHEST SLP M ON M
DPTR FM NORMAL 256 LOWEST SLP M ON M
[REMARKS]
#FINAL-07-20#