000
CXUS53 KOAX 010930
CF6TQE
PRELIMINARY LOCAL CLIMATOLOGICAL DATA (WS FORM: F-6)
STATION: TEKAMAH NE
MONTH: OCTOBER
YEAR: 2022
LATITUDE: 41 46 N
LONGITUDE: 96 11 W
TEMPERATURE IN F: :PCPN: SNOW: WIND :SUNSHINE: SKY :PK WND
================================================================================
1 2 3 4 5 6A 6B 7 8 9 10 11 12 13 14 15 16 17 18
12Z AVG MX 2MIN
DY MAX MIN AVG DEP HDD CDD WTR SNW DPTH SPD SPD DIR MIN PSBL S-S WX SPD DR
================================================================================
1 80 49 65 6 0 0 0.00 M M 10.1 23 160 M M 0 8 29 170
2 80 52 66 7 0 1 0.00 M M 9.2 20 150 M M 0 27 140
3 83 43 63 5 2 0 0.00 M M 9.3 22 160 M M 0 32 170
4 83 47 65 7 0 0 T M M 5.4 16 230 M M 2 22 230
5 77 48 63 6 2 0 0.00 M M 7.5 17 330 M M 3 18 24 290
6 66 46 56 -1 9 0 0.00 M M 11.5 26 340 M M 2 1 35 340
7 58 25 42 -14 23 0 0.00 M M 6.8 15 360 M M 2 8 22 360
8 68 22 45 -11 20 0 0.00 M M 6.0 20 240 M M 1 18 35 230
9 80 29 55 0 10 0 0.00 M M 6.3 20 310 M M 0 8 27 280
10 82 32 57 2 8 0 0.00 M M 6.1 21 190 M M 0 8 26 200
11 85 46 66 12 0 1 0.04 M M 18.0 31 190 M M 1 40 180
12 68 44 56 2 9 0 0.06 M M 15.8 36 310 M M 3 49 300
13 59 33 46 -7 19 0 0.00 M M 15.7 35 310 M M 0 46 310
14 63 24 44 -9 21 0 T M M 13.6 35 300 M M 2 48 310
15 74 20 47 -5 18 0 0.00 M M 11.8 26 300 M M 1 37 300
16 57 34 46 -6 19 0 0.00 M M 14.1 29 320 M M 2 37 320
17 48 21 35 -16 30 0 0.00 M M 13.7 25 320 M M 0 32 320
18 45 13 29 -22 36 0 0.00 M M 7.6 18 350 M M 0 8 24 350
19 61 12 37 -13 28 0 0.00 M M 3.2 9 290 M M 0 8 14 270
20 74 29 52 2 13 0 0.00 M M 6.8 14 340 M M 0 8 17 320
21 80 36 58 9 7 0 0.00 M M 4.9 13 330 M M 0 8 17 200
22 82 32 57 8 8 0 0.00 M M 10.1 21 160 M M 0 8 27 160
23 89 56 73 25 0 8 0.00 M M 23.6 40 170 M M 2 52 170
24 77 27 52 4 13 0 0.04 M M 9.5 33 180 M M 4 44 180
25 63 28 46 -2 19 0 0.00 M M 10.7 28 340 M M 0 36 340
26 60 25 43 -4 22 0 T M M 6.8 14 190 M M 3 8 17 150
27 60 40 50 4 15 0 T M M 10.0 21 120 M M 9 27 130
28 67 28 48 2 17 0 0.00 M M 5.1 14 210 M M 0 8 18 170
29 72 28 50 4 15 0 0.00 M M 6.3 15 180 M M 0 8 22 210
30 67 36 52 7 13 0 0.00 M M 6.6 15 360 M M 0 23 30
31 74 26 50 5 15 0 0.00 M M 6.9 15 200 M M 0 19 200
================================================================================
SM 2182 1031 411 10 0.14 M 299.0 M 37
================================================================================
AV 70.4 33.3 9.6 FASTST M M 1 MAX(MPH)
MISC ----> 40 170 52 170
================================================================================
NOTES:
# LAST OF SEVERAL OCCURRENCES
COLUMN 17 PEAK WIND IN M.P.H.
PRELIMINARY LOCAL CLIMATOLOGICAL DATA (WS FORM: F-6) , PAGE 2
STATION: TEKAMAH NE
MONTH: OCTOBER
YEAR: 2022
LATITUDE: 41 46 N
LONGITUDE: 96 11 W
[TEMPERATURE DATA] [PRECIPITATION DATA] SYMBOLS USED IN COLUMN 16
AVERAGE MONTHLY: 51.8 TOTAL FOR MONTH: 0.14 1 = FOG OR MIST
DPTR FM NORMAL: 0.0 DPTR FM NORMAL: -1.87 2 = FOG REDUCING VISIBILITY
HIGHEST: 89 ON 23 GRTST 24HR 0.10 ON 11-12 TO 1/4 MILE OR LESS
LOWEST: 12 ON 19 3 = THUNDER
SNOW, ICE PELLETS, HAIL 4 = ICE PELLETS
TOTAL MONTH: M 5 = HAIL
GRTST 24HR M ON M 6 = FREEZING RAIN OR DRIZZLE
GRTST DEPTH: M ON M 7 = DUSTSTORM OR SANDSTORM:
VSBY 1/2 MILE OR LESS
8 = SMOKE OR HAZE
[NO. OF DAYS WITH] [WEATHER - DAYS WITH] 9 = BLOWING SNOW
X = TORNADO
MAX 32 OR BELOW: 0 0.01 INCH OR MORE: 3
MAX 90 OR ABOVE: 0 0.10 INCH OR MORE: 0
MIN 32 OR BELOW: 17 0.50 INCH OR MORE: 0
MIN 0 OR BELOW: 0 1.00 INCH OR MORE: 0
[HDD (BASE 65) ]
TOTAL THIS MO. 411 CLEAR (SCALE 0-3) 29
DPTR FM NORMAL -10 PTCLDY (SCALE 4-7) 1
TOTAL FM JUL 1 474 CLOUDY (SCALE 8-10) 1
DPTR FM NORMAL -57
[CDD (BASE 65) ]
TOTAL THIS MO. 10
DPTR FM NORMAL -4 [PRESSURE DATA]
TOTAL FM JAN 1 1301 HIGHEST SLP 30.57 ON 7
DPTR FM NORMAL 287 LOWEST SLP 29.26 ON 23
[REMARKS]
#FINAL-10-22#