000
CXUS54 KFWD 010733
CF6TRL
PRELIMINARY LOCAL CLIMATOLOGICAL DATA (WS FORM: F-6)
STATION: TERRELL
MONTH: AUGUST
YEAR: 2021
LATITUDE: 32 42 N
LONGITUDE: 96 16 W
TEMPERATURE IN F: :PCPN: SNOW: WIND :SUNSHINE: SKY :PK WND
================================================================================
1 2 3 4 5 6A 6B 7 8 9 10 11 12 13 14 15 16 17 18
12Z AVG MX 2MIN
DY MAX MIN AVG DEP HDD CDD WTR SNW DPTH SPD SPD DIR MIN PSBL S-S WX SPD DR
================================================================================
1 96 76 86 0 0 21 0.20 M M 4.5 17 290 M M 2 13 22 290
2 84 73 79 -7 0 14 2.45 M M 4.0 24 30 M M 7 1238 33 30
3 88 75 82 -4 0 17 M M M 4.7 12 70 M M 1 18 17 20
4 88 71 80 -6 0 15 0.00 M M 4.8 10 110 M M 1 18 17 100
5 88 69 79 -7 0 14 0.00 M M 5.5 14 150 M M 0 1 18 150
6 90 70 80 -6 0 15 0.00 M M 5.9 15 170 M M 2 18 20 120
7 92 73 83 -3 0 18 0.00 M M 10.0 16 150 M M 3 24 140
8 93 76 85 -1 0 20 0.00 M M 11.5 22 180 M M 2 30 170
9 94 77 86 0 0 21 0.00 M M 13.7 23 180 M M 3 32 200
10 94 77 86 0 0 21 0.00 M M 11.0 21 150 M M 2 28 170
11 95 76 86 0 0 21 0.00 M M 10.8 20 180 M M 2 29 170
12 95 77 86 0 0 21 0.00 M M 8.2 15 160 M M 1 22 170
13 94 76 85 -1 0 20 0.00 M M 5.2 12 190 M M 0 18 170
14 89 72 81 -5 0 16 0.04 M M 3.5 18 320 M M 2 13 25 320
15 89 72 81 -5 0 16 T M M 2.2 8 160 M M 5 1 14 170
16 93 73 83 -3 0 18 0.00 M M 4.6 14 70 M M 3 1 19 60
17 91 70 81 -4 0 16 1.37 M M 6.4 18 330 M M 2 138 30 330
18 83 72 78 -7 0 13 1.03 M M 7.1 24 180 M M 7 13 30 170
19 92 74 83 -2 0 18 0.00 M M 10.1 18 200 M M 5 1 26 190
20 93 76 85 0 0 20 0.00 M M 10.4 20 210 M M 2 27 200
21 94 74 84 -1 0 19 0.00 M M 7.1 17 200 M M 1 23 210
22 94 75 85 0 0 20 0.00 M M 6.4 14 160 M M 0 18 230
23 95 73 84 0 0 19 0.00 M M 4.8 12 170 M M 0 16 140
24 95 72 84 0 0 19 0.00 M M 5.0 14 150 M M 0 23 170
25 96 73 85 1 0 20 0.00 M M 2.4 10 170 M M 0 16 120
26 96 77 87 3 0 22 0.00 M M 5.3 13 100 M M 1 20 100
27 92 74 83 -1 0 18 0.00 M M 6.3 15 120 M M 1 21 130
28 91 72 82 -1 0 17 0.00 M M 6.6 18 110 M M 2 27 110
29 91 73 82 -1 0 17 T M M 3.8 14 50 M M 4 18 50
30 95 73 84 1 0 19 0.00 M M 4.0 12 30 M M 1 18 30
31 97 73 85 2 0 20 0.00 M M 3.4 10 250 M M 1 8 15 220
================================================================================
SM 2857 2284 0 565 5.09 M 199.2 M 63
================================================================================
AV 92.2 73.7 6.4 FASTST M M 2 MAX(MPH)
MISC ----> # 24 30 33 30
================================================================================
NOTES:
# LAST OF SEVERAL OCCURRENCES
COLUMN 17 PEAK WIND IN M.P.H.
PRELIMINARY LOCAL CLIMATOLOGICAL DATA (WS FORM: F-6) , PAGE 2
STATION: TERRELL
MONTH: AUGUST
YEAR: 2021
LATITUDE: 32 42 N
LONGITUDE: 96 16 W
[TEMPERATURE DATA] [PRECIPITATION DATA] SYMBOLS USED IN COLUMN 16
AVERAGE MONTHLY: 82.9 TOTAL FOR MONTH: 5.09 1 = FOG OR MIST
DPTR FM NORMAL: -2.3 DPTR FM NORMAL: 2.79 2 = FOG REDUCING VISIBILITY
HIGHEST: 97 ON 31 GRTST 24HR 2.51 ON 1- 2 TO 1/4 MILE OR LESS
LOWEST: 69 ON 5 3 = THUNDER
SNOW, ICE PELLETS, HAIL 4 = ICE PELLETS
TOTAL MONTH: M 5 = HAIL
GRTST 24HR M ON M 6 = FREEZING RAIN OR DRIZZLE
GRTST DEPTH: M ON M 7 = DUSTSTORM OR SANDSTORM:
VSBY 1/2 MILE OR LESS
8 = SMOKE OR HAZE
[NO. OF DAYS WITH] [WEATHER - DAYS WITH] 9 = BLOWING SNOW
X = TORNADO
MAX 32 OR BELOW: 0 0.01 INCH OR MORE: 5
MAX 90 OR ABOVE: 24 0.10 INCH OR MORE: 4
MIN 32 OR BELOW: 0 0.50 INCH OR MORE: 3
MIN 0 OR BELOW: 0 1.00 INCH OR MORE: 3
[HDD (BASE 65) ]
TOTAL THIS MO. 0 CLEAR (SCALE 0-3) 25
DPTR FM NORMAL 0 PTCLDY (SCALE 4-7) 6
TOTAL FM JUL 1 0 CLOUDY (SCALE 8-10) 0
DPTR FM NORMAL 0
[CDD (BASE 65) ]
TOTAL THIS MO. 565
DPTR FM NORMAL -59 [PRESSURE DATA]
TOTAL FM JAN 1 1774 HIGHEST SLP M ON M
DPTR FM NORMAL -381 LOWEST SLP 29.69 ON 31
[REMARKS]
#FINAL-08-21#