000
CXUS56 KPQR 011155
CF6TTD
PRELIMINARY LOCAL CLIMATOLOGICAL DATA (WS FORM: F-6)
STATION: TROUTDALE OR
MONTH: APRIL
YEAR: 2022
LATITUDE: 45 33 N
LONGITUDE: 122 25 W
TEMPERATURE IN F: :PCPN: SNOW: WIND :SUNSHINE: SKY :PK WND
================================================================================
1 2 3 4 5 6A 6B 7 8 9 10 11 12 13 14 15 16 17 18
12Z AVG MX 2MIN
DY MAX MIN AVG DEP HDD CDD WTR SNW DPTH SPD SPD DIR MIN PSBL S-S WX SPD DR
================================================================================
1 62 39 51 1 14 0 0.11 M M 2.9 10 320 M M 6 1 13 310
2 61 41 51 1 14 0 0.04 M M 3.3 8 240 M M 6 1 10 200
3 58 42 50 0 15 0 0.16 M M 7.0 20 180 M M 8 26 180
4 55 42 49 -1 16 0 0.31 M M 12.8 32 250 M M 8 1 42 250
5 56 38 47 -4 18 0 0.01 M M 4.5 15 310 M M 5 20 320
6 63 34 49 -2 16 0 0.00 M M 13.7 24 100 M M 0 30 90
7 71 52 62 11 3 0 0.00 M M 18.9 28 90 M M 0 8 35 80
8 62 45 54 3 11 0 0.17 M M 7.1 18 250 M M 8 18 27 260
9 54 43 49 -2 16 0 0.07 M M 7.1 24 210 M M 9 33 210
10 48 38 43 -8 22 0 0.46 M M 8.1 20 80 M M 10 18 26 240
11 48 34 41 -10 24 0 0.98 M M 7.8 22 90 M M 9 1 28 90
12 47 35 41 -11 24 0 0.46 M M 7.5 21 200 M M 9 138 25 290
13 48 37 43 -9 22 0 0.79 M M 5.0 15 90 M M 10 138 18 210
14 51 35 43 -9 22 0 0.22 M M 3.9 14 220 M M 9 125 18 240
15 55 33 44 -8 21 0 T M M 2.7 10 90 M M 6 14 90
16 52 38 45 -7 20 0 0.20 M M 4.8 20 200 M M 9 38 25 210
17 57 36 47 -5 18 0 0.00 M M 9.9 21 90 M M 6 12 26 100
18 53 45 49 -4 16 0 0.33 M M 10.5 22 70 M M 9 1 27 80
19 50 43 47 -6 18 0 0.22 M M 3.5 10 210 M M 9 1 14 220
20 50 44 47 -6 18 0 0.21 M M 13.0 22 80 M M 6 30 80
21 61 39 50 -3 15 0 0.15 M M 5.8 21 240 M M 6 8 27 240
22 64 39 52 -2 13 0 T M M 2.8 14 260 M M 7 17 270
23 66 40 53 -1 12 0 0.00 M M 2.4 7 120 M M 1 11 330
24 71 37 54 0 11 0 0.00 M M 3.7 14 210 M M 1 17 190
25 58 49 54 0 11 0 0.08 M M 4.0 12 140 M M 10 18 15 130
26 55 44 50 -4 15 0 0.36 M M 4.2 17 200 M M 9 38 24 180
27 58 44 51 -4 14 0 0.00 M M 2.8 13 250 M M 9 17 330
28 55 44 50 -5 15 0 0.06 M M 1.9 15 240 M M 9 21 240
29 62 46 54 -1 11 0 0.18 M M 3.8 15 90 M M 9 19 80
30 58 46 52 -4 13 0 0.84 M M 5.0 16 210 M M 9 13 22 190
================================================================================
SM 1709 1222 478 0 6.41 M 190.4 M 212
================================================================================
AV 57.0 40.7 6.3 FASTST M M 7 MAX(MPH)
MISC ----> 32 250 42 250
================================================================================
NOTES:
# LAST OF SEVERAL OCCURRENCES
COLUMN 17 PEAK WIND IN M.P.H.
PRELIMINARY LOCAL CLIMATOLOGICAL DATA (WS FORM: F-6) , PAGE 2
STATION: TROUTDALE OR
MONTH: APRIL
YEAR: 2022
LATITUDE: 45 33 N
LONGITUDE: 122 25 W
[TEMPERATURE DATA] [PRECIPITATION DATA] SYMBOLS USED IN COLUMN 16
AVERAGE MONTHLY: 48.9 TOTAL FOR MONTH: 6.41 1 = FOG OR MIST
DPTR FM NORMAL: -3.7 DPTR FM NORMAL: 2.83 2 = FOG REDUCING VISIBILITY
HIGHEST: 71 ON 24, 7 GRTST 24HR 1.43 ON 10-11 TO 1/4 MILE OR LESS
LOWEST: 33 ON 15 3 = THUNDER
SNOW, ICE PELLETS, HAIL 4 = ICE PELLETS
TOTAL MONTH: M 5 = HAIL
GRTST 24HR M ON M 6 = FREEZING RAIN OR DRIZZLE
GRTST DEPTH: M ON M 7 = DUSTSTORM OR SANDSTORM:
VSBY 1/2 MILE OR LESS
8 = SMOKE OR HAZE
[NO. OF DAYS WITH] [WEATHER - DAYS WITH] 9 = BLOWING SNOW
X = TORNADO
MAX 32 OR BELOW: 0 0.01 INCH OR MORE: 22
MAX 90 OR ABOVE: 0 0.10 INCH OR MORE: 17
MIN 32 OR BELOW: 0 0.50 INCH OR MORE: 3
MIN 0 OR BELOW: 0 1.00 INCH OR MORE: 0
[HDD (BASE 65) ]
TOTAL THIS MO. 478 CLEAR (SCALE 0-3) 4
DPTR FM NORMAL 99 PTCLDY (SCALE 4-7) 11
TOTAL FM JUL 1 3799 CLOUDY (SCALE 8-10) 15
DPTR FM NORMAL -56
[CDD (BASE 65) ]
TOTAL THIS MO. 0
DPTR FM NORMAL -3 [PRESSURE DATA]
TOTAL FM JAN 1 0 HIGHEST SLP 30.49 ON 6
DPTR FM NORMAL -3 LOWEST SLP 29.35 ON 11
[REMARKS]
#FINAL-04-22#