000
CXUS54 KTSA 011330
CF6TUL
PRELIMINARY LOCAL CLIMATOLOGICAL DATA (WS FORM: F-6)
STATION: TULSA OKLAHOMA
MONTH: DECEMBER
YEAR: 2023
LATITUDE: 36 12 N
LONGITUDE: 95 54 W
TEMPERATURE IN F: :PCPN: SNOW: WIND :SUNSHINE: SKY :PK WND
================================================================================
1 2 3 4 5 6A 6B 7 8 9 10 11 12 13 14 15 16 17 18
12Z AVG MX 2MIN
DY MAX MIN AVG DEP HDD CDD WTR SNW DPTH SPD SPD DIR MIN PSBL S-S WX SPD DR
================================================================================
1 52 40 46 1 19 0 0.00 0.0 0 7.8 15 280 M M 9 1 20 230
2 49 36 43 -1 22 0 T 0.0 0 5.7 13 170 M M 8 1 18 170
3 60 31 46 2 19 0 0.00 0.0 0 8.7 22 300 M M 3 1 32 260
4 57 32 45 1 20 0 0.00 0.0 0 7.0 22 310 M M 2 29 300
5 59 35 47 3 18 0 0.00 0.0 0 8.0 20 340 M M 1 26 340
6 63 29 46 3 19 0 0.00 0.0 0 8.0 18 170 M M 1 22 170
7 70 47 59 16 6 0 0.00 0.0 0 18.1 30 180 M M 4 41 170
8 73 49 61 18 4 0 0.00 0.0 0 12.4 23 280 M M 6 32 280
9 54 35 45 3 20 0 0.00 0.0 0 11.3 21 340 M M 3 28 340
10 50 26 38 -4 27 0 0.00 0.0 0 6.3 12 300 M M 3 17 320
11 56 28 42 0 23 0 0.00 0.0 0 3.9 13 170 M M 1 16 170
12 61 29 45 3 20 0 0.00 0.0 0 4.1 12 140 M M 9 17 170
13 62 32 47 6 18 0 0.00 0.0 0 2.6 16 140 M M 6 21 130
14 63 29 46 5 19 0 0.00 0.0 0 6.3 16 130 M M 7 27 130
15 55 46 51 10 14 0 0.41 0.0 0 7.8 22 130 M M 10 1 32 150
16 53 33 43 2 22 0 0.00 0.0 0 8.3 18 320 M M 6 23 270
17 65 29 47 7 18 0 0.00 0.0 0 4.9 13 330 M M 2 18 17 330
18 48 29 39 -1 26 0 0.00 0.0 0 6.8 22 350 M M 2 26 360
19 52 25 39 -1 26 0 0.00 0.0 0 12.2 23 170 M M 7 35 170
20 60 43 52 12 13 0 0.00 0.0 0 13.8 25 170 M M 9 32 180
21 63 51 57 17 8 0 0.17 0.0 0 11.2 20 170 M M 10 1 27 170
22 60 50 55 15 10 0 0.11 0.0 0 9.7 16 180 M M 9 1 20 180
23 61 56 59 20 6 0 T 0.0 0 8.5 17 130 M M 10 1 28 140
24 62 44 53 14 12 0 1.14 0.0 0 14.4 26 150 M M 10 1 39 160
25 44 34 39 0 26 0 0.00 0.0 0 14.2 24 300 M M 8 32 300
26 48 29 39 0 26 0 0.00 0.0 0 12.6 25 180 M M 7 35 250
27 43 31 37 -2 28 0 T 0.0 0 12.6 21 300 M M 8 30 310
28 40 30 35 -4 30 0 T T 0 8.7 14 350 M M 7 18 300
29 51 31 41 2 24 0 0.00 0.0 0 8.2 16 290 M M 4 22 300
30 57 25 41 2 24 0 0.00 0.0 0 2.8 9 240 M M 4 15 220
31 39 28 34 -4 31 0 0.00 0.0 0 9.7 21 360 M M 7 27 350
================================================================================
SM 1730 1092 598 0 1.83 T 276.6 M 183
================================================================================
AV 55.8 35.2 8.9 FASTST M M 6 MAX(MPH)
MISC ----> 30 180 41 170
================================================================================
NOTES:
# LAST OF SEVERAL OCCURRENCES
COLUMN 17 PEAK WIND IN M.P.H.
PRELIMINARY LOCAL CLIMATOLOGICAL DATA (WS FORM: F-6) , PAGE 2
STATION: TULSA OKLAHOMA
MONTH: DECEMBER
YEAR: 2023
LATITUDE: 36 12 N
LONGITUDE: 95 54 W
[TEMPERATURE DATA] [PRECIPITATION DATA] SYMBOLS USED IN COLUMN 16
AVERAGE MONTHLY: 45.5 TOTAL FOR MONTH: 1.83 1 = FOG OR MIST
DPTR FM NORMAL: 4.5 DPTR FM NORMAL: -0.60 2 = FOG REDUCING VISIBILITY
HIGHEST: 73 ON 8 GRTST 24HR 1.14 ON 24-24 TO 1/4 MILE OR LESS
LOWEST: 25 ON 30,19 3 = THUNDER
SNOW, ICE PELLETS, HAIL 4 = ICE PELLETS
TOTAL MONTH: T 5 = HAIL
GRTST 24HR T ON 28-28 6 = FREEZING RAIN OR DRIZZLE
GRTST DEPTH: 0 7 = DUSTSTORM OR SANDSTORM:
VSBY 1/2 MILE OR LESS
8 = SMOKE OR HAZE
[NO. OF DAYS WITH] [WEATHER - DAYS WITH] 9 = BLOWING SNOW
X = TORNADO
MAX 32 OR BELOW: 0 0.01 INCH OR MORE: 4
MAX 90 OR ABOVE: 0 0.10 INCH OR MORE: 4
MIN 32 OR BELOW: 17 0.50 INCH OR MORE: 1
MIN 0 OR BELOW: 0 1.00 INCH OR MORE: 1
[HDD (BASE 65) ]
TOTAL THIS MO. 598 CLEAR (SCALE 0-3) 8
DPTR FM NORMAL -146 PTCLDY (SCALE 4-7) 13
TOTAL FM JUL 1 1170 CLOUDY (SCALE 8-10) 10
DPTR FM NORMAL -196
[CDD (BASE 65) ]
TOTAL THIS MO. 0
DPTR FM NORMAL -1 [PRESSURE DATA]
TOTAL FM JAN 1 2314 HIGHEST SLP 30.59 ON 14
DPTR FM NORMAL 186 LOWEST SLP 29.53 ON 8
[REMARKS]
#FINAL-12-23#