000
CXUS54 KMEG 011516
CLMTUP
CLIMATE REPORT
NATIONAL WEATHER SERVICE MEMPHIS TN
1016 AM CDT WED NOV 01 2023
...................................
...THE TUPELO CLIMATE SUMMARY FOR THE MONTH OF OCTOBER 2023...
CLIMATE NORMAL PERIOD 1991 TO 2020
CLIMATE RECORD PERIOD 1930 TO 2023
WEATHER OBSERVED NORMAL DEPART LAST YEAR`S
VALUE DATE(S) VALUE FROM VALUE DATE(S)
NORMAL
................................................................
TEMPERATURE (F)
RECORD
HIGH 99 10/03/2019
10/02/2019
09/07/1925
LOW 24 10/31/1980
HIGHEST 92 10/01 75 17 88 10/06
LOWEST 36 10/31 50 -14 33 10/20
AVG. MAXIMUM 78.7 76.5 2.2 76.9
AVG. MINIMUM 54.9 52.3 2.6 48.6
MEAN 66.8 64.4 2.4 62.8
DAYS MAX >= 90 2 1.1 0.9 0
DAYS MAX <= 32 0 0.0 0.0 0
DAYS MIN <= 32 0 0.5 -0.5 0
DAYS MIN <= 0 0 0.0 0.0 0
PRECIPITATION (INCHES)
RECORD
MAXIMUM 10.98 2009
MINIMUM 0.00 1963
TOTALS 0.39 3.96 -3.57 3.82
DAILY AVG. 0.01 0.13 -0.12 0.12
DAYS >= .01 6 7.6 -1.6 5
DAYS >= .10 2 5.3 -3.3 4
DAYS >= .50 0 2.7 -2.7 3
DAYS >= 1.00 0 1.2 -1.2 1
GREATEST
24 HR. TOTAL 0.19 10/05 TO 10/06
SNOWFALL (INCHES)
RECORDS
TOTAL 0.0 2002
TOTALS 0.0 0.0 0.0 0.0
SINCE 7/1 0.0 0.0 0.0 MM
SNOWDEPTH AVG. 0 0
DAYS >= 1.0 0 0.0 0.0 0
GREATEST
SNOW DEPTH 0 0 MM
24 HR TOTAL MM
DEGREE DAYS
HEATING TOTAL 71 116 -45 104
SINCE 7/1 71 122 -51 MM
COOLING TOTAL 134 98 36 40
SINCE 1/1 2442 2219 223 MM
................................................................
WIND (MPH)
AVERAGE WIND SPEED 6.0
HIGHEST WIND SPEED/DIRECTION 25/360 DATE 10/15
HIGHEST GUST SPEED/DIRECTION 32/010 DATE 10/15
SKY COVER
POSSIBLE SUNSHINE (PERCENT) MM
AVERAGE SKY COVER 0.25
NUMBER OF DAYS FAIR 21
NUMBER OF DAYS PC 6
NUMBER OF DAYS CLOUDY 4
AVERAGE RH (PERCENT) 64
WEATHER CONDITIONS. NUMBER OF DAYS WITH
THUNDERSTORM 0 MIXED PRECIP 0
HEAVY RAIN 0 RAIN 1
LIGHT RAIN 6 FREEZING RAIN 0
LT FREEZING RAIN 0 HAIL 0
HEAVY SNOW 0 SNOW 0
LIGHT SNOW 0 SLEET 0
FOG 6 FOG W/VIS <= 1/4 MILE 0
HAZE 4
- INDICATES NEGATIVE NUMBERS.
R INDICATES RECORD WAS SET OR TIED.
MM INDICATES DATA IS MISSING.
T INDICATES TRACE AMOUNT.
$$