000
CXUS55 KTWC 011503
CF6TUS
PRELIMINARY LOCAL CLIMATOLOGICAL DATA (WS FORM: F-6)
STATION: TUCSON AZ
MONTH: APRIL
YEAR: 2020
LATITUDE: 32 7 N
LONGITUDE: 110 56 W
TEMPERATURE IN F: :PCPN: SNOW: WIND :SUNSHINE: SKY :PK WND
================================================================================
1 2 3 4 5 6A 6B 7 8 9 10 11 12 13 14 15 16 17 18
12Z AVG MX 2MIN
DY MAX MIN AVG DEP HDD CDD WTR SNW DPTH SPD SPD DIR MIN PSBL S-S WX SPD DR
================================================================================
1 85 55 70 7 0 5 0.00 0.0 M 6.8 17 260 M M 0 26 290
2 84 56 70 6 0 5 0.00 0.0 M 9.2 22 260 M M 0 30 290
3 83 51 67 3 0 2 0.00 0.0 M 8.8 21 240 M M 0 28 230
4 83 51 67 3 0 2 0.00 0.0 M 8.1 20 240 M M 0 27 240
5 82 55 69 5 0 4 0.00 0.0 M 9.0 22 190 M M 0 31 190
6 81 53 67 3 0 2 0.00 0.0 M 8.5 22 240 M M 0 31 240
7 84 54 69 4 0 4 0.00 0.0 M 6.5 20 240 M M 0 26 250
8 84 55 70 5 0 5 0.00 0.0 M 11.9 31 200 M M 2 42 200
9 74 52 63 -2 2 0 0.00 0.0 M 5.5 15 350 M M 2 21 350
10 79 45 62 -4 3 0 0.00 0.0 M 6.6 18 230 M M 0 26 240
11 65 48 57 -9 8 0 0.07 0.0 M 4.0 22 250 M M 6 32 240
12 74 43 59 -7 6 0 0.00 0.0 M 6.5 15 310 M M 0 23 300
13 78 52 65 -1 0 0 0.00 0.0 M 8.4 21 290 M M M 31 310
14 78 50 64 -2 1 0 0.00 0.0 M 7.4 20 320 M M M 27 350
15 80 45 63 -4 2 0 0.00 0.0 M 5.0 14 300 M M 0 20 320
16 85 50 68 1 0 3 0.00 0.0 M 7.7 23 210 M M M 38 210
17 82 54 68 1 0 3 0.00 0.0 M 9.2 23 230 M M M 34 230
18 80 50 65 -3 0 0 0.00 0.0 M 8.4 22 250 M M 0 33 220
19 81 50 66 -2 0 1 0.00 0.0 M 6.2 15 320 M M M 21 320
20 86 53 70 2 0 5 0.00 0.0 M 6.9 16 270 M M 0 22 250
21 85 53 69 1 0 4 0.00 0.0 M 7.8 25 290 M M 0 36 290
22 84 52 68 -1 0 3 0.00 0.0 M 7.7 18 340 M M 0 26 340
23 91 57 74 5 0 9 0.00 0.0 M 7.4 20 340 M M 0 30 330
24 94 60 77 8 0 12 0.00 0.0 M 6.3 16 340 M M 0 24 310
25 96 60 78 8 0 13 0.00 0.0 M 5.7 13 280 M M 0 21 300
26 99 61 80 10 0 15 0.00 0.0 M 6.9 14 290 M M 0 8 19 270
27 97 65 81 11 0 16 0.00 0.0 M 6.9 17 210 M M 0 24 280
28 97 61 79 8 0 14 0.00 0.0 M 6.0 14 340 M M 0 20 280
29 102 63 83 12 0 18 0.00 0.0 M 5.1 14 280 M M 0 8 20 270
30 101 68 85 14 0 20 0.00 0.0 M 7.3 16 260 M M 0 24 260
================================================================================
SM 2554 1622 22 165 0.07 0.0 217.7 M 10
================================================================================
AV 85.1 54.1 7.3 FASTST M M 0 MAX(MPH)
MISC ----> 31 200 42 200
================================================================================
NOTES:
# LAST OF SEVERAL OCCURRENCES
COLUMN 17 PEAK WIND IN M.P.H.
PRELIMINARY LOCAL CLIMATOLOGICAL DATA (WS FORM: F-6) , PAGE 2
STATION: TUCSON AZ
MONTH: APRIL
YEAR: 2020
LATITUDE: 32 7 N
LONGITUDE: 110 56 W
[TEMPERATURE DATA] [PRECIPITATION DATA] SYMBOLS USED IN COLUMN 16
AVERAGE MONTHLY: 69.6 TOTAL FOR MONTH: 0.07 1 = FOG OR MIST
DPTR FM NORMAL: 2.6 DPTR FM NORMAL: -0.24 2 = FOG REDUCING VISIBILITY
HIGHEST: 102 ON 29 GRTST 24HR 0.07 ON 11-11 TO 1/4 MILE OR LESS
LOWEST: 43 ON 12 3 = THUNDER
SNOW, ICE PELLETS, HAIL 4 = ICE PELLETS
TOTAL MONTH: 0.0 INCH 5 = HAIL
GRTST 24HR 0.0 6 = FREEZING RAIN OR DRIZZLE
GRTST DEPTH: M ON M 7 = DUSTSTORM OR SANDSTORM:
VSBY 1/2 MILE OR LESS
8 = SMOKE OR HAZE
[NO. OF DAYS WITH] [WEATHER - DAYS WITH] 9 = BLOWING SNOW
X = TORNADO
MAX 32 OR BELOW: 0 0.01 INCH OR MORE: 1
MAX 90 OR ABOVE: 8 0.10 INCH OR MORE: 0
MIN 32 OR BELOW: 0 0.50 INCH OR MORE: 0
MIN 0 OR BELOW: 0 1.00 INCH OR MORE: 0
[HDD (BASE 65) ]
TOTAL THIS MO. 22 CLEAR (SCALE 0-3) 24
DPTR FM NORMAL -38 PTCLDY (SCALE 4-7) 1
TOTAL FM JUL 1 1258 CLOUDY (SCALE 8-10) 5
DPTR FM NORMAL -248
[CDD (BASE 65) ]
TOTAL THIS MO. 165
DPTR FM NORMAL 44 [PRESSURE DATA]
TOTAL FM JAN 1 179 HIGHEST SLP 30.07 ON 9
DPTR FM NORMAL 25 LOWEST SLP 29.67 ON 1
[REMARKS]
#FINAL-04-20#