000
CXUS53 KAPX 010730
CF6TVC
PRELIMINARY LOCAL CLIMATOLOGICAL DATA (WS FORM: F-6)
STATION: TRAVERSE CITY MI
MONTH: OCTOBER
YEAR: 2022
LATITUDE: 44 44 N
LONGITUDE: 85 34 W
TEMPERATURE IN F: :PCPN: SNOW: WIND :SUNSHINE: SKY :PK WND
================================================================================
1 2 3 4 5 6A 6B 7 8 9 10 11 12 13 14 15 16 17 18
12Z AVG MX 2MIN
DY MAX MIN AVG DEP HDD CDD WTR SNW DPTH SPD SPD DIR MIN PSBL S-S WX SPD DR
================================================================================
1 68 38 53 -3 12 0 0.00 M M 4.3 12 30 M M 1 18 M M
2 62 40 51 -4 14 0 0.00 M M 4.3 12 20 M M 2 17 20
3 67 36 52 -3 13 0 0.00 M M 1.9 8 40 M M 3 14 10
4 76 44 60 5 5 0 0.00 M M 3.3 12 260 M M 4 16 270
5 75 17 46 -8 19 0 0.00 M M 4.3 14 220 M M 6 21 230
6 61 44 53 -1 12 0 0.38 M M 10.3 22 330 M M 8 1 33 10
7 48 37 43 -10 22 0 0.16 M M 9.3 20 30 M M 8 32 40
8 55 38 47 -6 18 0 0.00 M M 11.4 24 250 M M 5 36 260
9 60 41 51 -2 14 0 0.00 M M 5.3 12 360 M M 5 20 40
10 59 33 46 -6 19 0 0.00 M M 1.5 9 40 M M 3 1 16 30
11 79 38 59 7 6 0 0.00 M M 7.6 17 180 M M 3 8 31 170
12 64 44 54 3 11 0 0.80 M M 9.6 28 270 M M 9 18 38 270
13 51 40 46 -5 19 0 0.24 M M 7.0 17 260 M M 8 1 24 260
14 47 39 43 -8 22 0 0.24 M M 7.0 21 220 M M 10 1 35 230
15 47 39 43 -7 22 0 0.06 M M 8.8 22 260 M M 10 30 230
16 50 42 46 -4 19 0 0.14 M M 5.1 12 260 M M 10 1 17 260
17 49 39 44 -5 21 0 0.39 M M 15.1 26 340 M M 9 14 42 360
18 44 38 41 -8 24 0 0.55 M M 19.9 30 330 M M 10 1 49 360
19 42 35 39 -10 26 0 0.08 M M 11.0 23 330 M M 9 1 39 340
20 49 36 43 -5 22 0 0.06 M M 6.0 14 260 M M 6 1 18 270
21 72 36 54 6 11 0 0.00 M M 8.5 22 200 M M 2 36 190
22 79 47 63 15 2 0 0.00 M M 7.9 16 210 M M 1 28 220
23 78 58 68 21 0 3 0.00 M M 7.5 21 180 M M 2 32 200
24 74 59 67 20 0 2 0.24 M M 8.5 16 170 M M 9 3 28 170
25 69 50 60 14 5 0 0.84 M M 6.5 14 200 M M 7 1 24 140
26 51 40 46 0 19 0 0.47 M M 10.0 22 330 M M 10 1 32 360
27 54 32 43 -3 22 0 T M M 0.9 8 90 M M 2 1 12 110
28 61 35 48 3 17 0 0.00 M M 2.8 12 180 M M 4 19 190
29 67 33 50 5 15 0 0.00 M M 3.0 12 240 M M 1 8 15 230
30 63 33 48 3 17 0 0.00 M M 1.1 7 160 M M 5 1 11 10
31 64 40 52 8 13 0 0.00 M M 1.0 8 10 M M 5 1 11 30
================================================================================
SM 1885 1221 461 5 4.65 M 210.7 M 177
================================================================================
AV 60.8 39.4 6.8 FASTST M M 6 MAX(MPH)
MISC ----> 30 330 49 360
================================================================================
NOTES:
# LAST OF SEVERAL OCCURRENCES
COLUMN 17 PEAK WIND IN M.P.H.
PRELIMINARY LOCAL CLIMATOLOGICAL DATA (WS FORM: F-6) , PAGE 2
STATION: TRAVERSE CITY MI
MONTH: OCTOBER
YEAR: 2022
LATITUDE: 44 44 N
LONGITUDE: 85 34 W
[TEMPERATURE DATA] [PRECIPITATION DATA] SYMBOLS USED IN COLUMN 16
AVERAGE MONTHLY: 50.1 TOTAL FOR MONTH: 4.65 1 = FOG OR MIST
DPTR FM NORMAL: 0.2 DPTR FM NORMAL: 1.05 2 = FOG REDUCING VISIBILITY
HIGHEST: 79 ON 22,11 GRTST 24HR 1.29 ON 25-26 TO 1/4 MILE OR LESS
LOWEST: 17 ON 5 3 = THUNDER
SNOW, ICE PELLETS, HAIL 4 = ICE PELLETS
TOTAL MONTH: M 5 = HAIL
GRTST 24HR M ON M 6 = FREEZING RAIN OR DRIZZLE
GRTST DEPTH: M ON M 7 = DUSTSTORM OR SANDSTORM:
VSBY 1/2 MILE OR LESS
8 = SMOKE OR HAZE
[NO. OF DAYS WITH] [WEATHER - DAYS WITH] 9 = BLOWING SNOW
X = TORNADO
MAX 32 OR BELOW: 0 0.01 INCH OR MORE: 14
MAX 90 OR ABOVE: 0 0.10 INCH OR MORE: 11
MIN 32 OR BELOW: 2 0.50 INCH OR MORE: 3
MIN 0 OR BELOW: 0 1.00 INCH OR MORE: 0
[HDD (BASE 65) ]
TOTAL THIS MO. 461 CLEAR (SCALE 0-3) 10
DPTR FM NORMAL -14 PTCLDY (SCALE 4-7) 11
TOTAL FM JUL 1 595 CLOUDY (SCALE 8-10) 10
DPTR FM NORMAL -79
[CDD (BASE 65) ]
TOTAL THIS MO. 5
DPTR FM NORMAL -2 [PRESSURE DATA]
TOTAL FM JAN 1 690 HIGHEST SLP 30.49 ON 28
DPTR FM NORMAL 155 LOWEST SLP 29.45 ON 12
[REMARKS]
#FINAL-10-22#