000
CXUS55 KBOI 011002
CF6TWF
PRELIMINARY LOCAL CLIMATOLOGICAL DATA (WS FORM: F-6)
STATION: TWIN FALLS ID
MONTH: DECEMBER
YEAR: 2021
LATITUDE: 42 28 N
LONGITUDE: 114 29 W
TEMPERATURE IN F: :PCPN: SNOW: WIND :SUNSHINE: SKY :PK WND
================================================================================
1 2 3 4 5 6A 6B 7 8 9 10 11 12 13 14 15 16 17 18
12Z AVG MX 2MIN
DY MAX MIN AVG DEP HDD CDD WTR SNW DPTH SPD SPD DIR MIN PSBL S-S WX SPD DR
================================================================================
1 56 34 45 14 20 0 0.00 M M 7.0 15 220 M M 1 20 220
2 59 30 45 15 20 0 0.00 M M 6.7 13 200 M M 0 17 220
3 58 32 45 15 20 0 0.00 M M 8.4 15 220 M M 0 20 200
4 58 29 44 14 21 0 0.00 M M 9.3 21 230 M M 0 30 230
5 51 30 41 11 24 0 T M M 18.9 32 280 M M 0 42 280
6 45 31 38 9 27 0 T M M 6.9 16 230 M M 9 23 240
7 47 32 40 11 25 0 0.00 M M 9.2 15 250 M M 7 1 20 230
8 48 24 36 7 29 0 T M M 8.0 20 190 M M 5 27 190
9 38 22 30 1 35 0 T M M 17.1 28 280 M M 7 1 37 280
10 34 21 28 -1 37 0 T M M 16.0 28 290 M M 3 1 36 270
11 41 26 34 6 31 0 0.00 M M 16.0 28 200 M M 6 40 190
12 47 33 40 12 25 0 0.01 M M 17.2 26 180 M M 9 1 38 170
13 52 42 47 19 18 0 0.01 M M 24.1 38 190 M M 5 54 190
14 47 25 36 8 29 0 0.06 M M 22.9 47 180 M M 6 128 67 190
15 31 19 25 -3 40 0 T M M 17.4 33 260 M M 4 18 44 260
16 34 28 31 3 34 0 T M M 15.2 25 200 M M 9 18 39 190
17 35 18 27 -1 38 0 0.00 M M 15.8 24 290 M M 8 34 250
18 32 14 23 -5 42 0 0.00 M M 5.1 12 140 M M 3 15 150
19 40 16 28 0 37 0 0.00 M M 6.5 17 210 M M 3 24 200
20 50 25 38 10 27 0 0.00 M M 10.0 18 210 M M 2 24 200
21 46 25 36 8 29 0 0.00 M M 7.8 18 210 M M 0 23 210
22 44 22 33 5 32 0 T M M 6.8 16 180 M M 6 23 190
23 46 33 40 12 25 0 0.13 M M 17.6 33 190 M M 7 1 46 200
24 41 28 35 7 30 0 0.28 M M 13.7 40 260 M M 9 128 50 260
25 38 25 32 4 33 0 0.25 M M 10.4 28 250 M M 8 12 37 200
26 36 24 30 2 35 0 0.04 M M 22.1 35 200 M M 5 128 48 190
27 29 14 22 -6 43 0 0.21 M M 13.1 38 200 M M 9 128 50 250
28 21 12 17 -11 48 0 T M M 11.2 18 250 M M 9 18 23 250
29 31 19 25 -3 40 0 T M M 13.5 20 210 M M 10 18 27 200
30 30 13 22 -6 43 0 0.08 M M 11.3 25 270 M M 8 12 32 270
31 27 9 18 -10 47 0 T M M 17.0 25 270 M M 5 18 33 270
================================================================================
SM 1292 755 984 0 1.07 M 402.2 M 163
================================================================================
AV 41.7 24.4 13.0 FASTST M M 5 MAX(MPH)
MISC ----> 47 180 67 190
================================================================================
NOTES:
# LAST OF SEVERAL OCCURRENCES
COLUMN 17 PEAK WIND IN M.P.H.
PRELIMINARY LOCAL CLIMATOLOGICAL DATA (WS FORM: F-6) , PAGE 2
STATION: TWIN FALLS ID
MONTH: DECEMBER
YEAR: 2021
LATITUDE: 42 28 N
LONGITUDE: 114 29 W
[TEMPERATURE DATA] [PRECIPITATION DATA] SYMBOLS USED IN COLUMN 16
AVERAGE MONTHLY: 33.0 TOTAL FOR MONTH: 1.07 1 = FOG OR MIST
DPTR FM NORMAL: 4.5 DPTR FM NORMAL: -0.16 2 = FOG REDUCING VISIBILITY
HIGHEST: 59 ON 2 GRTST 24HR 0.42 ON 24-25 TO 1/4 MILE OR LESS
LOWEST: 9 ON 31 3 = THUNDER
SNOW, ICE PELLETS, HAIL 4 = ICE PELLETS
TOTAL MONTH: M 5 = HAIL
GRTST 24HR M ON M 6 = FREEZING RAIN OR DRIZZLE
GRTST DEPTH: M ON M 7 = DUSTSTORM OR SANDSTORM:
VSBY 1/2 MILE OR LESS
8 = SMOKE OR HAZE
[NO. OF DAYS WITH] [WEATHER - DAYS WITH] 9 = BLOWING SNOW
X = TORNADO
MAX 32 OR BELOW: 7 0.01 INCH OR MORE: 9
MAX 90 OR ABOVE: 0 0.10 INCH OR MORE: 4
MIN 32 OR BELOW: 27 0.50 INCH OR MORE: 0
MIN 0 OR BELOW: 0 1.00 INCH OR MORE: 0
[HDD (BASE 65) ]
TOTAL THIS MO. 984 CLEAR (SCALE 0-3) 10
DPTR FM NORMAL -147 PTCLDY (SCALE 4-7) 14
TOTAL FM JUL 1 2218 CLOUDY (SCALE 8-10) 7
DPTR FM NORMAL -430
[CDD (BASE 65) ]
TOTAL THIS MO. 0
DPTR FM NORMAL 0 [PRESSURE DATA]
TOTAL FM JAN 1 960 HIGHEST SLP 30.41 ON 18
DPTR FM NORMAL 344 LOWEST SLP 29.31 ON 26
[REMARKS]
#FINAL-12-21#