000
CXUS54 KMRX 191829
CF6TYS
PRELIMINARY LOCAL CLIMATOLOGICAL DATA (WS FORM: F-6)
STATION: KNOXVILLE MCGHEE TYSON AIRPORT
MONTH: JUNE
YEAR: 2023
LATITUDE: 35 49 N
LONGITUDE: 83 59 W
TEMPERATURE IN F: :PCPN: SNOW: WIND :SUNSHINE: SKY :PK WND
================================================================================
1 2 3 4 5 6A 6B 7 8 9 10 11 12 13 14 15 16 17 18
12Z AVG MX 2MIN
DY MAX MIN AVG DEP HDD CDD WTR SNW DPTH SPD SPD DIR MIN PSBL S-S WX SPD DR
================================================================================
1 83 63 73 1 0 8 0.44 0.0 0 3.9 21 20 M M 6 1 26 20
2 88 63 76 4 0 11 0.00 0.0 0 5.8 15 50 M M 2 24 50
3 90 60 75 3 0 10 0.00 0.0 0 6.7 15 20 M M 2 25 20
4 89 66 78 5 0 13 0.00 0.0 0 7.7 18 220 M M 6 M M
5 86 63 75 2 0 10 0.00 0.0 0 6.4 15 230 M M 6 3 22 220
6 87 64 76 3 0 11 0.00 0.0 0 2.6 12 270 M M 3 1 19 340
7 73 60 67 -7 0 2 T 0.0 0 4.1 14 50 M M 8 17 350
8 79 59 69 -5 0 4 0.00 0.0 0 6.3 15 20 M M 4 20 20
9 81 51 66 -8 0 1 0.00 0.0 0 3.0 12 10 M M 1 19 290
10 84 52 68 -6 0 3 0.00 0.0 0 2.5 15 250 M M 3 21 240
11 85 63 74 0 0 9 0.86 0.0 0 7.9 26 280 M M 8 13 41 300
12 78 62 70 -5 0 5 T 0.0 0 10.4 20 220 M M 8 26 230
13 78 57 68 -7 0 3 0.00 0.0 0 7.2 18 230 M M 5 26 240
14 81 62 72 -3 0 7 0.06 0.0 0 9.9 22 210 M M 8 3 28 200
15 86 63 75 0 0 10 0.00 0.0 0 5.8 16 230 M M 5 19 220
16 89 66 78 2 0 13 0.00 0.0 0 8.7 20 260 M M 3 27 270
17 84 61 73 -3 0 8 0.00 0.0 0 5.5 13 20 M M 1 17 30
18 88 60 74 -2 0 9 0.00 0.0 0 5.8 18 230 M M 6 25 220
19 81 67 74 -2 0 9 2.84 0.0 0 6.3 23 250 M M 9 13 33 240
20 80 66 73 -3 0 8 0.04 0.0 0 5.2 14 20 M M 8 13 19 360
21 77 66 72 -5 0 7 0.14 0.0 0 10.4 21 50 M M 10 1 28 50
22 73 62 68 -9 0 3 0.23 0.0 0 5.2 13 50 M M 9 13 16 60
23 78 64 71 -6 0 6 T 0.0 0 6.8 14 270 M M 9 1 19 290
24 83 67 75 -2 0 10 0.00 0.0 0 4.2 10 240 M M 7 15 260
25 82 65 74 -3 0 9 0.60 0.0 0 7.4 30 150 M M 6 13 41 350
26 85 65 75 -2 0 10 0.66 0.0 0 10.3 23 330 M M 6 13 34 330
27 85 66 76 -2 0 11 T 0.0 0 6.9 17 280 M M 4 24 250
28 87 64 76 -2 0 11 0.00 0.0 0 2.5 9 280 M M 1 8 13 280
29 84 65 75 -3 0 10 0.00 0.0 0 5.0 15 240 M M 5 18 20 220
30 85 67 76 -2 0 11 0.32 0.0 0 6.3 28 200 M M 7 138 35 200
================================================================================
SM 2489 1879 0 242 6.19 0.0 186.7 M 166
================================================================================
AV 83.0 62.6 6.2 FASTST M M 6 MAX(MPH)
MISC ----> 30 150 # 41 300
================================================================================
NOTES:
# LAST OF SEVERAL OCCURRENCES
COLUMN 17 PEAK WIND IN M.P.H.
PRELIMINARY LOCAL CLIMATOLOGICAL DATA (WS FORM: F-6) , PAGE 2
STATION: KNOXVILLE MCGHEE TYSON AIRPORT
MONTH: JUNE
YEAR: 2023
LATITUDE: 35 49 N
LONGITUDE: 83 59 W
[TEMPERATURE DATA] [PRECIPITATION DATA] SYMBOLS USED IN COLUMN 16
AVERAGE MONTHLY: 72.8 TOTAL FOR MONTH: 6.19 1 = FOG OR MIST
DPTR FM NORMAL: -2.5 DPTR FM NORMAL: 1.95 2 = FOG REDUCING VISIBILITY
HIGHEST: 90 ON 3 GRTST 24HR 2.84 ON 19-19 TO 1/4 MILE OR LESS
LOWEST: 51 ON 9 3 = THUNDER
SNOW, ICE PELLETS, HAIL 4 = ICE PELLETS
TOTAL MONTH: 0.0 INCH 5 = HAIL
GRTST 24HR 0.0 6 = FREEZING RAIN OR DRIZZLE
GRTST DEPTH: 0 7 = DUSTSTORM OR SANDSTORM:
VSBY 1/2 MILE OR LESS
8 = SMOKE OR HAZE
[NO. OF DAYS WITH] [WEATHER - DAYS WITH] 9 = BLOWING SNOW
X = TORNADO
MAX 32 OR BELOW: 0 0.01 INCH OR MORE: 10
MAX 90 OR ABOVE: 1 0.10 INCH OR MORE: 8
MIN 32 OR BELOW: 0 0.50 INCH OR MORE: 4
MIN 0 OR BELOW: 0 1.00 INCH OR MORE: 1
[HDD (BASE 65) ]
TOTAL THIS MO. 0 CLEAR (SCALE 0-3) 6
DPTR FM NORMAL -2 PTCLDY (SCALE 4-7) 17
TOTAL FM JUL 1 3078 CLOUDY (SCALE 8-10) 7
DPTR FM NORMAL -449
[CDD (BASE 65) ]
TOTAL THIS MO. 242
DPTR FM NORMAL -69 [PRESSURE DATA]
TOTAL FM JAN 1 416 HIGHEST SLP 30.14 ON 30
DPTR FM NORMAL -79 LOWEST SLP 29.61 ON 11
[REMARKS]
#FINAL-06-23#