000
CXUS55 KSEW 010930
CF6UIL
PRELIMINARY LOCAL CLIMATOLOGICAL DATA (WS FORM: F-6)
STATION: QUILLAYUTE WA AIRPORT
MONTH: JUNE
YEAR: 2020
LATITUDE: 47 57 N
LONGITUDE: 124 33 W
TEMPERATURE IN F: :PCPN: SNOW: WIND :SUNSHINE: SKY :PK WND
================================================================================
1 2 3 4 5 6A 6B 7 8 9 10 11 12 13 14 15 16 17 18
12Z AVG MX 2MIN
DY MAX MIN AVG DEP HDD CDD WTR SNW DPTH SPD SPD DIR MIN PSBL S-S WX SPD DR
================================================================================
1 62 37 50 -4 15 0 0.00 0.0 0 4.8 16 270 M M 2 20 240
2 55 41 48 -6 17 0 0.08 0.0 0 2.9 9 190 M M 7 1 17 180
3 61 44 53 -1 12 0 T 0.0 0 4.4 16 300 M M 8 1 22 310
4 60 44 52 -2 13 0 0.03 0.0 0 5.0 14 300 M M 7 1 18 290
5 60 43 52 -2 13 0 T 0.0 0 4.3 15 270 M M 5 18 260
6 61 44 53 -1 12 0 0.20 0.0 0 3.9 15 240 M M 7 1 17 240
7 59 45 52 -2 13 0 0.01 0.0 0 6.5 18 270 M M 9 1 23 260
8 59 46 53 -1 12 0 0.26 0.0 0 6.4 13 190 M M 10 1 18 130
9 60 49 55 1 10 0 1.25 0.0 0 6.8 16 140 M M 10 18 26 170
10 64 53 59 4 6 0 T 0.0 0 5.0 15 200 M M 10 1 25 230
11 65 53 59 4 6 0 0.03 0.0 0 3.7 14 240 M M 7 1 19 220
12 61 49 55 0 10 0 0.32 0.0 0 4.4 13 210 M M 8 1 19 210
13 59 46 53 -2 12 0 0.25 0.0 0 5.1 15 250 M M 7 1 20 230
14 63 46 55 0 10 0 0.05 0.0 0 4.9 15 220 M M 9 1 21 200
15 60 50 55 0 10 0 0.62 0.0 0 5.8 17 280 M M 9 1 22 240
16 65 46 56 1 9 0 T 0.0 0 5.4 16 330 M M 4 23 310
17 63 50 57 2 8 0 0.00 0.0 0 4.0 15 280 M M 8 20 280
18 68 48 58 2 7 0 0.00 0.0 0 4.3 14 300 M M 3 20 320
19 73 51 62 6 3 0 0.03 0.0 0 3.0 17 250 M M 4 1 20 250
20 62 53 58 2 7 0 0.23 0.0 0 5.0 12 240 M M 9 1 19 190
21 63 47 55 -1 10 0 0.00 0.0 0 4.6 15 250 M M 8 17 260
22 71 45 58 2 7 0 0.00 0.0 0 3.8 14 270 M M 0 19 270
23 74 52 63 7 2 0 T 0.0 0 3.2 13 270 M M 0 16 270
24 61 55 58 2 7 0 0.07 0.0 0 4.6 13 280 M M 10 1 17 280
25 66 49 58 2 7 0 0.00 0.0 0 3.7 15 260 M M 7 1 18 260
26 65 48 57 0 8 0 T 0.0 0 4.2 14 250 M M 6 1 18 250
27 61 52 57 0 8 0 0.02 0.0 0 7.2 17 280 M M 10 1 27 280
28 69 50 60 3 5 0 0.01 0.0 0 5.0 15 270 M M 3 1 21 280
29 62 53 58 1 7 0 0.03 0.0 0 6.3 14 220 M M 10 18 22 220
30 59 51 55 -2 10 0 0.07 0.0 0 6.4 14 250 M M 8 1 19 250
================================================================================
SM 1891 1440 276 0 3.56 0.0 144.6 M 205
================================================================================
AV 63.0 48.0 4.8 FASTST M M 7 MAX(MPH)
MISC ----> # 18 270 # 27 280
================================================================================
NOTES:
# LAST OF SEVERAL OCCURRENCES
COLUMN 17 PEAK WIND IN M.P.H.
PRELIMINARY LOCAL CLIMATOLOGICAL DATA (WS FORM: F-6) , PAGE 2
STATION: QUILLAYUTE WA AIRPORT
MONTH: JUNE
YEAR: 2020
LATITUDE: 47 57 N
LONGITUDE: 124 33 W
[TEMPERATURE DATA] [PRECIPITATION DATA] SYMBOLS USED IN COLUMN 16
AVERAGE MONTHLY: 55.5 TOTAL FOR MONTH: 3.56 1 = FOG OR MIST
DPTR FM NORMAL: 0.2 DPTR FM NORMAL: 0.06 2 = FOG REDUCING VISIBILITY
HIGHEST: 74 ON 23 GRTST 24HR 1.25 ON 9- 9 TO 1/4 MILE OR LESS
LOWEST: 37 ON 1 3 = THUNDER
SNOW, ICE PELLETS, HAIL 4 = ICE PELLETS
TOTAL MONTH: 0.0 INCH 5 = HAIL
GRTST 24HR 0.0 6 = FREEZING RAIN OR DRIZZLE
GRTST DEPTH: 0 7 = DUSTSTORM OR SANDSTORM:
VSBY 1/2 MILE OR LESS
8 = SMOKE OR HAZE
[NO. OF DAYS WITH] [WEATHER - DAYS WITH] 9 = BLOWING SNOW
X = TORNADO
MAX 32 OR BELOW: 0 0.01 INCH OR MORE: 18
MAX 90 OR ABOVE: 0 0.10 INCH OR MORE: 7
MIN 32 OR BELOW: 0 0.50 INCH OR MORE: 2
MIN 0 OR BELOW: 0 1.00 INCH OR MORE: 1
[HDD (BASE 65) ]
TOTAL THIS MO. 276 CLEAR (SCALE 0-3) 4
DPTR FM NORMAL -18 PTCLDY (SCALE 4-7) 15
TOTAL FM JUL 1 5461 CLOUDY (SCALE 8-10) 11
DPTR FM NORMAL -301
[CDD (BASE 65) ]
TOTAL THIS MO. 0
DPTR FM NORMAL -3 [PRESSURE DATA]
TOTAL FM JAN 1 4 HIGHEST SLP M ON M
DPTR FM NORMAL 0 LOWEST SLP 29.75 ON 5
[REMARKS]
#FINAL-06-20#