000
CXUS56 KSEW 011131
CLMUIL
CLIMATE REPORT
NATIONAL WEATHER SERVICE SEATTLE
331 AM PST THU FEB 01 2024
...................................
...THE QUILLAYUTE WA AIRPORT CLIMATE SUMMARY FOR THE MONTH OF JANUARY 2024...
CLIMATE NORMAL PERIOD 1991 TO 2020
CLIMATE RECORD PERIOD 1966 TO 2024
WEATHER OBSERVED NORMAL DEPART LAST YEAR`S
VALUE DATE(S) VALUE FROM VALUE DATE(S)
NORMAL
................................................................
TEMPERATURE (F)
RECORD
HIGH 69 01/21/2005
LOW 7 01/23/1969
HIGHEST 67 01/29 MM MM 57 01/05
LOWEST 19 01/12 MM MM 20 01/30
AVG. MAXIMUM 50.0 47.5 2.5 48.6
AVG. MINIMUM 38.9 35.9 3.0 38.4
MEAN 44.4 41.7 2.7 43.5
DAYS MAX >= 90 0 0.0 0.0 0
DAYS MAX <= 32 2 0.2 1.8 0
DAYS MIN <= 32 7 10.3 -3.3 3
DAYS MIN <= 0 0 0.0 0.0 0
PRECIPITATION (INCHES)
RECORD
MAXIMUM 30.78 2020
MINIMUM 1.22 1985
TOTALS 17.81 15.59 2.22 10.47
DAILY AVG. 0.61 0.50 0.11 0.34
DAYS >= .01 23 22.2 0.8 23
DAYS >= .10 21 18.3 2.7 18
DAYS >= .50 14 10.0 4.0 6
DAYS >= 1.00 5 5.1 -0.1 2
GREATEST
24 HR. TOTAL 3.20 01/27 TO 01/28
DEGREE DAYS
HEATING TOTAL 598 722 -124 659
SINCE 7/1 2211 3112 -901 MM
COOLING TOTAL 0 0 0 0
SINCE 1/1 0 0 0 MM
................................................................
WIND (MPH)
AVERAGE WIND SPEED 7.0
HIGHEST WIND SPEED/DIRECTION 36/270 DATE 01/09
HIGHEST GUST SPEED/DIRECTION 64/250 DATE 01/09
SKY COVER
POSSIBLE SUNSHINE (PERCENT) MM
AVERAGE SKY COVER 0.77
NUMBER OF DAYS FAIR 3
NUMBER OF DAYS PC 6
NUMBER OF DAYS CLOUDY 22
AVERAGE RH (PERCENT) 76
WEATHER CONDITIONS. NUMBER OF DAYS WITH
THUNDERSTORM 1 MIXED PRECIP 0
HEAVY RAIN 8 RAIN 16
LIGHT RAIN 25 FREEZING RAIN 0
LT FREEZING RAIN 0 HAIL 0
HEAVY SNOW 0 SNOW 0
LIGHT SNOW 1 SLEET 0
FOG 20 FOG W/VIS <= 1/4 MILE 0
HAZE 12
- INDICATES NEGATIVE NUMBERS.
R INDICATES RECORD WAS SET OR TIED.
MM INDICATES DATA IS MISSING.
T INDICATES TRACE AMOUNT.
$$