000
CXUS53 KLSX 011445
CF6UIN
PRELIMINARY LOCAL CLIMATOLOGICAL DATA (WS FORM: F-6)
STATION: QUINCY IL
MONTH: APRIL
YEAR: 2023
LATITUDE: 39 57 N
LONGITUDE: 91 12 W
TEMPERATURE IN F: :PCPN: SNOW: WIND :SUNSHINE: SKY :PK WND
================================================================================
1 2 3 4 5 6A 6B 7 8 9 10 11 12 13 14 15 16 17 18
12Z AVG MX 2MIN
DY MAX MIN AVG DEP HDD CDD WTR SNW DPTH SPD SPD DIR MIN PSBL S-S WX SPD DR
================================================================================
1 54 37 46 -2 19 0 0.00 0.0 0 18.3 37 270 M M 4 55 280
2 73 34 54 6 11 0 0.00 0.0 0 10.7 23 160 M M 1 33 150
3 78 45 62 13 3 0 0.00 0.0 0 9.6 18 20 M M 4 23 30
4 87 48 68 19 0 3 0.00 0.0 0 17.3 30 160 M M 2 3 46 200
5 75 37 56 6 9 0 0.24 0.0 0 12.3 30 290 M M 4 13 39 290
6 53 30 42 -8 23 0 0.00 0.0 0 4.9 13 310 M M 0 18 310
7 61 36 49 -1 16 0 0.00 0.0 0 7.7 16 120 M M 0 21 130
8 67 37 52 1 13 0 0.00 0.0 0 8.9 17 130 M M 0 24 160
9 70 44 57 6 8 0 0.00 0.0 0 10.9 21 150 M M 0 31 140
10 73 45 59 8 6 0 0.00 0.0 0 7.4 15 200 M M 0 23 160
11 79 48 64 12 1 0 0.00 0.0 0 9.5 18 230 M M 0 8 28 210
12 79 53 66 14 0 1 0.00 0.0 0 11.0 22 210 M M 0 30 210
13 80 50 65 13 0 0 0.00 0.0 0 7.9 15 200 M M 0 23 220
14 81 54 68 15 0 3 0.00 0.0 0 7.9 16 180 M M 0 24 220
15 76 44 60 7 5 0 0.24 0.0 0 11.3 35 310 M M 4 13 49 310
16 46 37 42 -12 23 0 0.16 0.0 0 19.3 28 280 M M 10 18 43 280
17 63 38 51 -3 14 0 0.00 0.0 0 17.0 33 300 M M 1 8 43 300
18 66 40 53 -1 12 0 0.00 0.0 0 10.4 18 120 M M 2 26 130
19 83 52 68 14 0 3 0.00 0.0 0 14.2 28 210 M M 3 38 200
20 78 45 62 7 3 0 0.09 0.0 0 12.0 31 280 M M 4 38 46 280
21 64 40 52 -3 13 0 0.00 0.0 0 13.2 29 280 M M 1 41 260
22 44 35 40 -16 25 0 0.00 0.0 0 13.5 25 300 M M 7 32 310
23 51 34 43 -13 22 0 0.00 0.0 0 8.1 20 310 M M 5 31 310
24 63 33 48 -8 17 0 0.00 0.0 0 5.7 17 200 M M 7 26 230
25 65 46 56 -1 9 0 0.00 0.0 0 10.0 17 300 M M 5 22 50
26 63 40 52 -5 13 0 0.00 0.0 0 8.3 17 80 M M 2 23 70
27 66 40 53 -4 12 0 0.00 0.0 0 6.9 14 130 M M 2 20 140
28 74 44 59 1 6 0 0.00 0.0 0 4.9 14 320 M M 0 19 310
29 66 42 54 -4 11 0 0.19 0.0 0 12.6 29 340 M M 4 1 37 10
30 53 41 47 -11 18 0 T 0.0 0 16.8 30 300 M M 8 41 300
================================================================================
SM 2031 1249 312 10 0.92 0.0 328.5 M 80
================================================================================
AV 67.7 41.6 10.9 FASTST M M 3 MAX(MPH)
MISC ----> 37 270 55 280
================================================================================
NOTES:
# LAST OF SEVERAL OCCURRENCES
COLUMN 17 PEAK WIND IN M.P.H.
PRELIMINARY LOCAL CLIMATOLOGICAL DATA (WS FORM: F-6) , PAGE 2
STATION: QUINCY IL
MONTH: APRIL
YEAR: 2023
LATITUDE: 39 57 N
LONGITUDE: 91 12 W
[TEMPERATURE DATA] [PRECIPITATION DATA] SYMBOLS USED IN COLUMN 16
AVERAGE MONTHLY: 54.7 TOTAL FOR MONTH: 0.92 1 = FOG OR MIST
DPTR FM NORMAL: 1.4 DPTR FM NORMAL: -3.06 2 = FOG REDUCING VISIBILITY
HIGHEST: 87 ON 4 GRTST 24HR 0.36 ON 15-16 TO 1/4 MILE OR LESS
LOWEST: 30 ON 6 3 = THUNDER
SNOW, ICE PELLETS, HAIL 4 = ICE PELLETS
TOTAL MONTH: 0.0 INCH 5 = HAIL
GRTST 24HR 0.0 6 = FREEZING RAIN OR DRIZZLE
GRTST DEPTH: 0 7 = DUSTSTORM OR SANDSTORM:
VSBY 1/2 MILE OR LESS
8 = SMOKE OR HAZE
[NO. OF DAYS WITH] [WEATHER - DAYS WITH] 9 = BLOWING SNOW
X = TORNADO
MAX 32 OR BELOW: 0 0.01 INCH OR MORE: 5
MAX 90 OR ABOVE: 0 0.10 INCH OR MORE: 4
MIN 32 OR BELOW: 1 0.50 INCH OR MORE: 0
MIN 0 OR BELOW: 0 1.00 INCH OR MORE: 0
[HDD (BASE 65) ]
TOTAL THIS MO. 312 CLEAR (SCALE 0-3) 17
DPTR FM NORMAL -55 PTCLDY (SCALE 4-7) 12
TOTAL FM JUL 1 4888 CLOUDY (SCALE 8-10) 1
DPTR FM NORMAL -454
[CDD (BASE 65) ]
TOTAL THIS MO. 10
DPTR FM NORMAL -4 [PRESSURE DATA]
TOTAL FM JAN 1 10 HIGHEST SLP 30.51 ON 7
DPTR FM NORMAL -6 LOWEST SLP 29.32 ON 4
[REMARKS]
#FINAL-04-23#