000
CXUS53 KLSX 011508
CF6UIN
PRELIMINARY LOCAL CLIMATOLOGICAL DATA (WS FORM: F-6)
STATION: QUINCY IL
MONTH: OCTOBER
YEAR: 2022
LATITUDE: 39 57 N
LONGITUDE: 91 12 W
TEMPERATURE IN F: :PCPN: SNOW: WIND :SUNSHINE: SKY :PK WND
================================================================================
1 2 3 4 5 6A 6B 7 8 9 10 11 12 13 14 15 16 17 18
12Z AVG MX 2MIN
DY MAX MIN AVG DEP HDD CDD WTR SNW DPTH SPD SPD DIR MIN PSBL S-S WX SPD DR
================================================================================
1 73 44 59 -2 6 0 0.00 0.0 0 5.8 12 70 M M 0 18 70
2 76 43 60 -1 5 0 0.00 0.0 0 6.7 14 70 M M 0 19 40
3 72 49 61 1 4 0 0.00 0.0 0 6.1 12 120 M M 0 15 110
4 75 45 60 0 5 0 0.00 0.0 0 5.1 10 130 M M 0 16 180
5 74 47 61 1 4 0 0.04 0.0 0 5.6 14 320 M M 4 3 17 210
6 77 51 64 5 1 0 0.00 0.0 0 9.5 24 330 M M 1 12 31 330
7 58 40 49 -10 16 0 0.00 0.0 0 8.3 18 360 M M 3 23 360
8 60 32 46 -12 19 0 0.00 0.0 0 4.8 14 240 M M 0 18 21 260
9 74 40 57 -1 8 0 0.00 0.0 0 10.3 21 240 M M 0 28 230
10 79 45 62 4 3 0 0.00 0.0 0 6.3 13 210 M M 1 17 220
11 67 58 63 6 2 0 0.57 0.0 0 11.1 22 170 M M 7 1 36 180
12 69 44 57 0 8 0 0.06 0.0 0 12.0 35 320 M M 6 46 330
13 60 35 48 -8 17 0 0.00 0.0 0 11.3 28 290 M M 2 42 280
14 66 34 50 -6 15 0 0.01 0.0 0 10.6 26 280 M M 3 42 290
15 63 34 49 -7 16 0 0.00 0.0 0 6.9 14 210 M M 1 20 210
16 63 38 51 -4 14 0 0.00 0.0 0 10.7 22 310 M M 1 30 340
17 45 32 39 -16 26 0 0.00 0.0 0 15.3 28 310 M M 1 35 310
18 49 26 38 -16 27 0 0.00 0.0 0 13.1 23 310 M M 0 31 290
19 49 24 37 -17 28 0 0.00 0.0 0 9.3 18 300 M M 0 8 23 310
20 71 31 51 -2 14 0 0.00 0.0 0 8.6 18 240 M M 0 24 240
21 82 43 63 10 2 0 0.00 0.0 0 13.1 23 200 M M 0 34 210
22 85 62 74 21 0 9 0.00 0.0 0 13.9 23 160 M M 0 8 37 170
23 80 63 72 20 0 7 0.00 0.0 0 17.3 26 190 M M 1 41 140
24 73 55 64 12 1 0 0.24 0.0 0 13.7 25 180 M M 5 1 38 180
25 55 42 49 -2 16 0 1.19 0.0 0 15.4 43 10 M M 10 1 54 10
26 58 36 47 -4 18 0 0.00 0.0 0 6.3 15 320 M M 0 8 22 320
27 59 40 50 0 15 0 0.00 0.0 0 8.5 18 120 M M 0 23 120
28 64 36 50 0 15 0 0.00 0.0 0 5.7 10 70 M M 0 1 16 30
29 64 35 50 0 15 0 0.00 0.0 0 5.2 8 60 M M 0 12 100
30 58 48 53 4 12 0 0.11 0.0 0 6.3 13 10 M M 8 18 16 10
31 65 46 56 7 9 0 0.09 0.0 0 6.4 14 310 M M 5 1 17 310
================================================================================
SM 2063 1298 341 16 2.31 0.0 289.2 M 59
================================================================================
AV 66.5 41.9 9.3 FASTST M M 2 MAX(MPH)
MISC ----> 43 10 54 10
================================================================================
NOTES:
# LAST OF SEVERAL OCCURRENCES
COLUMN 17 PEAK WIND IN M.P.H.
PRELIMINARY LOCAL CLIMATOLOGICAL DATA (WS FORM: F-6) , PAGE 2
STATION: QUINCY IL
MONTH: OCTOBER
YEAR: 2022
LATITUDE: 39 57 N
LONGITUDE: 91 12 W
[TEMPERATURE DATA] [PRECIPITATION DATA] SYMBOLS USED IN COLUMN 16
AVERAGE MONTHLY: 54.2 TOTAL FOR MONTH: 2.31 1 = FOG OR MIST
DPTR FM NORMAL: -0.9 DPTR FM NORMAL: -0.74 2 = FOG REDUCING VISIBILITY
HIGHEST: 85 ON 22 GRTST 24HR 1.27 ON 24-25 TO 1/4 MILE OR LESS
LOWEST: 24 ON 19 3 = THUNDER
SNOW, ICE PELLETS, HAIL 4 = ICE PELLETS
TOTAL MONTH: 0.0 INCH 5 = HAIL
GRTST 24HR 0.0 6 = FREEZING RAIN OR DRIZZLE
GRTST DEPTH: 0 7 = DUSTSTORM OR SANDSTORM:
VSBY 1/2 MILE OR LESS
8 = SMOKE OR HAZE
[NO. OF DAYS WITH] [WEATHER - DAYS WITH] 9 = BLOWING SNOW
X = TORNADO
MAX 32 OR BELOW: 0 0.01 INCH OR MORE: 8
MAX 90 OR ABOVE: 0 0.10 INCH OR MORE: 4
MIN 32 OR BELOW: 5 0.50 INCH OR MORE: 2
MIN 0 OR BELOW: 0 1.00 INCH OR MORE: 1
[HDD (BASE 65) ]
TOTAL THIS MO. 341 CLEAR (SCALE 0-3) 24
DPTR FM NORMAL 10 PTCLDY (SCALE 4-7) 5
TOTAL FM JUL 1 404 CLOUDY (SCALE 8-10) 2
DPTR FM NORMAL -6
[CDD (BASE 65) ]
TOTAL THIS MO. 16
DPTR FM NORMAL -7 [PRESSURE DATA]
TOTAL FM JAN 1 1364 HIGHEST SLP 30.49 ON 8
DPTR FM NORMAL 212 LOWEST SLP 29.46 ON 25
[REMARKS]
#FINAL-10-22#