000
CXUS53 KLSX 011656
CF6UIN
PRELIMINARY LOCAL CLIMATOLOGICAL DATA (WS FORM: F-6)
STATION: QUINCY IL
MONTH: JULY
YEAR: 2021
LATITUDE: 39 57 N
LONGITUDE: 91 12 W
TEMPERATURE IN F: :PCPN: SNOW: WIND :SUNSHINE: SKY :PK WND
================================================================================
1 2 3 4 5 6A 6B 7 8 9 10 11 12 13 14 15 16 17 18
12Z AVG MX 2MIN
DY MAX MIN AVG DEP HDD CDD WTR SNW DPTH SPD SPD DIR MIN PSBL S-S WX SPD DR
================================================================================
1 86 66 76 0 0 11 0.00 0.0 0 6.7 18 40 M M 3 1 25 20
2 81 63 72 -4 0 7 0.00 0.0 0 3.4 8 80 M M 1 12 20
3 82 64 73 -3 0 8 0.00 0.0 0 3.0 7 180 M M 0 11 40
4 86 63 75 -1 0 10 0.00 0.0 0 5.4 12 190 M M 0 15 200
5 88 67 78 2 0 13 0.00 0.0 0 6.5 13 190 M M 0 18 180
6 88 69 79 3 0 14 0.00 0.0 0 5.5 13 200 M M 1 19 190
7 89 69 79 3 0 14 0.13 0.0 0 5.9 17 180 M M 3 1 23 170
8 78 67 73 -3 0 8 0.09 0.0 0 6.9 13 340 M M 7 18 18 330
9 83 63 73 -3 0 8 0.21 0.0 0 7.8 29 30 M M 3 13 37 40
10 75 67 71 -5 0 6 0.52 0.0 0 10.6 22 300 M M 7 13 28 290
11 77 67 72 -4 0 7 0.97 0.0 0 8.0 16 40 M M 10 12 22 30
12 76 67 72 -4 0 7 0.07 0.0 0 8.1 15 320 M M 9 1 18 330
13 82 68 75 -1 0 10 0.00 0.0 0 5.2 9 250 M M 7 1 13 250
14 87 69 78 2 0 13 0.00 0.0 0 8.9 17 200 M M 1 8 23 180
15 83 69 76 0 0 11 1.39 0.0 0 5.2 29 260 M M 5 1238 38 250
16 80 67 74 -2 0 9 0.30 0.0 0 5.4 12 60 M M 8 123 15 40
17 81 62 72 -4 0 7 0.00 0.0 0 5.7 13 40 M M 2 128 18 60
18 83 63 73 -3 0 8 0.00 0.0 0 5.0 13 60 M M 2 18 17 60
19 84 66 75 -1 0 10 0.00 0.0 0 4.8 12 80 M M 1 1 15 120
20 85 67 76 0 0 11 0.00 0.0 0 4.4 10 350 M M 1 18 13 310
21 87 66 77 1 0 12 0.00 0.0 0 2.4 7 360 M M 1 1 9 30
22 87 70 79 3 0 14 0.00 0.0 0 4.8 12 190 M M 1 18 18 200
23 89 70 80 4 0 15 T 0.0 0 5.6 10 170 M M 1 18 15 220
24 93 73 83 7 0 18 0.55 0.0 0 7.5 18 360 M M 2 13 25 350
25 89 72 81 5 0 16 T 0.0 0 5.2 10 360 M M 0 1 14 10
26 88 67 78 2 0 13 0.00 0.0 0 4.6 8 70 M M 0 1 12 80
27 87 67 77 1 0 12 0.00 0.0 0 4.0 10 210 M M 0 8 13 190
28 91 69 80 4 0 15 0.00 0.0 0 4.8 8 190 M M 0 1 11 240
29 94 73 84 8 0 19 0.00 0.0 0 8.3 24 240 M M 2 13 36 240
30 80 69 75 -1 0 10 0.00 0.0 0 6.8 14 110 M M 3 1 19 90
31 70 61 66 -10 0 1 M M M 7.7 17 60 M M 8 1238 20 50
================================================================================
SM 2609 2080 0 337 4.23 0.0 184.1 M 89
================================================================================
AV 84.2 67.1 5.9 FASTST M M 3 MAX(MPH)
MISC ----> # 29 30 38 250
================================================================================
NOTES:
# LAST OF SEVERAL OCCURRENCES
COLUMN 17 PEAK WIND IN M.P.H.
PRELIMINARY LOCAL CLIMATOLOGICAL DATA (WS FORM: F-6) , PAGE 2
STATION: QUINCY IL
MONTH: JULY
YEAR: 2021
LATITUDE: 39 57 N
LONGITUDE: 91 12 W
[TEMPERATURE DATA] [PRECIPITATION DATA] SYMBOLS USED IN COLUMN 16
AVERAGE MONTHLY: 75.6 TOTAL FOR MONTH: 4.23 1 = FOG OR MIST
DPTR FM NORMAL: -0.7 DPTR FM NORMAL: 0.74 2 = FOG REDUCING VISIBILITY
HIGHEST: 94 ON 29 GRTST 24HR 2.48 ON 30- 1 TO 1/4 MILE OR LESS
LOWEST: 61 ON 31 3 = THUNDER
SNOW, ICE PELLETS, HAIL 4 = ICE PELLETS
TOTAL MONTH: 0.0 INCH 5 = HAIL
GRTST 24HR 0.0 6 = FREEZING RAIN OR DRIZZLE
GRTST DEPTH: 0 7 = DUSTSTORM OR SANDSTORM:
VSBY 1/2 MILE OR LESS
8 = SMOKE OR HAZE
[NO. OF DAYS WITH] [WEATHER - DAYS WITH] 9 = BLOWING SNOW
X = TORNADO
MAX 32 OR BELOW: 0 0.01 INCH OR MORE: 9
MAX 90 OR ABOVE: 3 0.10 INCH OR MORE: 7
MIN 32 OR BELOW: 0 0.50 INCH OR MORE: 4
MIN 0 OR BELOW: 0 1.00 INCH OR MORE: 1
[HDD (BASE 65) ]
TOTAL THIS MO. 0 CLEAR (SCALE 0-3) 22
DPTR FM NORMAL -1 PTCLDY (SCALE 4-7) 6
TOTAL FM JUL 1 0 CLOUDY (SCALE 8-10) 3
DPTR FM NORMAL 0
[CDD (BASE 65) ]
TOTAL THIS MO. 337
DPTR FM NORMAL -13 [PRESSURE DATA]
TOTAL FM JAN 1 750 HIGHEST SLP 30.18 ON 18
DPTR FM NORMAL 52 LOWEST SLP 29.76 ON 11
[REMARKS]
#FINAL-07-21#