000
CXUS54 KHGX 011524
CF6UTS
PRELIMINARY LOCAL CLIMATOLOGICAL DATA (WS FORM: F-6)
STATION: HUNTSVILLE
MONTH: DECEMBER
YEAR: 2020
LATITUDE: 30 45 N
LONGITUDE: 95 35 W
TEMPERATURE IN F: :PCPN: SNOW: WIND :SUNSHINE: SKY :PK WND
================================================================================
1 2 3 4 5 6A 6B 7 8 9 10 11 12 13 14 15 16 17 18
12Z AVG MX 2MIN
DY MAX MIN AVG DEP HDD CDD WTR SNW DPTH SPD SPD DIR MIN PSBL S-S WX SPD DR
================================================================================
1 61 28 45 -9 20 0 0.00 0.0 0 5.4 17 180 M M 0 24 190
2 59 47 53 -1 12 0 1.23 0.0 0 6.3 15 330 M M 10 1 22 320
3 55 35 45 -9 20 0 0.00 0.0 0 5.8 15 330 M M 3 21 340
4 58 37 48 -5 17 0 0.00 0.0 0 3.1 12 330 M M 1 15 310
5 61 34 48 -5 17 0 0.01 0.0 0 1.8 7 240 M M 4 9 330
6 65 41 53 0 12 0 0.03 0.0 0 4.5 15 310 M M 2 1 21 300
7 64 39 52 -1 13 0 0.00 0.0 0 4.5 15 330 M M 0 20 320
8 74 39 57 5 8 0 0.00 0.0 M 4.2 10 290 M M 0 14 290
9 79 43 61 9 4 0 0.00 0.0 M 4.9 10 220 M M 0 13 230
10 75 49 62 10 3 0 0.00 0.0 M 6.6 16 180 M M 0 22 210
11 71 62 67 15 0 2 0.93 0.0 M 4.2 16 170 M M 7 123 23 170
12 64 47 56 4 9 0 0.00 0.0 0 3.5 14 330 M M 3 12 20 320
13 63 42 53 1 12 0 0.19 0.0 0 10.2 24 330 M M 9 1 39 310
14 50 36 43 -8 22 0 0.00 0.0 0 5.5 21 340 M M 6 32 330
15 48 40 44 -7 21 0 0.13 0.0 0 3.9 9 330 M M 10 1 12 330
16 48 31 40 -11 25 0 0.00 0.0 0 5.2 14 320 M M 5 1 18 280
17 59 28 44 -7 21 0 0.00 0.0 0 1.5 8 190 M M 0 1 9 220
18 65 40 53 2 12 0 0.00 0.0 0 5.8 15 160 M M 4 22 120
19 65 49 57 6 8 0 1.00 0.0 0 3.4 17 320 M M 8 123 25 310
20 67 44 56 5 9 0 0.00 0.0 0 2.7 10 300 M M 4 12 14 330
21 72 42 57 7 8 0 0.00 0.0 0 4.2 10 200 M M 0 14 210
22 71 49 60 10 5 0 0.00 0.0 0 6.5 15 190 M M 2 20 180
23 80 51 66 16 0 1 0.00 0.0 0 10.7 25 340 M M 5 38 340
24 53 35 44 -6 21 0 0.00 0.0 0 10.8 22 330 M M 1 38 340
25 63 34 49 -1 16 0 0.00 0.0 M 2.7 10 250 M M 0 13 240
26 69 44 57 7 8 0 0.00 0.0 0 7.3 15 190 M M 0 21 200
27 75 51 63 13 2 0 0.00 0.0 0 9.3 22 200 M M 2 32 220
28 75 57 66 16 0 1 T 0.0 0 5.5 10 160 M M 2 1 16 130
29 73 58 66 16 0 1 0.00 0.0 0 7.3 15 160 M M 4 26 160
30 78 51 65 15 0 0 2.03 0.0 0 7.2 18 160 M M 9 13 25 180
31 55 43 49 -1 16 0 2.03 0.0 0 8.4 23 220 M M 10 13 32 240
================================================================================
SM 2015 1326 341 5 7.58 0.0 172.9 M 111
================================================================================
AV 65.0 42.8 5.6 FASTST M M 4 MAX(MPH)
MISC ----> 25 340 39 310
================================================================================
NOTES:
# LAST OF SEVERAL OCCURRENCES
COLUMN 17 PEAK WIND IN M.P.H.
PRELIMINARY LOCAL CLIMATOLOGICAL DATA (WS FORM: F-6) , PAGE 2
STATION: HUNTSVILLE
MONTH: DECEMBER
YEAR: 2020
LATITUDE: 30 45 N
LONGITUDE: 95 35 W
[TEMPERATURE DATA] [PRECIPITATION DATA] SYMBOLS USED IN COLUMN 16
AVERAGE MONTHLY: 53.9 TOTAL FOR MONTH: 7.58 1 = FOG OR MIST
DPTR FM NORMAL: 2.4 DPTR FM NORMAL: 3.73 2 = FOG REDUCING VISIBILITY
HIGHEST: 80 ON 23 GRTST 24HR 4.04 ON 30-31 TO 1/4 MILE OR LESS
LOWEST: 28 ON 17, 1 3 = THUNDER
SNOW, ICE PELLETS, HAIL 4 = ICE PELLETS
TOTAL MONTH: 0.0 INCH 5 = HAIL
GRTST 24HR 0.0 6 = FREEZING RAIN OR DRIZZLE
GRTST DEPTH: 0 7 = DUSTSTORM OR SANDSTORM:
VSBY 1/2 MILE OR LESS
8 = SMOKE OR HAZE
[NO. OF DAYS WITH] [WEATHER - DAYS WITH] 9 = BLOWING SNOW
X = TORNADO
MAX 32 OR BELOW: 0 0.01 INCH OR MORE: 9
MAX 90 OR ABOVE: 0 0.10 INCH OR MORE: 7
MIN 32 OR BELOW: 3 0.50 INCH OR MORE: 5
MIN 0 OR BELOW: 0 1.00 INCH OR MORE: 4
[HDD (BASE 65) ]
TOTAL THIS MO. 341 CLEAR (SCALE 0-3) 16
DPTR FM NORMAL -93 PTCLDY (SCALE 4-7) 9
TOTAL FM JUL 1 500 CLOUDY (SCALE 8-10) 6
DPTR FM NORMAL -192
[CDD (BASE 65) ]
TOTAL THIS MO. 5
DPTR FM NORMAL -9 [PRESSURE DATA]
TOTAL FM JAN 1 3301 HIGHEST SLP 30.40 ON 24
DPTR FM NORMAL 393 LOWEST SLP 29.54 ON 31
[REMARKS]
#FINAL-12-20#