000
CXUS55 KGJT 020305
CLMVEL
CLIMATE REPORT
NATIONAL WEATHER SERVICE GRAND JUNCTION CO
905 PM MDT SAT JUL 01 2023
...................................
...THE VERNAL UT CLIMATE SUMMARY FOR THE MONTH OF JUNE 2023...
CLIMATE NORMAL PERIOD 1991 TO 2020
CLIMATE RECORD PERIOD 9999 TO 9999
WEATHER OBSERVED NORMAL DEPART LAST YEAR`S
VALUE DATE(S) VALUE FROM VALUE DATE(S)
NORMAL
................................................................
TEMPERATURE (F)
HIGHEST 88 06/25 MM MM 98 06/10
06/26
06/11
06/12
LOWEST 43 06/24 MM MM 39 06/01
AVG. MAXIMUM 79.7 83.5 -3.8 86.0
AVG. MINIMUM 50.3 50.7 -0.4 51.6
MEAN 65.0 67.1 -2.1 68.8
DAYS MAX >= 90 0 8.5 -8.5 10
DAYS MAX <= 32 0 0.0 0.0 0
DAYS MIN <= 32 0 0.1 -0.1 0
DAYS MIN <= 0 0 0.0 0.0 0
PRECIPITATION (INCHES)
TOTALS 1.07 0.50 0.57 0.51
DAILY AVG. 0.04 0.02 0.02 0.02
DAYS >= .01 4 3.6 0.4 6
DAYS >= .10 3 1.2 1.8 1
DAYS >= .50 1 0.3 0.7 0
DAYS >= 1.00 0 0.0 0.0 0
GREATEST
24 HR. TOTAL 0.57 06/03 TO 06/03 0.25
SNOWFALL (INCHES)
TOTALS MM MM MM MM
SINCE 7/1 MM MM MM MM
SNOWDEPTH AVG. MM MM
DAYS >= 1.0 MM MM MM MM
GREATEST
SNOW DEPTH MM MM MM
24 HR TOTAL MM MM
DEGREE DAYS
HEATING TOTAL 36 56 -20 33
SINCE 7/1 8500 6910 1590 6563
COOLING TOTAL 46 119 -73 154
SINCE 1/1 46 134 -88 165
................................................................
WIND (MPH)
AVERAGE WIND SPEED 6.2
HIGHEST WIND SPEED/DIRECTION 33/200 DATE 06/23
HIGHEST GUST SPEED/DIRECTION 47/210 DATE 06/23
SKY COVER
POSSIBLE SUNSHINE (PERCENT) MM
AVERAGE SKY COVER 0.18
NUMBER OF DAYS FAIR 25
NUMBER OF DAYS PC 4
NUMBER OF DAYS CLOUDY 1
AVERAGE RH (PERCENT) 46
WEATHER CONDITIONS. NUMBER OF DAYS WITH
THUNDERSTORM 6 MIXED PRECIP 0
HEAVY RAIN 2 RAIN 3
LIGHT RAIN 11 FREEZING RAIN 0
LT FREEZING RAIN 0 HAIL 0
HEAVY SNOW 0 SNOW 0
LIGHT SNOW 0 SLEET 0
FOG 2 FOG W/VIS <= 1/4 MILE 0
HAZE 1
- INDICATES NEGATIVE NUMBERS.
R INDICATES RECORD WAS SET OR TIED.
MM INDICATES DATA IS MISSING.
T INDICATES TRACE AMOUNT.
$$