000
CXUS55 KVEF 010910
CF6VGT
PRELIMINARY LOCAL CLIMATOLOGICAL DATA (WS FORM: F-6)
STATION: NORTH_LAS_VEGAS NV
MONTH: FEBRUARY
YEAR: 2024
LATITUDE: 36 12 N
LONGITUDE: 115 12 W
TEMPERATURE IN F: :PCPN: SNOW: WIND :SUNSHINE: SKY :PK WND
================================================================================
1 2 3 4 5 6A 6B 7 8 9 10 11 12 13 14 15 16 17 18
12Z AVG MX 2MIN
DY MAX MIN AVG DEP HDD CDD WTR SNW DPTH SPD SPD DIR MIN PSBL S-S WX SPD DR
================================================================================
1 61 44 53 3 12 0 0.14 M M 5.8 26 210 M M 6 38 190
2 58 43 51 1 14 0 0.01 M M 5.6 16 240 M M 5 22 240
3 59 39 49 -2 16 0 0.00 M M 4.5 12 310 M M 0 14 140
4 52 47 50 -1 15 0 0.08 M M 4.8 12 90 M M 9 14 250
5 51 47 49 -2 16 0 0.42 M M 5.1 13 310 M M 10 1 16 310
6 51 46 49 -2 16 0 0.18 M M 6.1 17 320 M M 8 1 24 330
7 57 43 50 -1 15 0 T M M 9.2 22 200 M M 6 38 200
8 50 41 46 -5 19 0 0.05 M M 7.2 17 190 M M 4 8 22 200
9 52 40 46 -5 19 0 0.01 M M 5.6 23 320 M M 8 29 320
10 54 42 48 -4 17 0 0.01 M M 14.4 28 320 M M 4 38 320
11 55 40 48 -4 17 0 0.00 M M 8.9 21 330 M M 0 27 340
12 57 37 47 -5 18 0 0.00 M M 3.0 10 330 M M 0 15 320
13 61 38 50 -2 15 0 0.00 M M 3.5 10 320 M M 0 14 320
14 64 41 53 1 12 0 0.00 M M 4.9 12 70 M M 0 15 80
15 65 49 57 5 8 0 0.00 M M 5.5 17 180 M M 0 22 180
16 68 48 58 5 7 0 0.00 M M 4.5 14 320 M M 0 18 320
17 66 48 57 4 8 0 0.00 M M 4.3 13 70 M M 0 18 120
18 71 49 60 7 5 0 0.00 M M 4.4 16 180 M M 1 22 190
19 71 50 61 8 4 0 0.00 M M 6.8 21 170 M M 7 26 160
20 63 51 57 3 8 0 0.21 M M 7.3 17 140 M M 9 1 23 130
21 65 49 57 3 8 0 0.00 M M 3.2 12 300 M M 5 12 17 290
22 66 45 56 2 9 0 0.00 M M 4.5 13 70 M M 0 15 80
23 68 48 58 4 7 0 0.00 M M 3.3 13 320 M M 0 18 320
24 69 49 59 5 6 0 0.00 M M 4.1 12 320 M M 0 19 120
25 69 47 58 3 7 0 0.00 M M 4.3 12 180 M M 0 15 190
26 76 47 62 7 3 0 0.00 M M 12.5 32 240 M M 0 42 220
27 71 50 61 6 4 0 0.00 M M 10.8 28 310 M M 0 36 310
28 67 44 56 0 9 0 0.00 M M 3.9 9 100 M M 0 24 40
29 73 44 59 3 6 0 0.00 M M 12.2 29 210 M M 0 36 200
================================================================================
SM 1810 1306 320 0 1.11 M 180.2 M 82
================================================================================
AV 62.4 45.0 6.2 FASTST M M 3 MAX(MPH)
MISC ----> 32 240 42 220
================================================================================
NOTES:
# LAST OF SEVERAL OCCURRENCES
COLUMN 17 PEAK WIND IN M.P.H.
PRELIMINARY LOCAL CLIMATOLOGICAL DATA (WS FORM: F-6) , PAGE 2
STATION: NORTH_LAS_VEGAS NV
MONTH: FEBRUARY
YEAR: 2024
LATITUDE: 36 12 N
LONGITUDE: 115 12 W
[TEMPERATURE DATA] [PRECIPITATION DATA] SYMBOLS USED IN COLUMN 16
AVERAGE MONTHLY: 53.7 TOTAL FOR MONTH: 1.11 1 = FOG OR MIST
DPTR FM NORMAL: 1.2 DPTR FM NORMAL: 0.29 2 = FOG REDUCING VISIBILITY
HIGHEST: 76 ON 26 GRTST 24HR 0.42 ON 5- 5 TO 1/4 MILE OR LESS
LOWEST: 37 ON 12 3 = THUNDER
SNOW, ICE PELLETS, HAIL 4 = ICE PELLETS
TOTAL MONTH: M 5 = HAIL
GRTST 24HR M ON M 6 = FREEZING RAIN OR DRIZZLE
GRTST DEPTH: M ON M 7 = DUSTSTORM OR SANDSTORM:
VSBY 1/2 MILE OR LESS
8 = SMOKE OR HAZE
[NO. OF DAYS WITH] [WEATHER - DAYS WITH] 9 = BLOWING SNOW
X = TORNADO
MAX 32 OR BELOW: 0 0.01 INCH OR MORE: 9
MAX 90 OR ABOVE: 0 0.10 INCH OR MORE: 4
MIN 32 OR BELOW: 0 0.50 INCH OR MORE: 0
MIN 0 OR BELOW: 0 1.00 INCH OR MORE: 0
[HDD (BASE 65) ]
TOTAL THIS MO. 320 CLEAR (SCALE 0-3) 17
DPTR FM NORMAL -29 PTCLDY (SCALE 4-7) 8
TOTAL FM JUL 1 1392 CLOUDY (SCALE 8-10) 4
DPTR FM NORMAL -354
[CDD (BASE 65) ]
TOTAL THIS MO. 0
DPTR FM NORMAL -1 [PRESSURE DATA]
TOTAL FM JAN 1 0 HIGHEST SLP M ON M
DPTR FM NORMAL -1 LOWEST SLP 29.59 ON 6
[REMARKS]
#FINAL-02-24#