000
CXUS55 KVEF 010910
CF6VGT
PRELIMINARY LOCAL CLIMATOLOGICAL DATA (WS FORM: F-6)
STATION: NORTH_LAS_VEGAS NV
MONTH: NOVEMBER
YEAR: 2023
LATITUDE: 36 12 N
LONGITUDE: 115 12 W
TEMPERATURE IN F: :PCPN: SNOW: WIND :SUNSHINE: SKY :PK WND
================================================================================
1 2 3 4 5 6A 6B 7 8 9 10 11 12 13 14 15 16 17 18
12Z AVG MX 2MIN
DY MAX MIN AVG DEP HDD CDD WTR SNW DPTH SPD SPD DIR MIN PSBL S-S WX SPD DR
================================================================================
1 75 50 63 1 2 0 0.00 M M 4.2 12 320 M M 0 15 320
2 76 50 63 1 2 0 0.00 M M 3.5 10 270 M M 0 18 340
3 78 50 64 2 1 0 0.00 M M 3.6 12 330 M M 0 14 340
4 78 49 64 3 1 0 0.00 M M 3.3 9 320 M M 0 11 320
5 77 51 64 3 1 0 0.00 M M 3.0 10 340 M M 0 12 330
6 85 54 70 10 0 5 0.00 M M 12.7 30 220 M M 0 39 230
7 76 61 69 9 0 4 0.00 M M 16.5 30 310 M M 2 40 180
8 68 56 62 3 3 0 0.00 M M 14.2 26 320 M M 1 36 310
9 69 52 61 2 4 0 0.00 M M 11.3 23 330 M M 0 34 330
10 68 44 56 -2 9 0 0.00 M M 4.0 13 340 M M 0 16 350
11 70 44 57 -1 8 0 0.00 M M 3.4 12 330 M M 0 14 330
12 72 43 58 0 7 0 0.00 M M 3.6 8 290 M M 0 11 150
13 72 45 59 2 6 0 0.00 M M 3.4 9 100 M M 0 12 110
14 75 47 61 4 4 0 0.00 M M 4.9 10 140 M M 0 13 120
15 70 50 60 4 5 0 0.05 M M 4.7 10 80 M M 4 13 150
16 67 54 61 5 4 0 0.00 M M 3.3 8 100 M M 5 12 90
17 69 50 60 4 5 0 0.00 M M 2.8 10 120 M M 3 8 13 120
18 72 51 62 7 3 0 T M M 6.9 23 220 M M 1 31 230
19 66 50 58 3 7 0 0.00 M M 17.5 44 320 M M 0 63 340
20 63 50 57 3 8 0 0.00 M M 17.9 32 320 M M 0 47 330
21 65 48 57 3 8 0 0.00 M M 6.3 16 350 M M 0 23 340
22 67 42 55 2 10 0 0.00 M M 2.6 10 320 M M 0 13 310
23 64 45 55 2 10 0 0.00 M M 3.6 7 300 M M 0 10 110
24 60 46 53 1 12 0 0.00 M M 12.5 23 330 M M 1 33 330
25 58 43 51 -1 14 0 0.00 M M 10.6 21 340 M M 0 28 320
26 58 41 50 -2 15 0 0.00 M M 8.2 17 340 M M 0 23 330
27 59 38 49 -2 16 0 0.00 M M 5.5 12 340 M M 0 M M
28 62 39 51 0 14 0 0.00 M M 3.8 9 320 M M 0 8 13 330
29 62 42 52 2 13 0 0.00 M M 5.0 15 320 M M 0 19 320
30 62 43 53 3 12 0 0.00 M M 5.4 15 310 M M 1 19 310
================================================================================
SM 2063 1428 204 9 0.05 M 208.2 M 18
================================================================================
AV 68.8 47.6 6.9 FASTST M M 1 MAX(MPH)
MISC ----> 44 320 63 340
================================================================================
NOTES:
# LAST OF SEVERAL OCCURRENCES
COLUMN 17 PEAK WIND IN M.P.H.
PRELIMINARY LOCAL CLIMATOLOGICAL DATA (WS FORM: F-6) , PAGE 2
STATION: NORTH_LAS_VEGAS NV
MONTH: NOVEMBER
YEAR: 2023
LATITUDE: 36 12 N
LONGITUDE: 115 12 W
[TEMPERATURE DATA] [PRECIPITATION DATA] SYMBOLS USED IN COLUMN 16
AVERAGE MONTHLY: 58.2 TOTAL FOR MONTH: 0.05 1 = FOG OR MIST
DPTR FM NORMAL: 2.0 DPTR FM NORMAL: -0.24 2 = FOG REDUCING VISIBILITY
HIGHEST: 85 ON 6 GRTST 24HR 0.05 ON 15-15 TO 1/4 MILE OR LESS
LOWEST: 38 ON 27 3 = THUNDER
SNOW, ICE PELLETS, HAIL 4 = ICE PELLETS
TOTAL MONTH: M 5 = HAIL
GRTST 24HR M ON M 6 = FREEZING RAIN OR DRIZZLE
GRTST DEPTH: M ON M 7 = DUSTSTORM OR SANDSTORM:
VSBY 1/2 MILE OR LESS
8 = SMOKE OR HAZE
[NO. OF DAYS WITH] [WEATHER - DAYS WITH] 9 = BLOWING SNOW
X = TORNADO
MAX 32 OR BELOW: 0 0.01 INCH OR MORE: 1
MAX 90 OR ABOVE: 0 0.10 INCH OR MORE: 0
MIN 32 OR BELOW: 0 0.50 INCH OR MORE: 0
MIN 0 OR BELOW: 0 1.00 INCH OR MORE: 0
[HDD (BASE 65) ]
TOTAL THIS MO. 204 CLEAR (SCALE 0-3) 28
DPTR FM NORMAL -72 PTCLDY (SCALE 4-7) 2
TOTAL FM JUL 1 224 CLOUDY (SCALE 8-10) 0
DPTR FM NORMAL -93
[CDD (BASE 65) ]
TOTAL THIS MO. 9
DPTR FM NORMAL -1 [PRESSURE DATA]
TOTAL FM JAN 1 3763 HIGHEST SLP M ON M
DPTR FM NORMAL 355 LOWEST SLP 29.74 ON 23
[REMARKS]
#FINAL-11-23#