000
CXUS53 KSGF 010710
CF6VIH
PRELIMINARY LOCAL CLIMATOLOGICAL DATA (WS FORM: F-6)
STATION: VICHY-ROLLA MO
MONTH: OCTOBER
YEAR: 2021
LATITUDE: 38 7 N
LONGITUDE: 91 46 W
TEMPERATURE IN F: :PCPN: SNOW: WIND :SUNSHINE: SKY :PK WND
================================================================================
1 2 3 4 5 6A 6B 7 8 9 10 11 12 13 14 15 16 17 18
12Z AVG MX 2MIN
DY MAX MIN AVG DEP HDD CDD WTR SNW DPTH SPD SPD DIR MIN PSBL S-S WX SPD DR
================================================================================
1 79 64 72 9 0 7 T M M 7.3 13 160 M M 6 17 170
2 79 63 71 9 0 6 1.14 M M 7.4 17 210 M M 7 13 24 220
3 73 61 67 5 0 2 0.02 M M 8.4 20 270 M M 8 1 26 270
4 77 56 67 5 0 2 0.00 M M 4.7 12 310 M M 2 1 17 10
5 74 53 64 3 1 0 T M M 5.1 13 30 M M 4 1 17 50
6 76 59 68 7 0 3 0.03 M M 6.6 14 60 M M 6 1 19 60
7 73 56 65 5 0 0 T M M 4.0 12 240 M M 6 1 15 240
8 83 57 70 10 0 5 0.00 M M 7.1 13 170 M M 1 17 150
9 84 66 75 15 0 10 0.00 M M 12.2 20 190 M M 0 28 190
10 83 65 74 15 0 9 0.00 M M 12.6 24 190 M M 0 32 190
11 73 55 64 5 1 0 0.13 M M 16.8 30 140 M M 9 13 45 120
12 77 48 63 4 2 0 0.00 M M 6.0 14 150 M M 0 8 18 160
13 78 63 71 13 0 6 0.08 M M 10.4 23 200 M M 5 33 190
14 70 60 65 7 0 0 0.68 M M 3.9 14 230 M M 10 12 20 220
15 65 45 55 -3 10 0 0.02 M M 8.1 22 330 M M 8 12 32 330
16 63 39 51 -6 14 0 0.00 M M 8.2 18 300 M M 0 26 280
17 69 37 53 -4 12 0 0.00 M M 6.3 10 230 M M 0 16 220
18 73 47 60 4 5 0 0.00 M M 9.0 15 220 M M 0 19 190
19 73 48 61 5 4 0 0.00 M M 11.0 18 180 M M 0 25 180
20 77 56 67 11 0 2 T M M 12.2 20 200 M M 3 29 250
21 59 41 50 -5 15 0 0.00 M M 8.1 18 290 M M 2 27 300
22 63 36 50 -5 15 0 0.00 M M 4.4 13 270 M M 1 12 18 280
23 65 46 56 2 9 0 0.59 M M 8.5 15 140 M M 8 13 21 140
24 80 54 67 13 0 2 0.53 M M 15.5 32 250 M M 4 13 46 240
25 56 43 50 -4 15 0 0.00 M M 11.5 25 290 M M 9 34 300
26 64 37 51 -2 14 0 0.00 M M 8.1 20 120 M M 1 1 27 130
27 67 50 59 6 6 0 0.36 M M 11.4 21 110 M M 5 1 29 110
28 52 48 50 -2 15 0 0.53 M M 11.9 20 340 M M 10 1 29 340
29 50 47 49 -3 16 0 0.31 M M 14.7 21 340 M M 10 1 32 330
30 60 42 51 -1 14 0 0.00 M M 8.4 15 270 M M 6 22 340
31 58 39 49 -2 16 0 0.00 M M 6.8 18 340 M M 2 1 26 340
================================================================================
SM 2173 1581 184 54 4.42 M 276.6 M 133
================================================================================
AV 70.1 51.0 8.9 FASTST M M 4 MAX(MPH)
MISC ----> 32 250 46 240
================================================================================
NOTES:
# LAST OF SEVERAL OCCURRENCES
COLUMN 17 PEAK WIND IN M.P.H.
PRELIMINARY LOCAL CLIMATOLOGICAL DATA (WS FORM: F-6) , PAGE 2
STATION: VICHY-ROLLA MO
MONTH: OCTOBER
YEAR: 2021
LATITUDE: 38 7 N
LONGITUDE: 91 46 W
[TEMPERATURE DATA] [PRECIPITATION DATA] SYMBOLS USED IN COLUMN 16
AVERAGE MONTHLY: 60.5 TOTAL FOR MONTH: 4.42 1 = FOG OR MIST
DPTR FM NORMAL: 3.4 DPTR FM NORMAL: 1.21 2 = FOG REDUCING VISIBILITY
HIGHEST: 84 ON 9 GRTST 24HR 1.16 ON 2- 3 TO 1/4 MILE OR LESS
LOWEST: 36 ON 22 3 = THUNDER
SNOW, ICE PELLETS, HAIL 4 = ICE PELLETS
TOTAL MONTH: M 5 = HAIL
GRTST 24HR M ON M 6 = FREEZING RAIN OR DRIZZLE
GRTST DEPTH: M ON M 7 = DUSTSTORM OR SANDSTORM:
VSBY 1/2 MILE OR LESS
8 = SMOKE OR HAZE
[NO. OF DAYS WITH] [WEATHER - DAYS WITH] 9 = BLOWING SNOW
X = TORNADO
MAX 32 OR BELOW: 0 0.01 INCH OR MORE: 12
MAX 90 OR ABOVE: 0 0.10 INCH OR MORE: 8
MIN 32 OR BELOW: 0 0.50 INCH OR MORE: 5
MIN 0 OR BELOW: 0 1.00 INCH OR MORE: 1
[HDD (BASE 65) ]
TOTAL THIS MO. 184 CLEAR (SCALE 0-3) 13
DPTR FM NORMAL -93 PTCLDY (SCALE 4-7) 13
TOTAL FM JUL 1 200 CLOUDY (SCALE 8-10) 5
DPTR FM NORMAL -137
[CDD (BASE 65) ]
TOTAL THIS MO. 54
DPTR FM NORMAL 22 [PRESSURE DATA]
TOTAL FM JAN 1 1409 HIGHEST SLP M ON M
DPTR FM NORMAL 105 LOWEST SLP 29.32 ON 28
[REMARKS]
#FINAL-10-21#