000
CXUS53 KSGF 010810
CF6VIH
PRELIMINARY LOCAL CLIMATOLOGICAL DATA (WS FORM: F-6)
STATION: VICHY-ROLLA MO
MONTH: NOVEMBER
YEAR: 2023
LATITUDE: 38 7 N
LONGITUDE: 91 46 W
TEMPERATURE IN F: :PCPN: SNOW: WIND :SUNSHINE: SKY :PK WND
================================================================================
1 2 3 4 5 6A 6B 7 8 9 10 11 12 13 14 15 16 17 18
12Z AVG MX 2MIN
DY MAX MIN AVG DEP HDD CDD WTR SNW DPTH SPD SPD DIR MIN PSBL S-S WX SPD DR
================================================================================
1 48 19 34 -17 31 0 0.00 M M 6.5 15 180 M M 0 21 190
2 65 31 48 -2 17 0 0.00 M M 11.8 21 210 M M 0 27 190
3 69 39 54 4 11 0 0.00 M M 13.1 22 200 M M 0 30 200
4 65 39 52 2 13 0 0.00 M M 5.9 12 230 M M 2 16 210
5 70 37 54 5 11 0 0.00 M M 6.2 14 180 M M 1 1 20 200
6 77 54 66 17 0 1 0.00 M M 9.4 18 220 M M 1 25 220
7 81 55 68 20 0 3 0.00 M M 9.1 18 160 M M 1 1 26 170
8 83 53 68 20 0 3 0.00 M M 13.5 22 330 M M 2 32 320
9 55 41 48 0 17 0 0.00 M M 5.7 15 30 M M 1 21 20
10 59 34 47 0 18 0 0.00 M M 5.7 15 330 M M 0 20 330
11 57 33 45 -2 20 0 T M M 7.2 15 120 M M 2 8 20 130
12 65 33 49 3 16 0 0.00 M M 5.9 12 190 M M 2 8 16 120
13 69 38 54 8 11 0 0.00 M M 5.4 14 50 M M 0 8 19 30
14 67 35 51 5 14 0 0.00 M M 8.8 16 150 M M 0 23 170
15 70 41 56 11 9 0 0.00 M M 8.4 15 190 M M 0 21 180
16 66 48 57 12 8 0 0.00 M M 12.4 22 190 M M 6 28 210
17 61 36 49 5 16 0 T M M 7.7 18 340 M M 5 24 340
18 59 24 42 -2 23 0 0.00 M M 2.0 9 280 M M 0 13 250
19 57 33 45 1 20 0 T M M 6.7 13 120 M M 3 18 120
20 50 42 46 3 19 0 0.32 M M 9.3 15 90 M M 10 12 21 60
21 48 38 43 0 22 0 T M M 11.0 18 310 M M 9 1 25 330
22 47 28 38 -4 27 0 0.00 M M 8.1 14 260 M M 1 22 260
23 M M M M M M M M M M M M M M M M M
24 44 30 37 -5 28 0 0.00 M M 10.4 18 40 M M 1 24 40
25 46 24 35 -6 30 0 0.00 M M 5.1 12 90 M M 1 16 100
26 39 30 35 -6 30 0 0.08 M M 12.8 23 280 M M 9 18 33 270
27 M M M M M M M M M M M M M M M M M
28 M M M M M M M M M M M M M M M M M
29 60 30 45 5 20 0 0.00 M M 9.4 15 200 M M 0 25 210
30 51 42 47 7 18 0 0.13 M M 12.2 18 200 M M 6 1 25 190
================================================================================
SM 1628 987 449 7 0.53 M 229.7 M 63
================================================================================
AV 60.3 36.6 8.5 FASTST M M 2 MAX(MPH)
MISC ----> 23 280 33 270
================================================================================
NOTES:
# LAST OF SEVERAL OCCURRENCES
COLUMN 17 PEAK WIND IN M.P.H.
PRELIMINARY LOCAL CLIMATOLOGICAL DATA (WS FORM: F-6) , PAGE 2
STATION: VICHY-ROLLA MO
MONTH: NOVEMBER
YEAR: 2023
LATITUDE: 38 7 N
LONGITUDE: 91 46 W
[TEMPERATURE DATA] [PRECIPITATION DATA] SYMBOLS USED IN COLUMN 16
AVERAGE MONTHLY: 48.4 TOTAL FOR MONTH: 0.53 1 = FOG OR MIST
DPTR FM NORMAL: 3.3 DPTR FM NORMAL: -2.92 2 = FOG REDUCING VISIBILITY
HIGHEST: 83 ON 8 GRTST 24HR 0.32 ON 19-20 TO 1/4 MILE OR LESS
LOWEST: 19 ON 1 3 = THUNDER
SNOW, ICE PELLETS, HAIL 4 = ICE PELLETS
TOTAL MONTH: M 5 = HAIL
GRTST 24HR M ON M 6 = FREEZING RAIN OR DRIZZLE
GRTST DEPTH: M ON M 7 = DUSTSTORM OR SANDSTORM:
VSBY 1/2 MILE OR LESS
8 = SMOKE OR HAZE
[NO. OF DAYS WITH] [WEATHER - DAYS WITH] 9 = BLOWING SNOW
X = TORNADO
MAX 32 OR BELOW: 0 0.01 INCH OR MORE: 3
MAX 90 OR ABOVE: 0 0.10 INCH OR MORE: 2
MIN 32 OR BELOW: 8 0.50 INCH OR MORE: 0
MIN 0 OR BELOW: 0 1.00 INCH OR MORE: 0
[HDD (BASE 65) ]
TOTAL THIS MO. 449 CLEAR (SCALE 0-3) 21
DPTR FM NORMAL -152 PTCLDY (SCALE 4-7) 3
TOTAL FM JUL 1 702 CLOUDY (SCALE 8-10) 6
DPTR FM NORMAL -234
[CDD (BASE 65) ]
TOTAL THIS MO. 7
DPTR FM NORMAL 4 [PRESSURE DATA]
TOTAL FM JAN 1 1363 HIGHEST SLP M ON M
DPTR FM NORMAL 56 LOWEST SLP 29.60 ON 8
[REMARKS]
#FINAL-11-23#