000
CXUS52 KMLB 011208
CLMVRB
CLIMATE REPORT
NATIONAL WEATHER SERVICE MELBOURNE FL
808 AM EDT MON MAY 01 2023
...................................
...THE VERO BEACH CLIMATE SUMMARY FOR THE MONTH OF APRIL 2023...
CLIMATE NORMAL PERIOD 1991 TO 2020
CLIMATE RECORD PERIOD 1942 TO 2023
WEATHER OBSERVED NORMAL DEPART LAST YEAR`S
VALUE DATE(S) VALUE FROM VALUE
NORMAL
..............................................................
TEMPERATURE (F)
MONTHLY RECORD
HOTTEST 76.9 2015
COLDEST 66.7 1987, 1950
DAILY RECORD
HIGH 97 04/13/2020
LOW 36 04/05/1987
APRIL 2023
HIGHEST 91 04/01 92
LOWEST 56 04/18 43
AVG. MAXIMUM 85.1 81.9 3.2 81.9
AVG. MINIMUM 67.7 62.4 5.3 64.5
MEAN 76.4 72.1 4.3 73.2
DAYS MAX >= 90 2 1.6 0.4 1
DAYS MAX <= 32 0 0.0 0.0 0
DAYS MIN <= 32 0 0.0 0.0 0
DAYS MIN <= 0 0 0.0 0.0 0
PRECIPITATION (INCHES)
MONTHLY RECORD
MAXIMUM 10.45 1997
MINIMUM 0.02 1946
DAILY RECORD
MAXIMUM 4.13 4/7/1951
APRIL 2023
TOTALS 3.84 3.06 0.78 3.46
DAYS >= .01 14 6.7 7.3 7
DAYS >= .10 9 4.6 4.4 2
DAYS >= .50 4 1.7 2.3 2
DAYS >= 1.00 0 0.9 -0.9 1
GREATEST
24 HR. TOTAL 1.12 04/25 TO 04/26
SNOWFALL (INCHES)
TOTALS 0.0 0.0 0.0 0.0
SINCE 7/1 0.0 0.0 0.0 MM
DAYS >= TRACE 0 0
DEGREE DAYS
HEATING TOTAL 0 10 -10 8
SINCE 7/1 182 394 -212 MM
COOLING TOTAL 349 225 124 261
SINCE 1/1 857 522 335 MM
..............................................................
WIND (MPH)
AVERAGE WIND SPEED 10.5
HIGHEST WIND SPEED/DIRECTION 47/010 DATE 04/26
HIGHEST GUST SPEED/DIRECTION 65/030 DATE 04/26
SKY COVER
POSSIBLE SUNSHINE (PERCENT) MM
AVERAGE SKY COVER 0.40
NUMBER OF DAYS FAIR 16
NUMBER OF DAYS PC 11
NUMBER OF DAYS CLOUDY 3
AVERAGE RH (PERCENT) 71
WEATHER CONDITIONS. NUMBER OF DAYS WITH
THUNDERSTORM 10 MIXED PRECIP 0
HEAVY RAIN 6 RAIN 7
LIGHT RAIN 15 LT FREEZING RAIN 0
HAIL 0 LIGHT SNOW 0
SLEET 0 FOG 15
FOG W/VIS <= 1/4 MILE 1 HAZE 5
- INDICATES NEGATIVE NUMBERS.
R INDICATES RECORD WAS SET OR TIED.
MM INDICATES DATA IS MISSING.
T INDICATES TRACE AMOUNT.
$$