000
CXUS51 KBTV 010800
CF6VSF
PRELIMINARY LOCAL CLIMATOLOGICAL DATA (WS FORM: F-6)
STATION: SPRINGFIELD VT
MONTH: NOVEMBER
YEAR: 2021
LATITUDE: 43 19 N
LONGITUDE: 72 31 W
TEMPERATURE IN F: :PCPN: SNOW: WIND :SUNSHINE: SKY :PK WND
================================================================================
1 2 3 4 5 6A 6B 7 8 9 10 11 12 13 14 15 16 17 18
12Z AVG MX 2MIN
DY MAX MIN AVG DEP HDD CDD WTR SNW DPTH SPD SPD DIR MIN PSBL S-S WX SPD DR
================================================================================
1 56 33 45 3 20 0 0.00 M M 7.0 23 270 M M 3 31 270
2 52 29 41 -1 24 0 0.00 M M 2.5 14 250 M M 5 12 19 230
3 48 26 37 -4 28 0 T M M 1.8 14 300 M M 5 12 20 260
4 45 27 36 -5 29 0 T M M 0.6 6 360 M M 9 12 8 80
5 49 25 37 -4 28 0 0.00 M M 2.0 15 270 M M 3 12 21 270
6 51 22 37 -3 28 0 0.00 M M 1.9 10 160 M M 0 12 160
7 55 22 39 -1 26 0 0.00 M M 0.7 8 160 M M 0 10 150
8 60 26 43 3 22 0 0.00 M M 0.8 8 80 M M 0 1 10 60
9 65 30 48 9 17 0 0.00 M M 1.2 10 300 M M 5 12 15 300
10 58 30 44 5 21 0 0.19 M M 3.0 16 280 M M 5 1 23 270
11 53 26 40 1 25 0 0.00 M M 1.0 9 180 M M 5 12 15 160
12 54 37 46 8 19 0 1.30 M M 3.1 21 280 M M 9 12 25 270
13 52 34 43 5 22 0 0.36 M M 3.4 21 250 M M 9 12 28 260
14 46 34 40 2 25 0 0.00 M M 2.6 13 250 M M 8 17 260
15 42 34 38 1 27 0 0.10 M M 4.2 15 270 M M 9 1 21 300
16 43 28 36 -1 29 0 T M M 6.2 20 280 M M 6 29 280
17 45 24 35 -1 30 0 0.00 M M 1.7 9 180 M M 6 13 180
18 62 36 49 13 16 0 0.02 M M 3.5 17 320 M M 9 28 300
19 44 31 38 2 27 0 T M M 7.6 23 280 M M 7 30 300
20 43 22 33 -2 32 0 0.00 M M 1.9 10 140 M M 0 15 160
21 46 31 39 4 26 0 0.04 M M 1.2 7 170 M M 7 1 9 170
22 48 31 40 5 25 0 0.03 M M 4.9 18 270 M M 7 1 24 270
23 35 26 31 -3 34 0 T M M 6.6 21 280 M M 5 26 280
24 40 23 32 -2 33 0 0.00 M M 5.0 14 280 M M 1 18 290
25 41 22 32 -2 33 0 T M M 0.1 5 270 M M 6 5 270
26 40 32 36 3 29 0 0.26 M M 2.7 16 320 M M 10 1 25 320
27 32 24 28 -5 37 0 T M M 8.6 21 290 M M 6 1 34 290
28 32 17 25 -7 40 0 T M M 0.5 9 290 M M 6 1 13 290
29 35 17 26 -6 39 0 T M M 4.1 16 290 M M 7 1 22 290
30 34 13 24 -8 41 0 0.00 M M 1.5 8 270 M M 7 12 240
================================================================================
SM 1406 812 832 0 2.30 M 91.9 M 165
================================================================================
AV 46.9 27.1 3.1 FASTST M M 6 MAX(MPH)
MISC ----> # 23 270 34 290
================================================================================
NOTES:
# LAST OF SEVERAL OCCURRENCES
COLUMN 17 PEAK WIND IN M.P.H.
PRELIMINARY LOCAL CLIMATOLOGICAL DATA (WS FORM: F-6) , PAGE 2
STATION: SPRINGFIELD VT
MONTH: NOVEMBER
YEAR: 2021
LATITUDE: 43 19 N
LONGITUDE: 72 31 W
[TEMPERATURE DATA] [PRECIPITATION DATA] SYMBOLS USED IN COLUMN 16
AVERAGE MONTHLY: 37.0 TOTAL FOR MONTH: 2.30 1 = FOG OR MIST
DPTR FM NORMAL: 0.0 DPTR FM NORMAL: -1.04 2 = FOG REDUCING VISIBILITY
HIGHEST: 65 ON 9 GRTST 24HR 1.30 ON 12-12 TO 1/4 MILE OR LESS
LOWEST: 13 ON 30 3 = THUNDER
SNOW, ICE PELLETS, HAIL 4 = ICE PELLETS
TOTAL MONTH: M 5 = HAIL
GRTST 24HR M ON M 6 = FREEZING RAIN OR DRIZZLE
GRTST DEPTH: M ON M 7 = DUSTSTORM OR SANDSTORM:
VSBY 1/2 MILE OR LESS
8 = SMOKE OR HAZE
[NO. OF DAYS WITH] [WEATHER - DAYS WITH] 9 = BLOWING SNOW
X = TORNADO
MAX 32 OR BELOW: 2 0.01 INCH OR MORE: 8
MAX 90 OR ABOVE: 0 0.10 INCH OR MORE: 5
MIN 32 OR BELOW: 24 0.50 INCH OR MORE: 1
MIN 0 OR BELOW: 0 1.00 INCH OR MORE: 1
[HDD (BASE 65) ]
TOTAL THIS MO. 832 CLEAR (SCALE 0-3) 7
DPTR FM NORMAL -8 PTCLDY (SCALE 4-7) 16
TOTAL FM JUL 1 1322 CLOUDY (SCALE 8-10) 7
DPTR FM NORMAL -293
[CDD (BASE 65) ]
TOTAL THIS MO. 0
DPTR FM NORMAL 0 [PRESSURE DATA]
TOTAL FM JAN 1 527 HIGHEST SLP 30.56 ON 20
DPTR FM NORMAL 150 LOWEST SLP 29.45 ON 26
[REMARKS]
#FINAL-11-21#