000
CXUS51 KBTV 010700
CF6VSF
PRELIMINARY LOCAL CLIMATOLOGICAL DATA (WS FORM: F-6)
STATION: SPRINGFIELD VT
MONTH: SEPTEMBER
YEAR: 2020
LATITUDE: 43 19 N
LONGITUDE: 72 31 W
TEMPERATURE IN F: :PCPN: SNOW: WIND :SUNSHINE: SKY :PK WND
================================================================================
1 2 3 4 5 6A 6B 7 8 9 10 11 12 13 14 15 16 17 18
12Z AVG MX 2MIN
DY MAX MIN AVG DEP HDD CDD WTR SNW DPTH SPD SPD DIR MIN PSBL S-S WX SPD DR
================================================================================
1 77 49 63 -2 2 0 0.00 M M 2.8 15 180 M M 9 12 21 150
2 67 58 63 -1 2 0 0.21 M M 1.3 7 150 M M 9 1 11 200
3 79 55 67 3 0 2 0.05 M M 1.7 9 310 M M 5 12 13 300
4 75 50 63 -1 2 0 0.00 M M 4.3 16 280 M M 1 12 24 270
5 74 44 59 -4 6 0 T M M 4.3 18 290 M M 3 26 290
6 75 51 63 0 2 0 0.00 M M 1.9 13 290 M M 1 15 280
7 79 52 66 3 0 1 0.00 M M 5.5 23 170 M M 6 31 190
8 83 55 69 7 0 4 0.00 M M 2.1 10 160 M M 2 13 170
9 84 59 72 10 0 7 0.00 M M 2.0 10 100 M M 3 12 14 100
10 79 62 71 9 0 6 T M M 2.3 10 140 M M 8 12 14 160
11 68 46 57 -4 8 0 0.00 M M 5.7 13 30 M M 4 19 40
12 70 40 55 -6 10 0 0.00 M M 2.4 15 170 M M 1 12 20 160
13 74 46 60 0 5 0 T M M 4.9 20 170 M M 7 1 29 160
14 70 48 59 -1 6 0 T M M 6.2 18 290 M M 1 1 28 280
15 64 37 51 -9 14 0 0.00 M M 0.8 7 170 M M 0 12 50
16 73 37 55 -4 10 0 0.00 M M 4.5 18 180 M M 0 24 170
17 68 43 56 -3 9 0 T M M 1.4 12 10 M M 6 18 17 360
18 64 39 52 -6 13 0 0.00 M M 4.9 14 340 M M 5 1 22 360
19 61 30 46 -12 19 0 0.00 M M 3.1 15 270 M M 1 21 280
20 62 28 45 -13 20 0 0.00 M M 2.6 13 340 M M 0 18 50
21 64 27 46 -11 19 0 0.00 M M 0.5 7 340 M M 0 12 11 170
22 70 28 49 -7 16 0 0.00 M M 4.7 20 280 M M 1 1 27 280
23 75 43 59 3 6 0 0.00 M M 4.9 20 280 M M 1 29 330
24 78 44 61 5 4 0 0.00 M M 2.5 10 240 M M 0 1 15 180
25 78 47 63 8 2 0 0.00 M M 1.6 9 160 M M 2 1 13 160
26 74 50 62 7 3 0 0.00 M M 3.8 12 140 M M 7 12 16 180
27 77 58 68 14 0 3 0.00 M M 4.6 16 160 M M 7 22 160
28 78 61 70 16 0 5 0.15 M M 5.6 18 180 M M 6 1 23 160
29 79 64 72 19 0 7 1.08 M M 4.9 17 160 M M 9 1 24 190
30 71 47 59 6 6 0 1.35 M M 6.3 24 250 M M 6 1 34 250
================================================================================
SM 2190 1398 184 35 2.84 M 104.1 M 111
================================================================================
AV 73.0 46.6 3.5 FASTST M M 4 MAX(MPH)
MISC ----> 24 250 34 250
================================================================================
NOTES:
# LAST OF SEVERAL OCCURRENCES
COLUMN 17 PEAK WIND IN M.P.H.
PRELIMINARY LOCAL CLIMATOLOGICAL DATA (WS FORM: F-6) , PAGE 2
STATION: SPRINGFIELD VT
MONTH: SEPTEMBER
YEAR: 2020
LATITUDE: 43 19 N
LONGITUDE: 72 31 W
[TEMPERATURE DATA] [PRECIPITATION DATA] SYMBOLS USED IN COLUMN 16
AVERAGE MONTHLY: 59.8 TOTAL FOR MONTH: 2.84 1 = FOG OR MIST
DPTR FM NORMAL: 0.6 DPTR FM NORMAL: -0.92 2 = FOG REDUCING VISIBILITY
HIGHEST: 84 ON 9 GRTST 24HR 2.43 ON 29-30 TO 1/4 MILE OR LESS
LOWEST: 27 ON 21 3 = THUNDER
SNOW, ICE PELLETS, HAIL 4 = ICE PELLETS
TOTAL MONTH: M 5 = HAIL
GRTST 24HR M ON M 6 = FREEZING RAIN OR DRIZZLE
GRTST DEPTH: M ON M 7 = DUSTSTORM OR SANDSTORM:
VSBY 1/2 MILE OR LESS
8 = SMOKE OR HAZE
[NO. OF DAYS WITH] [WEATHER - DAYS WITH] 9 = BLOWING SNOW
X = TORNADO
MAX 32 OR BELOW: 0 0.01 INCH OR MORE: 5
MAX 90 OR ABOVE: 0 0.10 INCH OR MORE: 4
MIN 32 OR BELOW: 4 0.50 INCH OR MORE: 2
MIN 0 OR BELOW: 0 1.00 INCH OR MORE: 2
[HDD (BASE 65) ]
TOTAL THIS MO. 184 CLEAR (SCALE 0-3) 16
DPTR FM NORMAL -13 PTCLDY (SCALE 4-7) 11
TOTAL FM JUL 1 227 CLOUDY (SCALE 8-10) 3
DPTR FM NORMAL -25
[CDD (BASE 65) ]
TOTAL THIS MO. 35
DPTR FM NORMAL 12 [PRESSURE DATA]
TOTAL FM JAN 1 617 HIGHEST SLP M ON M
DPTR FM NORMAL 273 LOWEST SLP 29.32 ON 30
[REMARKS]
#FINAL-09-20#