000
CXUS53 KLBF 011510
CF6VTN
PRELIMINARY LOCAL CLIMATOLOGICAL DATA (WS FORM: F-6)
STATION: VALENTINE
MONTH: NOVEMBER
YEAR: 2023
LATITUDE: 42 52 N
LONGITUDE: 100 33 W
TEMPERATURE IN F: :PCPN: SNOW: WIND :SUNSHINE: SKY :PK WND
================================================================================
1 2 3 4 5 6A 6B 7 8 9 10 11 12 13 14 15 16 17 18
12Z AVG MX 2MIN
DY MAX MIN AVG DEP HDD CDD WTR SNW DPTH SPD SPD DIR MIN PSBL S-S WX SPD DR
================================================================================
1 59 21 40 -2 25 0 0.00 0.0 0 5.7 12 10 M M 0 16 350
2 66 17 42 0 23 0 0.00 0.0 0 3.9 14 250 M M 1 19 250
3 59 30 45 4 20 0 0.00 0.0 0 6.7 16 350 M M 4 1 23 320
4 67 27 47 6 18 0 0.00 0.0 0 5.7 17 210 M M 3 1 21 220
5 80 41 61 21 4 0 0.00 0.0 0 15.0 31 300 M M 0 49 300
6 68 35 52 12 13 0 0.00 0.0 0 7.4 24 200 M M 1 30 190
7 64 41 53 13 12 0 0.00 0.0 0 8.5 22 190 M M 0 31 180
8 54 24 39 0 26 0 0.00 0.0 0 11.5 29 330 M M 4 42 320
9 50 18 34 -5 31 0 0.00 0.0 M 10.2 26 330 M M 2 38 340
10 55 14 35 -3 30 0 0.00 0.0 0 4.4 16 170 M M 0 8 22 180
11 59 21 40 2 25 0 0.00 0.0 0 4.7 20 250 M M 0 23 240
12 63 25 44 6 21 0 0.00 0.0 0 6.2 20 350 M M 0 29 330
13 67 24 46 9 19 0 0.00 0.0 0 14.8 36 180 M M 0 46 210
14 65 28 47 10 18 0 0.00 0.0 0 10.6 28 200 M M 0 38 210
15 76 20 48 12 17 0 0.00 0.0 0 9.6 24 230 M M 0 34 220
16 66 22 44 8 21 0 0.00 0.0 0 10.0 29 340 M M 2 40 350
17 59 17 38 2 27 0 0.00 0.0 0 6.9 17 320 M M 0 25 340
18 69 24 47 12 18 0 0.00 0.0 0 6.7 17 190 M M 0 23 190
19 53 37 45 10 20 0 0.07 0.0 0 9.1 23 80 M M 6 1 31 80
20 44 37 41 7 24 0 0.05 0.0 0 11.0 24 330 M M 10 1 36 330
21 48 24 36 2 29 0 0.00 0.0 0 10.4 23 330 M M 0 31 340
22 69 25 47 13 18 0 0.00 0.0 0 9.1 21 340 M M 0 26 350
23 36 22 29 -4 36 0 T T 0 11.6 18 40 M M 6 24 20
24 22 15 19 -14 46 0 0.10 1.3 0 8.2 18 40 M M 10 1 22 50
25 26 9 18 -14 47 0 0.05 0.9 2 6.4 14 290 M M M 20 310
26 35 12 24 -8 41 0 T T 1 14.2 33 330 M M 0 46 340
27 38 12 25 -7 40 0 0.00 0.0 T 8.4 22 340 M M 4 28 330
28 54 17 36 5 29 0 0.00 0.0 T 8.7 21 310 M M 0 29 310
29 59 17 38 7 27 0 0.00 0.0 0 8.6 17 280 M M 0 22 290
30 38 16 27 -3 38 0 0.00 0.0 0 5.9 13 10 M M 0 19 330
================================================================================
SM 1668 692 763 0 0.27 2.2 260.1 M 53
================================================================================
AV 55.6 23.1 8.7 FASTST M M 2 MAX(MPH)
MISC ----> 36 180 49 300
================================================================================
NOTES:
# LAST OF SEVERAL OCCURRENCES
COLUMN 17 PEAK WIND IN M.P.H.
PRELIMINARY LOCAL CLIMATOLOGICAL DATA (WS FORM: F-6) , PAGE 2
STATION: VALENTINE
MONTH: NOVEMBER
YEAR: 2023
LATITUDE: 42 52 N
LONGITUDE: 100 33 W
[TEMPERATURE DATA] [PRECIPITATION DATA] SYMBOLS USED IN COLUMN 16
AVERAGE MONTHLY: 39.3 TOTAL FOR MONTH: 0.27 1 = FOG OR MIST
DPTR FM NORMAL: 3.1 DPTR FM NORMAL: -0.30 2 = FOG REDUCING VISIBILITY
HIGHEST: 80 ON 5 GRTST 24HR 0.12 ON 19-20 TO 1/4 MILE OR LESS
LOWEST: 9 ON 25 3 = THUNDER
SNOW, ICE PELLETS, HAIL 4 = ICE PELLETS
TOTAL MONTH: 2.2 INCHES 5 = HAIL
GRTST 24HR 1.3 ON 24-24 6 = FREEZING RAIN OR DRIZZLE
GRTST DEPTH: 2 ON 25 7 = DUSTSTORM OR SANDSTORM:
VSBY 1/2 MILE OR LESS
8 = SMOKE OR HAZE
[NO. OF DAYS WITH] [WEATHER - DAYS WITH] 9 = BLOWING SNOW
X = TORNADO
MAX 32 OR BELOW: 2 0.01 INCH OR MORE: 4
MAX 90 OR ABOVE: 0 0.10 INCH OR MORE: 1
MIN 32 OR BELOW: 25 0.50 INCH OR MORE: 0
MIN 0 OR BELOW: 0 1.00 INCH OR MORE: 0
[HDD (BASE 65) ]
TOTAL THIS MO. 763 CLEAR (SCALE 0-3) 22
DPTR FM NORMAL -101 PTCLDY (SCALE 4-7) 5
TOTAL FM JUL 1 1366 CLOUDY (SCALE 8-10) 3
DPTR FM NORMAL -135
[CDD (BASE 65) ]
TOTAL THIS MO. 0
DPTR FM NORMAL 0 [PRESSURE DATA]
TOTAL FM JAN 1 877 HIGHEST SLP 30.68 ON 24
DPTR FM NORMAL -49 LOWEST SLP 29.56 ON 5
[REMARKS]
#FINAL-11-23#