000
CXUS56 KLOX 011155
CF6WJF
PRELIMINARY LOCAL CLIMATOLOGICAL DATA (WS FORM: F-6)
STATION: LANCASTER FOX FIELD CA
MONTH: APRIL
YEAR: 2023
LATITUDE: 34 43 N
LONGITUDE: 118 13 W
TEMPERATURE IN F: :PCPN: SNOW: WIND :SUNSHINE: SKY :PK WND
================================================================================
1 2 3 4 5 6A 6B 7 8 9 10 11 12 13 14 15 16 17 18
12Z AVG MX 2MIN
DY MAX MIN AVG DEP HDD CDD WTR SNW DPTH SPD SPD DIR MIN PSBL S-S WX SPD DR
================================================================================
1 72 35 54 -2 11 0 0.00 M M 11.1 28 270 M M 0 8 33 270
2 72 49 61 5 4 0 0.00 M M 20.2 29 270 M M 0 8 34 280
3 52 39 46 -10 19 0 0.00 M M 22.2 38 280 M M 5 47 290
4 53 34 44 -12 21 0 0.00 M M 12.6 33 280 M M 2 40 270
5 61 32 47 -10 18 0 0.00 M M 7.8 17 60 M M 0 29 80
6 67 29 48 -9 17 0 0.00 M M 5.6 17 60 M M 0 24 50
7 73 38 56 -1 9 0 0.00 M M 9.3 22 240 M M 0 28 250
8 73 45 59 2 6 0 0.00 M M 10.6 17 260 M M 0 23 300
9 83 38 61 4 4 0 0.00 M M 5.1 16 60 M M 0 20 60
10 86 42 64 6 1 0 0.00 M M 6.5 20 260 M M 0 24 230
11 83 49 66 8 0 1 0.00 M M 12.8 26 260 M M 0 30 260
12 73 51 62 4 3 0 0.00 M M 18.8 29 240 M M 0 35 250
13 64 47 56 -2 9 0 0.00 M M 22.7 37 270 M M 1 41 270
14 69 42 56 -2 9 0 0.00 M M 12.6 24 260 M M 0 30 250
15 78 32 55 -4 10 0 0.00 M M 6.5 17 240 M M 0 21 240
16 79 40 60 1 5 0 0.00 M M 10.0 25 250 M M 0 29 250
17 74 52 63 4 2 0 0.00 M M 21.1 32 260 M M 0 8 39 270
18 64 45 55 -4 10 0 0.00 M M 23.5 35 280 M M 1 39 280
19 66 42 54 -6 11 0 0.00 M M 18.7 31 260 M M 0 36 270
20 76 43 60 0 5 0 0.00 M M 10.4 22 280 M M 0 25 280
21 84 38 61 1 4 0 0.00 M M 9.2 25 280 M M 0 32 290
22 85 48 67 7 0 2 0.00 M M 10.5 24 280 M M 0 28 280
23 84 58 71 11 0 6 0.00 M M 18.0 32 270 M M 0 38 300
24 84 59 72 11 0 7 0.00 M M 22.4 40 280 M M 0 8 48 280
25 86 54 70 9 0 5 0.00 M M 11.1 30 270 M M 0 36 270
26 87 46 67 6 0 2 0.00 M M 5.3 15 240 M M 0 20 50
27 92 48 70 8 0 5 0.00 M M 5.5 21 250 M M 0 24 250
28 95 51 73 11 0 8 0.00 M M 6.0 21 240 M M 0 25 250
29 95 52 74 12 0 9 0.00 M M 7.4 24 220 M M 0 30 240
30 88 53 71 8 0 6 0.00 M M 10.7 25 250 M M 0 36 210
================================================================================
SM 2298 1331 178 51 0.00 M 374.2 M 9
================================================================================
AV 76.6 44.4 12.5 FASTST M M 0 MAX(MPH)
MISC ----> 40 280 48 280
================================================================================
NOTES:
# LAST OF SEVERAL OCCURRENCES
COLUMN 17 PEAK WIND IN M.P.H.
PRELIMINARY LOCAL CLIMATOLOGICAL DATA (WS FORM: F-6) , PAGE 2
STATION: LANCASTER FOX FIELD CA
MONTH: APRIL
YEAR: 2023
LATITUDE: 34 43 N
LONGITUDE: 118 13 W
[TEMPERATURE DATA] [PRECIPITATION DATA] SYMBOLS USED IN COLUMN 16
AVERAGE MONTHLY: 60.5 TOTAL FOR MONTH: 0.00 1 = FOG OR MIST
DPTR FM NORMAL: 1.6 DPTR FM NORMAL: -0.39 2 = FOG REDUCING VISIBILITY
HIGHEST: 95 ON 29,28 GRTST 24HR 0.00 ON 1- 1 TO 1/4 MILE OR LESS
LOWEST: 29 ON 6 3 = THUNDER
SNOW, ICE PELLETS, HAIL 4 = ICE PELLETS
TOTAL MONTH: M 5 = HAIL
GRTST 24HR M ON M 6 = FREEZING RAIN OR DRIZZLE
GRTST DEPTH: M ON M 7 = DUSTSTORM OR SANDSTORM:
VSBY 1/2 MILE OR LESS
8 = SMOKE OR HAZE
[NO. OF DAYS WITH] [WEATHER - DAYS WITH] 9 = BLOWING SNOW
X = TORNADO
MAX 32 OR BELOW: 0 0.01 INCH OR MORE: 0
MAX 90 OR ABOVE: 3 0.10 INCH OR MORE: 0
MIN 32 OR BELOW: 3 0.50 INCH OR MORE: 0
MIN 0 OR BELOW: 0 1.00 INCH OR MORE: 0
[HDD (BASE 65) ]
TOTAL THIS MO. 178 CLEAR (SCALE 0-3) 29
DPTR FM NORMAL -28 PTCLDY (SCALE 4-7) 1
TOTAL FM JUL 1 3074 CLOUDY (SCALE 8-10) 0
DPTR FM NORMAL 203
[CDD (BASE 65) ]
TOTAL THIS MO. 51
DPTR FM NORMAL 28 [PRESSURE DATA]
TOTAL FM JAN 1 51 HIGHEST SLP 30.27 ON 21
DPTR FM NORMAL 26 LOWEST SLP 29.70 ON 13
[REMARKS]
#FINAL-04-23#