000
CXUS56 KLKN 071943
CF6WMC
PRELIMINARY LOCAL CLIMATOLOGICAL DATA (WS FORM: F-6)
STATION: WINNEMUCCA AIRPORT NV
MONTH: JUNE
YEAR: 2020
LATITUDE: 40 54 N
LONGITUDE: 117 48 W
TEMPERATURE IN F: :PCPN: SNOW: WIND :SUNSHINE: SKY :PK WND
================================================================================
1 2 3 4 5 6A 6B 7 8 9 10 11 12 13 14 15 16 17 18
12Z AVG MX 2MIN
DY MAX MIN AVG DEP HDD CDD WTR SNW DPTH SPD SPD DIR MIN PSBL S-S WX SPD DR
================================================================================
1 78 57 68 9 0 3 T 0.0 0 5.1 17 150 M M 5 22 160
2 91 52 72 12 0 7 0.00 0.0 0 5.5 17 240 M M 1 23 240
3 95 50 73 13 0 8 0.00 0.0 0 11.8 28 240 M M 0 40 300
4 92 57 75 15 0 10 0.00 0.0 0 6.6 20 200 M M 0 27 200
5 93 49 71 10 0 6 T 0.0 0 11.6 33 250 M M 1 8 51 250
6 76 42 59 -2 6 0 0.08 0.0 0 14.5 35 280 M M 6 8 44 280
7 52 37 45 -16 20 0 0.19 0.2 0 9.2 30 280 M M 6 1 37 280
8 67 31 49 -13 16 0 0.00 0.0 0 6.0 16 280 M M 2 23 280
9 82 33 58 -4 7 0 0.00 0.0 0 4.3 15 290 M M 1 20 320
10 86 42 64 2 1 0 0.02 0.0 0 4.8 17 280 M M 0 23 280
11 90 43 67 5 0 2 0.00 0.0 0 6.5 25 220 M M 0 31 220
12 93 49 71 8 0 6 0.00 0.0 0 10.5 38 270 M M 2 38 49 270
13 66 44 55 -8 10 0 0.46 0.0 0 8.3 30 250 M M 8 13 38 240
14 75 36 56 -8 9 0 0.00 0.0 0 5.5 20 260 M M 0 23 240
15 79 39 59 -5 6 0 0.00 0.0 0 10.4 26 250 M M 2 33 240
16 71 40 56 -8 9 0 0.06 0.0 0 10.0 31 290 M M 8 3 42 300
17 71 34 53 -12 12 0 0.00 0.0 0 6.4 20 40 M M 0 24 50
18 79 44 62 -3 3 0 0.00 0.0 0 10.0 22 40 M M 0 27 40
19 84 45 65 0 0 0 0.00 0.0 0 4.0 13 290 M M M 19 290
20 93 48 71 5 0 6 0.00 0.0 0 8.0 22 240 M M M 29 240
21 92 60 76 10 0 11 0.00 0.0 0 8.0 17 290 M M M 34 280
22 95 55 75 9 0 10 0.00 0.0 0 9.1 21 60 M M M 27 60
23 99 60 80 13 0 15 0.00 0.0 0 7.9 20 60 M M 0 24 60
24 101 64 83 16 0 18 0.06 0.0 0 9.4 29 200 M M 2 3 39 190
25 95 60 78 10 0 13 0.00 0.0 0 8.7 25 80 M M 0 3 33 70
26 96 47 72 4 0 7 0.00 0.0 0 5.3 14 350 M M 0 19 230
27 98 48 73 5 0 8 0.00 0.0 0 9.7 30 260 M M 2 38 40 270
28 71 44 58 -10 7 0 0.02 T 0 11.7 28 360 M M 5 35 340
29 72 37 55 -14 10 0 0.04 0.0 0 7.2 20 350 M M 7 30 340
30 81 38 60 -9 5 0 0.00 0.0 0 5.6 22 280 M M 1 28 270
================================================================================
SM 2513 1385 121 130 0.93 0.2 241.6 M 59
================================================================================
AV 83.8 46.2 8.1 FASTST M M 2 MAX(MPH)
MISC ----> # 38 270 # 51 250
================================================================================
NOTES:
# LAST OF SEVERAL OCCURRENCES
COLUMN 17 PEAK WIND IN M.P.H.
PRELIMINARY LOCAL CLIMATOLOGICAL DATA (WS FORM: F-6) , PAGE 2
STATION: WINNEMUCCA AIRPORT NV
MONTH: JUNE
YEAR: 2020
LATITUDE: 40 54 N
LONGITUDE: 117 48 W
[TEMPERATURE DATA] [PRECIPITATION DATA] SYMBOLS USED IN COLUMN 16
AVERAGE MONTHLY: 65.0 TOTAL FOR MONTH: 0.93 1 = FOG OR MIST
DPTR FM NORMAL: 0.8 DPTR FM NORMAL: 0.37 2 = FOG REDUCING VISIBILITY
HIGHEST: 101 ON 24 GRTST 24HR 0.46 ON 13-13 TO 1/4 MILE OR LESS
LOWEST: 31 ON 8 3 = THUNDER
SNOW, ICE PELLETS, HAIL 4 = ICE PELLETS
TOTAL MONTH: 0.2 INCH 5 = HAIL
GRTST 24HR 0.2 ON 7- 7 6 = FREEZING RAIN OR DRIZZLE
GRTST DEPTH: 0 7 = DUSTSTORM OR SANDSTORM:
VSBY 1/2 MILE OR LESS
8 = SMOKE OR HAZE
[NO. OF DAYS WITH] [WEATHER - DAYS WITH] 9 = BLOWING SNOW
X = TORNADO
MAX 32 OR BELOW: 0 0.01 INCH OR MORE: 8
MAX 90 OR ABOVE: 14 0.10 INCH OR MORE: 2
MIN 32 OR BELOW: 1 0.50 INCH OR MORE: 0
MIN 0 OR BELOW: 0 1.00 INCH OR MORE: 0
[HDD (BASE 65) ]
TOTAL THIS MO. 121 CLEAR (SCALE 0-3) 19
DPTR FM NORMAL 16 PTCLDY (SCALE 4-7) 6
TOTAL FM JUL 1 5994 CLOUDY (SCALE 8-10) 1
DPTR FM NORMAL -311
[CDD (BASE 65) ]
TOTAL THIS MO. 130
DPTR FM NORMAL 51 [PRESSURE DATA]
TOTAL FM JAN 1 184 HIGHEST SLP 30.25 ON 8
DPTR FM NORMAL 94 LOWEST SLP 29.43 ON 5
[REMARKS]
#FINAL-06-20#