000
CXUS56 KMTR 011100
CF6WVI
PRELIMINARY LOCAL CLIMATOLOGICAL DATA (WS FORM: F-6)
STATION: WATSONVILLE AIRPORT
MONTH: DECEMBER
YEAR: 2021
LATITUDE: 36 55 N
LONGITUDE: 121 47 W
TEMPERATURE IN F: :PCPN: SNOW: WIND :SUNSHINE: SKY :PK WND
================================================================================
1 2 3 4 5 6A 6B 7 8 9 10 11 12 13 14 15 16 17 18
12Z AVG MX 2MIN
DY MAX MIN AVG DEP HDD CDD WTR SNW DPTH SPD SPD DIR MIN PSBL S-S WX SPD DR
================================================================================
1 82 47 65 14 0 0 0.00 M M 3.0 9 100 M M 0 12 110
2 62 41 52 1 13 0 0.00 M M 3.2 10 200 M M 3 1 14 190
3 56 49 53 2 12 0 0.00 M M 1.8 8 240 M M 10 1 11 220
4 57 41 49 -2 16 0 0.00 M M 2.1 10 210 M M 7 12 270
5 62 41 52 1 13 0 0.00 M M 1.7 8 230 M M 4 18 10 210
6 54 38 46 -5 19 0 0.00 M M 0.9 6 130 M M 5 12 8 140
7 65 46 56 6 9 0 0.12 M M 2.9 12 100 M M 5 1 15 280
8 58 46 52 2 13 0 0.01 M M 3.3 9 230 M M 8 1 13 210
9 58 40 49 -1 16 0 0.12 M M 4.1 13 270 M M 4 1 20 270
10 56 36 46 -4 19 0 0.00 M M 2.7 8 250 M M 0 11 230
11 59 32 46 -4 19 0 0.00 M M 2.5 10 260 M M 0 12 260
12 55 38 47 -3 18 0 0.46 M M 1.3 10 250 M M 9 1 16 270
13 54 49 52 2 13 0 3.26 M M 9.2 18 170 M M 10 1 28 220
14 53 35 44 -6 21 0 0.20 M M 3.5 14 300 M M 5 1 22 300
15 55 36 46 -4 19 0 0.14 M M 3.9 16 220 M M 8 1 22 220
16 60 39 50 0 15 0 0.74 M M 3.4 20 220 M M 6 1 27 230
17 57 35 46 -4 19 0 0.00 M M 3.3 12 110 M M 0 1 15 120
18 56 32 44 -6 21 0 0.00 M M 2.9 10 130 M M 0 1 13 140
19 56 33 45 -5 20 0 0.00 M M 2.3 13 250 M M 6 1 18 260
20 56 35 46 -4 19 0 0.00 M M 3.5 9 160 M M 1 1 16 120
21 62 35 49 -1 16 0 0.02 M M 2.5 7 300 M M 3 1 12 320
22 60 46 53 3 12 0 0.50 M M 1.5 7 210 M M 10 1 9 220
23 58 52 55 5 10 0 1.02 M M 4.5 28 250 M M 10 1 36 250
24 56 47 52 2 13 0 0.73 M M 4.1 16 270 M M 9 1 24 300
25 54 43 49 -1 16 0 0.89 M M 5.4 22 260 M M 9 1 33 260
26 53 36 45 -5 20 0 0.56 M M 3.7 12 220 M M 7 1 16 250
27 53 38 46 -4 19 0 0.84 M M 3.7 15 300 M M 6 1 24 290
28 50 38 44 -6 21 0 0.03 M M 1.2 7 90 M M 9 1 10 100
29 55 44 50 0 15 0 0.43 M M 2.5 10 180 M M 9 1 13 140
30 59 38 49 -1 16 0 0.00 M M 3.5 10 130 M M 0 1 15 130
31 56 35 46 -4 19 0 0.00 M M 2.1 10 40 M M 4 1 16 10
================================================================================
SM 1787 1241 491 0 10.07 M 96.2 M 167
================================================================================
AV 57.6 40.0 3.1 FASTST M M 5 MAX(MPH)
MISC ----> 28 250 36 250
================================================================================
NOTES:
# LAST OF SEVERAL OCCURRENCES
COLUMN 17 PEAK WIND IN M.P.H.
PRELIMINARY LOCAL CLIMATOLOGICAL DATA (WS FORM: F-6) , PAGE 2
STATION: WATSONVILLE AIRPORT
MONTH: DECEMBER
YEAR: 2021
LATITUDE: 36 55 N
LONGITUDE: 121 47 W
[TEMPERATURE DATA] [PRECIPITATION DATA] SYMBOLS USED IN COLUMN 16
AVERAGE MONTHLY: 48.8 TOTAL FOR MONTH: 10.07 1 = FOG OR MIST
DPTR FM NORMAL: -1.3 DPTR FM NORMAL: 6.06 2 = FOG REDUCING VISIBILITY
HIGHEST: 82 ON 1 GRTST 24HR 3.33 ON 12-13 TO 1/4 MILE OR LESS
LOWEST: 32 ON 18,11 3 = THUNDER
SNOW, ICE PELLETS, HAIL 4 = ICE PELLETS
TOTAL MONTH: M 5 = HAIL
GRTST 24HR M ON M 6 = FREEZING RAIN OR DRIZZLE
GRTST DEPTH: M ON M 7 = DUSTSTORM OR SANDSTORM:
VSBY 1/2 MILE OR LESS
8 = SMOKE OR HAZE
[NO. OF DAYS WITH] [WEATHER - DAYS WITH] 9 = BLOWING SNOW
X = TORNADO
MAX 32 OR BELOW: 0 0.01 INCH OR MORE: 17
MAX 90 OR ABOVE: 0 0.10 INCH OR MORE: 14
MIN 32 OR BELOW: 2 0.50 INCH OR MORE: 8
MIN 0 OR BELOW: 0 1.00 INCH OR MORE: 2
[HDD (BASE 65) ]
TOTAL THIS MO. 491 CLEAR (SCALE 0-3) 9
DPTR FM NORMAL 28 PTCLDY (SCALE 4-7) 13
TOTAL FM JUL 1 998 CLOUDY (SCALE 8-10) 9
DPTR FM NORMAL -165
[CDD (BASE 65) ]
TOTAL THIS MO. 0
DPTR FM NORMAL 0 [PRESSURE DATA]
TOTAL FM JAN 1 93 HIGHEST SLP 30.30 ON 17
DPTR FM NORMAL -33 LOWEST SLP 29.69 ON 24
[REMARKS]
#FINAL-12-21#