000
CXAK56 PAJK 051834
CF6YAK
PRELIMINARY LOCAL CLIMATOLOGICAL DATA (WS FORM: F-6)
STATION: YAKUTAT
MONTH: SEPTEMBER
YEAR: 2020
LATITUDE: 59 31 N
LONGITUDE: 139 40 W
TEMPERATURE IN F: :PCPN: SNOW: WIND :SUNSHINE: SKY :PK WND
================================================================================
1 2 3 4 5 6A 6B 7 8 9 10 11 12 13 14 15 16 17 18
12Z AVG MX 2MIN
DY MAX MIN AVG DEP HDD CDD WTR SNW DPTH SPD SPD DIR MIN PSBL S-S WX SPD DR
================================================================================
1 57 51 54 3 11 0 0.37 M M 5.0 10 200 M M 10 1 13 200
2 55 49 52 1 13 0 0.99 M M 5.9 13 110 M M 10 1 16 110
3 56 47 52 1 13 0 0.85 M M 6.0 13 150 M M 9 1 16 150
4 58 38 48 -3 17 0 0.12 M M 2.6 10 80 M M 5 1 12 300
5 58 33 46 -4 19 0 0.00 M M 2.6 10 230 M M 2 2 13 230
6 62 34 48 -2 17 0 T M M 1.6 9 220 M M 1 1 11 220
7 56 48 52 2 13 0 0.92 M M 7.8 18 110 M M 10 2 27 100
8 57 53 55 5 10 0 1.35 M M 5.5 12 80 M M 10 1 14 80
9 58 49 54 4 11 0 0.61 M M 5.4 10 260 M M 9 1 14 190
10 57 38 48 -1 17 0 0.00 M M 1.6 10 240 M M 7 2 13 230
11 60 34 47 -2 18 0 0.00 M M 2.5 10 310 M M 3 2 14 350
12 60 31 46 -3 19 0 0.00 M M 3.2 13 290 M M 0 17 290
13 62 30 46 -3 19 0 0.00 M M 2.9 13 300 M M 0 15 320
14 61 30 46 -3 19 0 0.00 M M 2.1 9 280 M M 0 11 290
15 59 32 46 -3 19 0 0.00 M M 2.4 10 230 M M 0 13 220
16 57 37 47 -1 18 0 0.00 M M 2.7 9 220 M M 3 1 12 220
17 53 45 49 1 16 0 0.41 M M 4.6 13 50 M M 10 16 50
18 57 44 51 3 14 0 0.45 M M 5.3 15 90 M M 8 2 21 100
19 56 44 50 2 15 0 0.36 M M 4.4 10 160 M M 7 1 16 150
20 51 44 48 0 17 0 0.15 M M 5.1 13 70 M M 10 1 16 70
21 53 46 50 3 15 0 0.61 M M 9.0 17 120 M M 10 1 26 130
22 52 48 50 3 15 0 0.88 M M 8.9 16 70 M M 10 1 24 80
23 57 46 52 5 13 0 0.47 M M 4.5 16 120 M M 10 1 25 100
24 60 47 54 7 11 0 0.05 M M 3.5 12 90 M M 8 1 16 80
25 58 44 51 4 14 0 0.06 M M 1.5 7 90 M M 9 1 9 10
26 55 48 52 6 13 0 0.41 M M 8.0 16 80 M M 10 1 23 130
27 54 46 50 4 15 0 1.17 M M 14.0 25 180 M M 10 1 38 190
28 55 43 49 3 16 0 0.43 M M 11.5 29 200 M M 10 1 40 180
29 53 33 43 -3 22 0 T M M 3.3 16 30 M M 4 1 21 30
30 62 46 54 8 11 0 1.15 M M 7.4 18 90 M M 8 1 25 100
================================================================================
SM 1709 1258 460 0 11.81 M 150.8 M 203
================================================================================
AV 57.0 41.9 5.0 FASTST M M 7 MAX(MPH)
MISC ----> 29 200 40 180
================================================================================
NOTES:
# LAST OF SEVERAL OCCURRENCES
COLUMN 17 PEAK WIND IN M.P.H.
PRELIMINARY LOCAL CLIMATOLOGICAL DATA (WS FORM: F-6) , PAGE 2
STATION: YAKUTAT
MONTH: SEPTEMBER
YEAR: 2020
LATITUDE: 59 31 N
LONGITUDE: 139 40 W
[TEMPERATURE DATA] [PRECIPITATION DATA] SYMBOLS USED IN COLUMN 16
AVERAGE MONTHLY: 49.5 TOTAL FOR MONTH: 11.81 1 = FOG OR MIST
DPTR FM NORMAL: 1.0 DPTR FM NORMAL: -9.30 2 = FOG REDUCING VISIBILITY
HIGHEST: 62 ON 30,13 GRTST 24HR 1.90 ON 8- 9 TO 1/4 MILE OR LESS
LOWEST: 30 ON 14,13 3 = THUNDER
SNOW, ICE PELLETS, HAIL 4 = ICE PELLETS
TOTAL MONTH: M 5 = HAIL
GRTST 24HR M ON M 6 = FREEZING RAIN OR DRIZZLE
GRTST DEPTH: M ON M 7 = DUSTSTORM OR SANDSTORM:
VSBY 1/2 MILE OR LESS
8 = SMOKE OR HAZE
[NO. OF DAYS WITH] [WEATHER - DAYS WITH] 9 = BLOWING SNOW
X = TORNADO
MAX 32 OR BELOW: 0 0.01 INCH OR MORE: 20
MAX 90 OR ABOVE: 0 0.10 INCH OR MORE: 18
MIN 32 OR BELOW: 4 0.50 INCH OR MORE: 9
MIN 0 OR BELOW: 0 1.00 INCH OR MORE: 3
[HDD (BASE 65) ]
TOTAL THIS MO. 460 CLEAR (SCALE 0-3) 7
DPTR FM NORMAL -38 PTCLDY (SCALE 4-7) 8
TOTAL FM JUL 1 1044 CLOUDY (SCALE 8-10) 15
DPTR FM NORMAL -130
[CDD (BASE 65) ]
TOTAL THIS MO. 0
DPTR FM NORMAL 0 [PRESSURE DATA]
TOTAL FM JAN 1 0 HIGHEST SLP 30.48 ON 6
DPTR FM NORMAL 0 LOWEST SLP 29.11 ON 27
[REMARKS]
#FINAL-09-20#