000
CXUS56 KPDT 011810
CF6YKM
PRELIMINARY LOCAL CLIMATOLOGICAL DATA (WS FORM: F-6)
STATION: YAKIMA WA
MONTH: JUNE
YEAR: 2021
LATITUDE: 46 34 N
LONGITUDE: 120 32 W
TEMPERATURE IN F: :PCPN: SNOW: WIND :SUNSHINE: SKY :PK WND
================================================================================
1 2 3 4 5 6A 6B 7 8 9 10 11 12 13 14 15 16 17 18
12Z AVG MX 2MIN
DY MAX MIN AVG DEP HDD CDD WTR SNW DPTH SPD SPD DIR MIN PSBL S-S WX SPD DR
================================================================================
1 95 59 77 15 0 12 0.00 M M 4.8 10 150 M M 0 15 150
2 100 57 79 17 0 14 0.00 M M 6.1 18 330 M M 0 30 320
3 96 68 82 19 0 17 0.00 M M 7.4 20 10 M M 0 27 310
4 86 59 73 10 0 8 0.00 M M 8.9 24 300 M M 0 34 310
5 72 49 61 -2 4 0 0.00 M M 13.7 32 310 M M 2 7 42 280
6 64 42 53 -10 12 0 T M M 7.8 20 200 M M 4 27 200
7 67 45 56 -7 9 0 0.00 M M 6.2 22 210 M M 2 29 220
8 71 46 59 -5 6 0 0.00 M M 7.2 15 170 M M 5 20 220
9 75 41 58 -6 7 0 0.00 M M 5.9 17 350 M M 1 24 330
10 73 47 60 -4 5 0 0.00 M M 8.4 18 300 M M 0 8 28 290
11 70 53 62 -2 3 0 0.01 M M 6.4 18 200 M M 8 26 230
12 81 47 64 0 1 0 0.02 M M 4.0 14 110 M M 3 20 150
13 89 64 77 13 0 12 0.03 M M 7.6 21 290 M M 6 30 290
14 81 58 70 6 0 5 0.12 M M 5.2 17 330 M M 7 3 31 310
15 76 50 63 -2 2 0 0.00 M M 6.2 24 290 M M 3 33 290
16 80 40 60 -5 5 0 0.00 M M 4.0 10 150 M M 0 17 40
17 90 48 69 4 0 4 0.00 M M 5.2 14 320 M M 0 16 320
18 93 55 74 9 0 9 0.00 M M 7.9 20 330 M M 0 30 340
19 91 62 77 11 0 12 0.00 M M 14.6 31 320 M M 0 7 42 320
20 89 58 74 8 0 9 0.00 M M 7.6 21 310 M M 0 30 310
21 96 56 76 10 0 11 0.00 M M 5.5 10 260 M M 0 15 260
22 98 61 80 14 0 15 0.00 M M 7.0 17 310 M M 0 26 130
23 96 64 80 13 0 15 0.00 M M 6.1 17 280 M M 0 24 290
24 97 55 76 9 0 11 0.00 M M 5.7 18 340 M M 0 26 320
25 97 66 82 15 0 17 0.00 M M 5.9 13 160 M M 0 21 220
26 104 68 86 18 0 21 0.00 M M 6.5 15 170 M M 0 20 160
27 109 68 89 21 0 24 0.00 M M 8.0 18 80 M M 0 24 80
28 109 68 89 21 0 24 0.00 M M 7.0 13 250 M M 0 16 250
29 113 70 92 24 0 27 0.00 M M 6.2 14 260 M M 0 17 260
30 108 77 93 24 0 28 0.00 M M 5.8 14 330 M M 0 24 350
================================================================================
SM 2666 1701 54 295 0.18 M 208.8 M 41
================================================================================
AV 88.9 56.7 7.0 FASTST M M 1 MAX(MPH)
MISC ----> 32 310 # 42 280
================================================================================
NOTES:
# LAST OF SEVERAL OCCURRENCES
COLUMN 17 PEAK WIND IN M.P.H.
PRELIMINARY LOCAL CLIMATOLOGICAL DATA (WS FORM: F-6) , PAGE 2
STATION: YAKIMA WA
MONTH: JUNE
YEAR: 2021
LATITUDE: 46 34 N
LONGITUDE: 120 32 W
[TEMPERATURE DATA] [PRECIPITATION DATA] SYMBOLS USED IN COLUMN 16
AVERAGE MONTHLY: 72.8 TOTAL FOR MONTH: 0.18 1 = FOG OR MIST
DPTR FM NORMAL: 7.7 DPTR FM NORMAL: -0.32 2 = FOG REDUCING VISIBILITY
HIGHEST: 113 ON 29 GRTST 24HR 0.15 ON 13-14 TO 1/4 MILE OR LESS
LOWEST: 40 ON 16 3 = THUNDER
SNOW, ICE PELLETS, HAIL 4 = ICE PELLETS
TOTAL MONTH: M 5 = HAIL
GRTST 24HR M ON M 6 = FREEZING RAIN OR DRIZZLE
GRTST DEPTH: M ON M 7 = DUSTSTORM OR SANDSTORM:
VSBY 1/2 MILE OR LESS
8 = SMOKE OR HAZE
[NO. OF DAYS WITH] [WEATHER - DAYS WITH] 9 = BLOWING SNOW
X = TORNADO
MAX 32 OR BELOW: 0 0.01 INCH OR MORE: 4
MAX 90 OR ABOVE: 16 0.10 INCH OR MORE: 1
MIN 32 OR BELOW: 0 0.50 INCH OR MORE: 0
MIN 0 OR BELOW: 0 1.00 INCH OR MORE: 0
[HDD (BASE 65) ]
TOTAL THIS MO. 54 CLEAR (SCALE 0-3) 24
DPTR FM NORMAL -28 PTCLDY (SCALE 4-7) 6
TOTAL FM JUL 1 5292 CLOUDY (SCALE 8-10) 0
DPTR FM NORMAL -464
[CDD (BASE 65) ]
TOTAL THIS MO. 295
DPTR FM NORMAL 210 [PRESSURE DATA]
TOTAL FM JAN 1 322 HIGHEST SLP 30.34 ON 16
DPTR FM NORMAL 209 LOWEST SLP 29.55 ON 29
[REMARKS]
#FINAL-06-21#