000
CXUS54 KBMX 281010
CF6ANB
PRELIMINARY LOCAL CLIMATOLOGICAL DATA (WS FORM: F-6)
STATION: ANNISTON
MONTH: MARCH
YEAR: 2024
LATITUDE: 33 35 N
LONGITUDE: 85 51 W
TEMPERATURE IN F: :PCPN: SNOW: WIND :SUNSHINE: SKY :PK WND
================================================================================
1 2 3 4 5 6A 6B 7 8 9 10 11 12 13 14 15 16 17 18
12Z AVG MX 2MIN
DY MAX MIN AVG DEP HDD CDD WTR SNW DPTH SPD SPD DIR MIN PSBL S-S WX SPD DR
================================================================================
1 50 43 47 -5 18 0 0.66 0.0 0 9.0 17 80 M M 10 1 27 70
2 65 45 55 3 10 0 0.01 0.0 0 4.2 13 60 M M 6 1 17 40
3 73 50 62 10 3 0 T 0.0 0 5.0 9 150 M M 8 1 16 140
4 73 59 66 14 0 1 M 0.0 M 7.5 14 120 M M 5 1 19 100
5 64 59 62 9 3 0 0.18 0.0 0 6.1 12 100 M M 9 1 19 100
6 65 48 57 4 8 0 0.09 0.0 0 2.6 12 310 M M 10 1 18 310
7 76 44 60 7 5 0 0.00 0.0 0 1.9 7 230 M M 0 28 9 60
8 67 57 62 8 3 0 1.71 0.0 0 7.9 17 100 M M 6 1 28 10
9 68 50 59 5 6 0 T 0.0 M 6.9 17 310 M M 9 1 30 310
10 61 41 51 -3 14 0 0.00 0.0 0 7.1 17 300 M M 2 29 290
11 65 31 48 -6 17 0 0.00 0.0 0 1.7 10 250 M M 0 13 240
12 72 35 54 0 11 0 0.00 0.0 0 2.7 12 230 M M 0 16 220
13 73 40 57 2 8 0 0.00 0.0 0 2.3 14 220 M M 0 18 220
14 82 48 65 10 0 0 0.00 0.0 0 4.0 13 240 M M 1 18 19 240
15 72 56 64 9 1 0 0.45 0.0 0 5.6 38 250 M M 6 13 59 250
16 68 50 59 4 6 0 0.00 0.0 0 3.9 13 300 M M 5 1 17 280
17 64 48 56 0 9 0 0.06 0.0 0 4.9 12 200 M M 5 1 15 270
18 58 37 48 -8 17 0 0.00 0.0 0 7.7 22 280 M M 1 36 300
19 58 28 43 -13 22 0 0.00 0.0 0 3.8 16 230 M M 0 22 250
20 72 33 53 -3 12 0 0.00 0.0 0 4.8 16 250 M M 0 8 22 240
21 78 42 60 3 5 0 0.00 0.0 0 2.1 10 20 M M 2 18 14 40
22 63 56 60 3 5 0 0.10 0.0 0 6.3 17 90 M M 8 18 27 80
23 65 49 57 0 8 0 0.05 0.0 0 9.0 20 10 M M 6 1 29 40
24 70 39 55 -2 10 0 0.00 0.0 0 8.4 17 90 M M 0 23 70
25 69 51 60 2 5 0 0.00 0.0 M 12.2 21 100 M M 6 35 90
26 67 49 58 0 7 0 0.59 M M 5.4 24 120 M M 7 12 38 130
27 73 49 61 3 4 0 0.00 0.0 0 6.4 18 360 M M 4 12 27 350
================================================================================
SM 1831 1237 217 1 3.90 0.0 149.4 M 116
================================================================================
AV 67.8 45.8 5.5 FASTST M M 4 MAX(MPH)
MISC ----> 38 250 59 250
================================================================================
NOTES:
# LAST OF SEVERAL OCCURRENCES
COLUMN 17 PEAK WIND IN M.P.H.
PRELIMINARY LOCAL CLIMATOLOGICAL DATA (WS FORM: F-6) , PAGE 2
STATION: ANNISTON
MONTH: MARCH
YEAR: 2024
LATITUDE: 33 35 N
LONGITUDE: 85 51 W
[TEMPERATURE DATA] [PRECIPITATION DATA] SYMBOLS USED IN COLUMN 16
AVERAGE MONTHLY: 56.8 TOTAL FOR MONTH: 3.90 1 = FOG OR MIST
DPTR FM NORMAL: 1.9 DPTR FM NORMAL: -0.84 2 = FOG REDUCING VISIBILITY
HIGHEST: 82 ON 14 GRTST 24HR 1.71 ON 8- 8 TO 1/4 MILE OR LESS
LOWEST: 28 ON 19 3 = THUNDER
SNOW, ICE PELLETS, HAIL 4 = ICE PELLETS
TOTAL MONTH: 0.0 INCH 5 = HAIL
GRTST 24HR 0.0 6 = FREEZING RAIN OR DRIZZLE
GRTST DEPTH: 0 7 = DUSTSTORM OR SANDSTORM:
VSBY 1/2 MILE OR LESS
8 = SMOKE OR HAZE
[NO. OF DAYS WITH] [WEATHER - DAYS WITH] 9 = BLOWING SNOW
X = TORNADO
MAX 32 OR BELOW: 0 0.01 INCH OR MORE: 10
MAX 90 OR ABOVE: 0 0.10 INCH OR MORE: 6
MIN 32 OR BELOW: 2 0.50 INCH OR MORE: 3
MIN 0 OR BELOW: 0 1.00 INCH OR MORE: 1
[HDD (BASE 65) ]
TOTAL THIS MO. 217 CLEAR (SCALE 0-3) 11
DPTR FM NORMAL -68 PTCLDY (SCALE 4-7) 12
TOTAL FM JUL 1 2240 CLOUDY (SCALE 8-10) 4
DPTR FM NORMAL -214
[CDD (BASE 65) ]
TOTAL THIS MO. 1
DPTR FM NORMAL -7 [PRESSURE DATA]
TOTAL FM JAN 1 5 HIGHEST SLP M ON M
DPTR FM NORMAL -6 LOWEST SLP 29.71 ON 9
[REMARKS]