000
CXUS55 KBOU 221912
CF6APA
PRELIMINARY LOCAL CLIMATOLOGICAL DATA (WS FORM: F-6)

                                          STATION:   CENTENNIAL CO
                                          MONTH:     APRIL
                                          YEAR:      2018
                                          LATITUDE:   39 33 N
                                          LONGITUDE: 104 51 W

  TEMPERATURE IN F:       :PCPN:    SNOW:  WIND      :SUNSHINE: SKY     :PK WND
================================================================================
1   2   3   4   5  6A  6B    7    8   9   10  11  12  13   14  15   16   17  18
                                     12Z  AVG MX 2MIN
DY MAX MIN AVG DEP HDD CDD  WTR  SNW DPTH SPD SPD DIR MIN PSBL S-S WX    SPD DR
================================================================================

 1  54  26  40  -3  25   0 0.00    M    M  7.8 21 170   M    M   7        26 160
 2  73  34  54  11  11   0 0.00    M    M 14.1 30 250   M    M   6        44 230
 3  46  30  38  -5  27   0    T    M    M 10.5 31  10   M    M   5 1      40 360
 4  61  24  43   0  22   0 0.00    M    M  6.9 17 200   M    M   7        22 200
 5  65  34  50   6  15   0    T    M    M  8.6 24 240   M    M   7        38 220
 6  45  23  34 -10  31   0 0.02    M    M  9.1 22  20   M    M   9 12     29  20
 7  59  22  41  -3  24   0    T    M    M  7.9 26 190   M    M   8 1      36 200
 8  60  40  50   6  15   0 0.01    M    M 14.3 26 320   M    M   6        38 340
 9  53  32  43  -1  22   0 0.08    M    M  6.1 16 120   M    M   5 1      22  40
10  69  31  50   5  15   0 0.00    M    M  5.4 15 200   M    M   5        18 220
11  78  48  63  18   2   0 0.00    M    M 11.3 29 280   M    M   5 8      40 280
12  76  37  57  12   8   0 0.01    M    M 11.8 33 210   M    M   6        45 200
13  41  30  36  -9  29   0 0.26    M    M 16.1 37 350   M    M   9 128    55 320
14  54  29  42  -4  23   0 0.00    M    M 13.7 26 360   M    M   5        36 360
15  61  27  44  -2  21   0 0.00    M    M  8.0 23 200   M    M   4        31 200
16  73  34  54   8  11   0 0.00    M    M  8.4 36 240   M    M   6        45 210
17  69  36  53   7  12   0 0.00    M    M 21.9 44 290   M    M   2        60 280
18  54  29  42  -5  23   0 0.00    M    M  8.2 25 310   M    M   2        35 290
19  65  31  48   1  17   0 0.00    M    M 19.0 39 170   M    M   5        51 170
20  55  34  45  -2  20   0 0.13    M    M 14.0 28 180   M    M   8 14     39 170
21  38  31  35 -13  30   0 0.14    M    M  6.4 13 350   M    M   8 1      17 330
================================================================================
SM 1249  662       403   0  0.65    M    229.5          M      125
================================================================================
AV 59.5 31.5                              10.9 FASTST   M    M   6    MAX(MPH)
                                 MISC ---->  # 44 290               # 60  280
================================================================================
NOTES:
# LAST OF SEVERAL OCCURRENCES

COLUMN 17 PEAK WIND IN M.P.H.

PRELIMINARY LOCAL CLIMATOLOGICAL DATA (WS FORM: F-6) , PAGE 2

                                          STATION:  CENTENNIAL CO
                                          MONTH:    APRIL
                                          YEAR:     2018
                                          LATITUDE:   39 33 N
                                          LONGITUDE: 104 51 W

[TEMPERATURE DATA]      [PRECIPITATION DATA]       SYMBOLS USED IN COLUMN 16

AVERAGE MONTHLY: 45.5   TOTAL FOR MONTH:   0.65    1 = FOG OR MIST
DPTR FM NORMAL:   0.5   DPTR FM NORMAL:   -0.75    2 = FOG REDUCING VISIBILITY
HIGHEST:    78 ON 11    GRTST 24HR  0.26 ON 13-13      TO 1/4 MILE OR LESS
LOWEST:     22 ON  7                               3 = THUNDER
                        SNOW, ICE PELLETS, HAIL    4 = ICE PELLETS
                        TOTAL MONTH:    M          5 = HAIL
                        GRTST 24HR    M  ON   M    6 = FREEZING RAIN OR DRIZZLE
                        GRTST DEPTH:  M  ON   M    7 = DUSTSTORM OR SANDSTORM:
                                                       VSBY 1/2 MILE OR LESS
                                                   8 = SMOKE OR HAZE
[NO. OF DAYS WITH]      [WEATHER - DAYS WITH]      9 = BLOWING SNOW
                                                   X = TORNADO
MAX 32 OR BELOW:   0    0.01 INCH OR MORE:   7
MAX 90 OR ABOVE:   0    0.10 INCH OR MORE:   3
MIN 32 OR BELOW:  13    0.50 INCH OR MORE:   0
MIN  0 OR BELOW:   0    1.00 INCH OR MORE:   0

[HDD (BASE 65) ]
TOTAL THIS MO.   403    CLEAR  (SCALE 0-3)   2
DPTR FM NORMAL   -18    PTCLDY (SCALE 4-7)  16
TOTAL FM JUL 1  5100    CLOUDY (SCALE 8-10)  3
DPTR FM NORMAL  -574

[CDD (BASE 65) ]
TOTAL THIS MO.     0
DPTR FM NORMAL     0    [PRESSURE DATA]
TOTAL FM JAN 1     0    HIGHEST SLP M ON M
DPTR FM NORMAL     0    LOWEST  SLP 29.14 ON 12

[REMARKS]
