000
CXUS54 KMAF 281110
CF6ATS
PRELIMINARY LOCAL CLIMATOLOGICAL DATA (WS FORM: F-6)
STATION: ARTESIA
MONTH: MARCH
YEAR: 2024
LATITUDE: 32 54 N
LONGITUDE: 104 30 W
TEMPERATURE IN F: :PCPN: SNOW: WIND :SUNSHINE: SKY :PK WND
================================================================================
1 2 3 4 5 6A 6B 7 8 9 10 11 12 13 14 15 16 17 18
12Z AVG MX 2MIN
DY MAX MIN AVG DEP HDD CDD WTR SNW DPTH SPD SPD DIR MIN PSBL S-S WX SPD DR
================================================================================
1 75 43 59 M 6 0 0.00 M M 11.6 22 240 M M 0 31 210
2 77 45 61 M 4 0 0.00 M M 17.1 31 230 M M 0 40 230
3 79 55 67 M 0 2 0.00 M M 18.7 32 240 M M 0 37 230
4 75 55 65 M 0 0 0.00 M M 14.4 23 240 M M 0 31 240
5 73 41 57 M 8 0 0.00 M M 8.6 18 270 M M 0 20 99
6 75 43 59 M 6 0 0.00 M M 8.7 24 230 M M 0 33 230
7 72 52 62 M 3 0 0.00 M M 15.6 25 250 M M 1 36 240
8 54 37 46 M 19 0 0.01 M M 13.1 21 20 M M 6 29 20
9 52 30 41 M 24 0 0.00 M M 6.7 12 200 M M 0 15 350
10 63 30 47 M 18 0 0.00 M M 7.4 16 160 M M 0 22 160
11 73 36 55 M 10 0 0.00 M M 10.7 20 200 M M 0 29 190
12 79 39 59 M 6 0 0.00 M M 8.8 26 230 M M 0 36 230
13 75 48 62 M 3 0 0.00 M M 18.3 36 250 M M 0 46 250
14 73 41 57 M 8 0 0.00 M M 8.0 17 10 M M 0 28 90
15 52 43 48 M 17 0 0.04 M M 16.0 23 360 M M 10 18 30 10
16 52 43 48 M 17 0 0.03 M M 9.2 14 360 M M 10 1 M M
17 63 46 55 M 10 0 0.00 M M 7.9 17 80 M M 9 24 80
18 63 43 53 M 12 0 0.00 M M 8.7 18 160 M M 6 1 25 130
19 70 37 54 M 11 0 0.00 M M 7.2 18 130 M M 2 23 170
20 73 41 57 M 8 0 0.00 M M 10.7 25 220 M M 2 26 200
21 70 48 59 M 6 0 0.00 M M 6.9 16 300 M M 4 16 300
22 77 48 63 M 2 0 0.00 M M 12.1 18 10 M M 0 26 120
23 68 50 59 M 6 0 0.00 M M 14.1 23 160 M M 0 32 150
24 68 50 59 M 6 0 0.00 M M 26.9 43 240 M M 0 54 260
25 59 37 48 M 17 0 0.00 M M 14.7 31 240 M M 2 40 240
26 59 28 44 M 21 0 0.00 M M 9.5 25 250 M M 2 32 250
27 66 41 54 M 11 0 0.00 M M 13.4 23 310 M M 0 31 330
================================================================================
SM 1835 1150 259 2 0.08 M 325.2 M 54
================================================================================
AV 68.0 42.6 12.0 FASTST M M 2 MAX(MPH)
MISC ----> 43 240 54 260
================================================================================
NOTES:
# LAST OF SEVERAL OCCURRENCES
COLUMN 17 PEAK WIND IN M.P.H.
PRELIMINARY LOCAL CLIMATOLOGICAL DATA (WS FORM: F-6) , PAGE 2
STATION: ARTESIA
MONTH: MARCH
YEAR: 2024
LATITUDE: 32 54 N
LONGITUDE: 104 30 W
[TEMPERATURE DATA] [PRECIPITATION DATA] SYMBOLS USED IN COLUMN 16
AVERAGE MONTHLY: 55.3 TOTAL FOR MONTH: 0.08 1 = FOG OR MIST
DPTR FM NORMAL: 0.0 DPTR FM NORMAL: 0.08 2 = FOG REDUCING VISIBILITY
HIGHEST: 79 ON 12, 3 GRTST 24HR 0.04 ON 15-15 TO 1/4 MILE OR LESS
LOWEST: 28 ON 26 3 = THUNDER
SNOW, ICE PELLETS, HAIL 4 = ICE PELLETS
TOTAL MONTH: M 5 = HAIL
GRTST 24HR M ON M 6 = FREEZING RAIN OR DRIZZLE
GRTST DEPTH: M ON M 7 = DUSTSTORM OR SANDSTORM:
VSBY 1/2 MILE OR LESS
8 = SMOKE OR HAZE
[NO. OF DAYS WITH] [WEATHER - DAYS WITH] 9 = BLOWING SNOW
X = TORNADO
MAX 32 OR BELOW: 0 0.01 INCH OR MORE: 3
MAX 90 OR ABOVE: 0 0.10 INCH OR MORE: 0
MIN 32 OR BELOW: 3 0.50 INCH OR MORE: 0
MIN 0 OR BELOW: 0 1.00 INCH OR MORE: 0
[HDD (BASE 65) ]
TOTAL THIS MO. 259 CLEAR (SCALE 0-3) 21
DPTR FM NORMAL M PTCLDY (SCALE 4-7) 3
TOTAL FM JUL 1 2418 CLOUDY (SCALE 8-10) 3
DPTR FM NORMAL M
[CDD (BASE 65) ]
TOTAL THIS MO. 2
DPTR FM NORMAL M [PRESSURE DATA]
TOTAL FM JAN 1 12 HIGHEST SLP M ON M
DPTR FM NORMAL M LOWEST SLP M ON M
[REMARKS]