000
CXUS55 KBYZ 231056
CF6BHK
PRELIMINARY LOCAL CLIMATOLOGICAL DATA (WS FORM: F-6)

                                          STATION:   BAKER MT
                                          MONTH:     APRIL
                                          YEAR:      2018
                                          LATITUDE:   46 20 N
                                          LONGITUDE: 104 15 W

  TEMPERATURE IN F:       :PCPN:    SNOW:  WIND      :SUNSHINE: SKY     :PK WND
================================================================================
1   2   3   4   5  6A  6B    7    8   9   10  11  12  13   14  15   16   17  18
                                     12Z  AVG MX 2MIN
DY MAX MIN AVG DEP HDD CDD  WTR  SNW DPTH SPD SPD DIR MIN PSBL S-S WX    SPD DR
================================================================================

 1  36   8  22 -16  43   0    T    M    M  7.9 15 150   M    M   2 1      19 180
 2  29  12  21 -17  44   0    T    M    M 16.8 24  80   M    M  10 18     27  70
 3  21   8  15 -23  50   0 0.06    M    M  6.8 15  30   M    M   4 1      19  40
 4  38  10  24 -15  41   0 0.06    M    M  6.3 13 190   M    M   7 1      14 190
 5  32  14  23 -16  42   0    T    M    M 14.5 24 350   M    M   6 1      32 350
 6  22   3  13 -26  52   0 0.00    M    M  8.5 22  20   M    M   1        26  20
 7  34  12  23 -17  42   0    T    M    M 18.4 33 120   M    M   5 1      42 110
 8  28  20  24 -16  41   0    T    M    M 10.6 22 110   M    M   9 12     28 110
 9  43  20  32  -8  33   0 0.00    M    M  3.2 13 270   M    M   7 1      15 260
10  57  26  42   1  23   0 0.00    M    M  6.0 13 240   M    M   0        14 270
11  53  33  43   2  22   0 0.43    M    M  7.1 21 270   M    M   5 138    25 280
12  38  30  34  -7  31   0 0.22    M    M 14.1 26  80   M    M   8 1      32  80
13  30  15  23 -19  42   0 0.20    M    M 11.0 25  90   M    M   8 168    32  80
14  36  10  23 -19  42   0 0.00    M    M 11.8 21 120   M    M   1 1      24 120
15  48  22  35  -7  30   0 0.00    M    M 17.1 29 130   M    M   0        35 140
16  50  27  39  -4  26   0 0.00    M    M 31.6 44 120   M    M   0        56 130
17  40  29  35  -8  30   0 0.00    M    M 17.1 33 130   M    M   5        44 120
18  58  29  44   0  21   0 0.00    M    M 10.0 23 330   M    M   2        28 290
19  59  27  43  -1  22   0 0.00    M    M 14.6 29 110   M    M   0        34 110
20  60  32  46   2  19   0 0.00    M    M 16.6 26 150   M    M   0        32 150
21  65  36  51   6  14   0 0.00    M    M 17.8 26 190   M    M   1        32 180
22  66  31  49   4  16   0 0.00    M    M  3.7 10  70   M    M   0        13 310
================================================================================
SM  943  454       726   0  0.97    M    271.5          M       81
================================================================================
AV 42.9 20.6                              12.3 FASTST   M    M   4    MAX(MPH)
                                 MISC ---->  # 44 120               # 56  130
================================================================================
NOTES:
# LAST OF SEVERAL OCCURRENCES

COLUMN 17 PEAK WIND IN M.P.H.

PRELIMINARY LOCAL CLIMATOLOGICAL DATA (WS FORM: F-6) , PAGE 2

                                          STATION:  BAKER MT
                                          MONTH:    APRIL
                                          YEAR:     2018
                                          LATITUDE:   46 20 N
                                          LONGITUDE: 104 15 W

[TEMPERATURE DATA]      [PRECIPITATION DATA]       SYMBOLS USED IN COLUMN 16

AVERAGE MONTHLY: 31.8   TOTAL FOR MONTH:   0.97    1 = FOG OR MIST
DPTR FM NORMAL:  -9.5   DPTR FM NORMAL:    0.24    2 = FOG REDUCING VISIBILITY
HIGHEST:    66 ON 22    GRTST 24HR  0.43 ON 11-11      TO 1/4 MILE OR LESS
LOWEST:      3 ON  6                               3 = THUNDER
                        SNOW, ICE PELLETS, HAIL    4 = ICE PELLETS
                        TOTAL MONTH:    M          5 = HAIL
                        GRTST 24HR    M  ON   M    6 = FREEZING RAIN OR DRIZZLE
                        GRTST DEPTH:  M  ON   M    7 = DUSTSTORM OR SANDSTORM:
                                                       VSBY 1/2 MILE OR LESS
                                                   8 = SMOKE OR HAZE
[NO. OF DAYS WITH]      [WEATHER - DAYS WITH]      9 = BLOWING SNOW
                                                   X = TORNADO
MAX 32 OR BELOW:   6    0.01 INCH OR MORE:   5
MAX 90 OR ABOVE:   0    0.10 INCH OR MORE:   3
MIN 32 OR BELOW:  20    0.50 INCH OR MORE:   0
MIN  0 OR BELOW:   0    1.00 INCH OR MORE:   0

[HDD (BASE 65) ]
TOTAL THIS MO.   726    CLEAR  (SCALE 0-3)  11
DPTR FM NORMAL   205    PTCLDY (SCALE 4-7)   7
TOTAL FM JUL 1  8425    CLOUDY (SCALE 8-10)  4
DPTR FM NORMAL   715

[CDD (BASE 65) ]
TOTAL THIS MO.     0
DPTR FM NORMAL     0    [PRESSURE DATA]
TOTAL FM JAN 1     0    HIGHEST SLP  0.00 ON 21
DPTR FM NORMAL     0    LOWEST  SLP 29.28 ON 12

[REMARKS]
