835
CXAK56 PAFG 201431
CF6BRW
PRELIMINARY LOCAL CLIMATOLOGICAL DATA (WS FORM: F-6)

                                          STATION:   BARROW AK
                                          MONTH:     APRIL
                                          YEAR:      2018
                                          LATITUDE:   71 17 N
                                          LONGITUDE: 156 47 W

  TEMPERATURE IN F:       :PCPN:    SNOW:  WIND      :SUNSHINE: SKY     :PK WND
================================================================================
1   2   3   4   5  6A  6B    7    8   9   10  11  12  13   14  15   16   17  18
                                     12Z  AVG MX 2MIN
DY MAX MIN AVG DEP HDD CDD  WTR  SNW DPTH SPD SPD DIR MIN PSBL S-S WX    SPD DR
================================================================================

 1  11  -5   3  11  62   0 0.00  0.0   14 13.3 25 280   M    M   1 19     30 280
 2   9  -7   1   8  64   0 0.00  0.0   14  7.3 15  40   M    M   6 1      18  40
 3   5  -4   1   7  64   0 0.00  0.0   14 11.6 18  40   M    M   0        22  40
 4   5  -6   0   6  65   0    T    T   14 13.8 18  50   M    M   6 1      23  40
 5   6  -6   0   5  65   0 0.02    M   14 19.1 26  70   M    M   7 19     30  70
 6  11   0   6  11  59   0 0.00  0.0   14 20.3 26  60   M    M   1 189    33  40
 7  10  -3   4   8  61   0    T    T   13 15.8 23  80   M    M   7 19     27  80
 8   9 -12  -1   2  66   0    T    T   13  9.2 17  90   M    M   5 12     20 120
 9  17  -1   8  11  57   0 0.00  0.0   13 15.9 21  80   M    M   1 18     25  70
10  17   2  10  12  55   0 0.00  0.0   13 12.7 16  70   M    M   0        19  70
11  14   4   9  10  56   0 0.00  0.0   12 15.1 29  10   M    M   0        36  10
12  11   2   7   8  58   0    T    T   12 16.7 30  20   M    M   3 1      39  10
13  10  -1   5   5  60   0    T    T   11  9.1 14  10   M    M   1 18     18 350
14   3  -9  -3  -4  68   0 0.00  0.0   11  7.8 14 110   M    M   2 12     17 110
15   8 -11  -1  -2  66   0 0.00  0.0   11 15.5 20 110   M    M   0        24 120
16  16   0   8   6  57   0 0.00  0.0   11 17.5 22  80   M    M   0        27  80
17  16   2   9   6  56   0 0.00  0.0   11 17.4 23  80   M    M   0 8      27  80
18  12   1   7   4  58   0 0.00  0.0   11 15.7 23  80   M    M   0        27  80
19   M   M   M   M   M   M    T    T   11  9.1 15  60   M    M   7 1       M  M
================================================================================
SM  190  -54      1097   0  0.02    T    262.9          M       47
================================================================================
AV 10.6 -3.0                              13.8 FASTST   M    M   2    MAX(MPH)
                                 MISC ---->  # 30  20               # 39   10
================================================================================
NOTES:
# LAST OF SEVERAL OCCURRENCES

COLUMN 17 PEAK WIND IN M.P.H.

PRELIMINARY LOCAL CLIMATOLOGICAL DATA (WS FORM: F-6) , PAGE 2

                                          STATION:  BARROW AK
                                          MONTH:    APRIL
                                          YEAR:     2018
                                          LATITUDE:   71 17 N
                                          LONGITUDE: 156 47 W

[TEMPERATURE DATA]      [PRECIPITATION DATA]       SYMBOLS USED IN COLUMN 16

AVERAGE MONTHLY:  3.8   TOTAL FOR MONTH:   0.02    1 = FOG OR MIST
DPTR FM NORMAL:     M   DPTR FM NORMAL:   -0.08    2 = FOG REDUCING VISIBILITY
HIGHEST:    17 ON 10, 9 GRTST 24HR  0.35 ON 31- 1      TO 1/4 MILE OR LESS
LOWEST:    -12 ON  8                               3 = THUNDER
                        SNOW, ICE PELLETS, HAIL    4 = ICE PELLETS
                        TOTAL MONTH:    T          5 = HAIL
                        GRTST 24HR    T  ON 19-19  6 = FREEZING RAIN OR DRIZZLE
                        GRTST DEPTH:  14 ON  6, 5  7 = DUSTSTORM OR SANDSTORM:
                                                       VSBY 1/2 MILE OR LESS
                                                   8 = SMOKE OR HAZE
[NO. OF DAYS WITH]      [WEATHER - DAYS WITH]      9 = BLOWING SNOW
                                                   X = TORNADO
MAX 32 OR BELOW:  18    0.01 INCH OR MORE:   1
MAX 90 OR ABOVE:   0    0.10 INCH OR MORE:   0
MIN 32 OR BELOW:  18    0.50 INCH OR MORE:   0
MIN  0 OR BELOW:  13    1.00 INCH OR MORE:   0

[HDD (BASE 65) ]
TOTAL THIS MO.  1097    CLEAR  (SCALE 0-3)  13
DPTR FM NORMAL  -175    PTCLDY (SCALE 4-7)   6
TOTAL FM JUL 1 13727    CLOUDY (SCALE 8-10)  0
DPTR FM NORMAL -2809

[CDD (BASE 65) ]
TOTAL THIS MO.     0
DPTR FM NORMAL     0    [PRESSURE DATA]
TOTAL FM JAN 1     0    HIGHEST SLP M ON M
DPTR FM NORMAL     0    LOWEST  SLP 29.63 ON 11

[REMARKS]
