000
CXUS55 KCYS 201000
CF6CDR
PRELIMINARY LOCAL CLIMATOLOGICAL DATA (WS FORM: F-6)

                                          STATION:   CHADRON NEBRASKA AIRPORT
                                          MONTH:     MAY
                                          YEAR:      2018
                                          LATITUDE:   42 50 N
                                          LONGITUDE: 103  6 W

  TEMPERATURE IN F:       :PCPN:    SNOW:  WIND      :SUNSHINE: SKY     :PK WND
================================================================================
1   2   3   4   5  6A  6B    7    8   9   10  11  12  13   14  15   16   17  18
                                     12Z  AVG MX 2MIN
DY MAX MIN AVG DEP HDD CDD  WTR  SNW DPTH SPD SPD DIR MIN PSBL S-S WX    SPD DR
================================================================================

 1  56  40  48  -2  17   0 0.05    M    M  3.8 20 310   M    M   7 12     24 320
 2  61  32  47  -4  18   0 0.06    M    M  3.2  9 250   M    M   6 12     13 260
 3  67  41  54   3  11   0 0.09    M    M  6.2 20 330   M    M   7 1      24 330
 4  77  38  58   6   7   0 0.00    M    M  6.9 21 280   M    M   1        25 270
 5  81  39  60   8   5   0 0.00    M    M  6.9 21 280   M    M   0        25 270
 6  78  40  59   7   6   0 0.00    M    M  8.4 28 170   M    M   2        35 170
 7  89  50  70  17   0   5    T    M    M 16.5 38 300   M    M   0        47 310
 8  77  47  62   9   3   0 0.00    M    M 10.7 21 310   0    0   0        37 310
 9  81  42  62   8   3   0 0.00    M    M  8.4 22  40   M    M   1        26  50
10  79  44  62   8   3   0 0.00    M    M 10.4 32  10   M    M   3 3      38  10
11  53  42  48  -6  17   0 0.16    M    M  9.3 26  40   M    M  10 1      33  40
12  49  44  47  -8  18   0 0.10    M    M  8.6 15  40   M    M  10 1      19  40
13  60  45  53  -2  12   0    T    M    M  3.6 12  80   M    M   7        14  70
14  72  42  57   2   8   0 0.02    M    M  4.5 15 150   M    M   5 13     24  20
15  77  40  59   3   6   0 0.00    M    M  4.1 10 150   M    M   1        15 110
16  86  44  65   9   0   0 0.00    M    M  5.6 15 140   M    M   1        20 140
17  88  55  72  16   0   7 0.01    M    M 19.7 33 160   M    M   1 3      41  70
18  77  49  63   6   2   0 0.79    M    M 10.1 35  10   M    M   7 13     45  10
19  49  43  46 -11  19   0 0.69    M    M 11.7 23  20   M    M   9 1      30  30
================================================================================
SM 1357  817       155  12  1.97    M    158.6            0     78
================================================================================
AV 71.4 43.0                               8.3 FASTST    0   0   4    MAX(MPH)
                                 MISC ---->  # 38 300               # 47  310
================================================================================
NOTES:
# LAST OF SEVERAL OCCURRENCES

COLUMN 17 PEAK WIND IN M.P.H.

PRELIMINARY LOCAL CLIMATOLOGICAL DATA (WS FORM: F-6) , PAGE 2

                                          STATION:  CHADRON NEBRASKA AIRPORT
                                          MONTH:    MAY
                                          YEAR:     2018
                                          LATITUDE:   42 50 N
                                          LONGITUDE: 103  6 W

[TEMPERATURE DATA]      [PRECIPITATION DATA]       SYMBOLS USED IN COLUMN 16

AVERAGE MONTHLY: 57.2   TOTAL FOR MONTH:   1.97    1 = FOG OR MIST
DPTR FM NORMAL:   3.4   DPTR FM NORMAL:    0.38    2 = FOG REDUCING VISIBILITY
HIGHEST:    89 ON  7    GRTST 24HR  0.79 ON 18-18      TO 1/4 MILE OR LESS
LOWEST:     32 ON  2                               3 = THUNDER
                        SNOW, ICE PELLETS, HAIL    4 = ICE PELLETS
                        TOTAL MONTH:    M          5 = HAIL
                        GRTST 24HR    M  ON   M    6 = FREEZING RAIN OR DRIZZLE
                        GRTST DEPTH:  M  ON   M    7 = DUSTSTORM OR SANDSTORM:
                                                       VSBY 1/2 MILE OR LESS
                                                   8 = SMOKE OR HAZE
[NO. OF DAYS WITH]      [WEATHER - DAYS WITH]      9 = BLOWING SNOW
                                                   X = TORNADO
MAX 32 OR BELOW:   0    0.01 INCH OR MORE:   9
MAX 90 OR ABOVE:   0    0.10 INCH OR MORE:   4
MIN 32 OR BELOW:   1    0.50 INCH OR MORE:   2
MIN  0 OR BELOW:   0    1.00 INCH OR MORE:   0

[HDD (BASE 65) ]
TOTAL THIS MO.   155    CLEAR  (SCALE 0-3)  10
DPTR FM NORMAL   -67    PTCLDY (SCALE 4-7)   6
TOTAL FM JUL 1  7056    CLOUDY (SCALE 8-10)  3
DPTR FM NORMAL    71

[CDD (BASE 65) ]
TOTAL THIS MO.    12
DPTR FM NORMAL     9    [PRESSURE DATA]
TOTAL FM JAN 1    13    HIGHEST SLP  0.00 ON  8
DPTR FM NORMAL     8    LOWEST  SLP  0.00 ON  8

[REMARKS]
