000
CXUS53 KLSX 211600
CF6COU
PRELIMINARY LOCAL CLIMATOLOGICAL DATA (WS FORM: F-6)

                                          STATION:   COLUMBIA ASOS
                                          MONTH:     MAY
                                          YEAR:      2018
                                          LATITUDE:   38 49 N
                                          LONGITUDE:  92 13 W

  TEMPERATURE IN F:       :PCPN:    SNOW:  WIND      :SUNSHINE: SKY     :PK WND
================================================================================
1   2   3   4   5  6A  6B    7    8   9   10  11  12  13   14  15   16   17  18
                                     12Z  AVG MX 2MIN
DY MAX MIN AVG DEP HDD CDD  WTR  SNW DPTH SPD SPD DIR MIN PSBL S-S WX    SPD DR
================================================================================

 1  84  60  72  12   0   7 0.00  0.0    0 14.5 24 200   M    M   5        34 170
 2  85  67  76  16   0  11 0.15  0.0    0 14.8 24 190   M    M   7 13     38 190
 3  74  63  69   9   0   4 0.49  0.0    0 11.8 26 150   M    M   4 13     36 160
 4  76  56  66   5   0   1 0.00  0.0    0  8.7 21 310   M    M   3        28 310
 5  82  55  69   8   0   4 0.00  0.0    0  5.9 16  30   M    M   0        22  60
 6  86  57  72  11   0   7    T  0.0    0  5.8 24  40   M    M   3 38     31  40
 7  83  57  70   8   0   5 0.00  0.0    0  7.7 15 100   M    M   1        20  80
 8  84  58  71   9   0   6 0.00  0.0    0 11.8 20 140   M    M   0        28 130
 9  89  64  77  15   0  12 0.04  0.0    0 11.1 26 290   M    M   2 38     36 280
10  88  56  72  10   0   7 0.00  0.0    0  8.8 20 220   M    M   1        26 200
11  86  62  74  11   0   9    T  0.0    0 12.2 29 170   M    M   0        37 180
12  87  68  78  15   0  13 0.00  0.0    0 10.3 21 200   M    M   1        29 200
13  89  68  79  16   0  14 0.00  0.0    0  9.2 17 230   M    M   3        25 240
14  88  65  77  14   0  12 0.23  0.0    0 11.0 31 320   M    M   5 138    42 320
15  83  64  74  10   0   9 0.00  0.0    0  5.5 15 200   M    M   1        22 220
16  83  63  73   9   0   8 0.00  0.0    0  6.2 13  40   M    M   4 1      17  10
17  79  64  72   8   0   7    T  0.0    0  5.6 14  80   M    M   2        17  70
18  77  61  69   4   0   4    T  0.0    0  6.1 13  80   M    M   3 12     19  50
19  76  60  68   3   0   3 0.29  0.0    0  8.3 31 240   M    M   7 123    42 230
20  81  60  71   6   0   6 1.44  0.0    0  8.0 22 270   M    M   6 13     28 280
================================================================================
SM 1660 1228         0 149  2.64     0.0 183.3          M       58
================================================================================
AV 83.0 61.4                               9.2 FASTST   M    M   3    MAX(MPH)
                                 MISC ---->  # 31 320               # 42  320
================================================================================
NOTES:
# LAST OF SEVERAL OCCURRENCES

COLUMN 17 PEAK WIND IN M.P.H.

PRELIMINARY LOCAL CLIMATOLOGICAL DATA (WS FORM: F-6) , PAGE 2

                                          STATION:  COLUMBIA ASOS
                                          MONTH:    MAY
                                          YEAR:     2018
                                          LATITUDE:   38 49 N
                                          LONGITUDE:  92 13 W

[TEMPERATURE DATA]      [PRECIPITATION DATA]       SYMBOLS USED IN COLUMN 16

AVERAGE MONTHLY: 72.2   TOTAL FOR MONTH:   2.64    1 = FOG OR MIST
DPTR FM NORMAL:   9.7   DPTR FM NORMAL:   -0.65    2 = FOG REDUCING VISIBILITY
HIGHEST:    89 ON 13, 9 GRTST 24HR  1.44 ON 20-20      TO 1/4 MILE OR LESS
LOWEST:     55 ON  5                               3 = THUNDER
                        SNOW, ICE PELLETS, HAIL    4 = ICE PELLETS
                        TOTAL MONTH:   0.0 INCH    5 = HAIL
                        GRTST 24HR     0.0         6 = FREEZING RAIN OR DRIZZLE
                        GRTST DEPTH:   0           7 = DUSTSTORM OR SANDSTORM:
                                                       VSBY 1/2 MILE OR LESS
                                                   8 = SMOKE OR HAZE
[NO. OF DAYS WITH]      [WEATHER - DAYS WITH]      9 = BLOWING SNOW
                                                   X = TORNADO
MAX 32 OR BELOW:   0    0.01 INCH OR MORE:   6
MAX 90 OR ABOVE:   0    0.10 INCH OR MORE:   5
MIN 32 OR BELOW:   0    0.50 INCH OR MORE:   1
MIN  0 OR BELOW:   0    1.00 INCH OR MORE:   1

[HDD (BASE 65) ]
TOTAL THIS MO.     0    CLEAR  (SCALE 0-3)  11
DPTR FM NORMAL   -87    PTCLDY (SCALE 4-7)   9
TOTAL FM JUL 1  4769    CLOUDY (SCALE 8-10)  0
DPTR FM NORMAL  -221

[CDD (BASE 65) ]
TOTAL THIS MO.   149
DPTR FM NORMAL   112    [PRESSURE DATA]
TOTAL FM JAN 1   162    HIGHEST SLP M ON M
DPTR FM NORMAL   100    LOWEST  SLP 29.72 ON  9

[REMARKS]
