000
CXUS53 KUNR 240945
CF6D07
PRELIMINARY LOCAL CLIMATOLOGICAL DATA (WS FORM: F-6)

                                          STATION:   FAITH SD
                                          MONTH:     MAY
                                          YEAR:      2018
                                          LATITUDE:   45  1 N
                                          LONGITUDE: 102  1 W

  TEMPERATURE IN F:       :PCPN:    SNOW:  WIND      :SUNSHINE: SKY     :PK WND
================================================================================
1   2   3   4   5  6A  6B    7    8   9   10  11  12  13   14  15   16   17  18
                                     12Z  AVG MX 2MIN
DY MAX MIN AVG DEP HDD CDD  WTR  SNW DPTH SPD SPD DIR MIN PSBL S-S WX    SPD DR
================================================================================

 1  55  39  47  -4  18   0 0.00    M    M  5.9 14  20   M    M   M        16  20
 2   M   M   M   M   M   M 0.00    M    M   M   M   M   M    M   M         M  M
 3  71   M   M   M   M   M 0.00    M    M  8.3 18 310   M    M   M        30 310
 4  79  45  62  10   3   0 0.00    M    M 11.4 25 290   M    M   M        30 280
 5  82  52  67  15   0   2 0.00    M    M 12.0 26 330   M    M   M        33 320
 6  77  49  63  11   2   0 0.00    M    M 10.7 17 170   M    M   M        21 180
 7  84  50  67  14   0   2 0.00    M    M 18.2 47 270   M    M   M        61 270
 8  68  51  60   7   5   0 0.00    M    M 12.9 24 310   M    M   M        29 310
 9  75  48  62   9   3   0 0.00    M    M 14.2 33 330   M    M   M        38 330
10  54  37  46  -7  19   0 0.17    M    M 14.7 24  90   M    M   M        30  90
11  42  39  41 -13  24   0 0.25    M    M 12.0 20  70   M    M   M        23 110
12  49  41  45  -9  20   0 0.39    M    M  7.9 17  50   M    M   M        20  50
13  59  48  54   0  11   0 0.01    M    M  4.6  9 200   M    M   M        12 220
14  74  48  61   7   4   0 0.00    M    M  8.4 18 300   M    M   M        25 320
15  75  48  62   7   3   0 0.00    M    M  7.5 14 210   M    M   M        19 200
16  82  53  68  13   0   3 0.00    M    M  7.1 14 140   M    M   M        19 170
17  83  56  70  15   0   5 0.86    M    M 16.9 54 250   M    M   M        68 260
18  69  44  57   1   8   0 0.00    M    M 13.2 25  30   M    M   M        30  20
19  61  43  52  -4  13   0 0.00    M    M 14.9 25  30   M    M   M        34  30
20  63  38  51  -5  14   0 0.00    M    M  7.8 16 130   M    M   M        21 130
21  73  41  57   1   8   0 0.00    M    M 11.1 16 130   M    M   M        22 160
22  80  51  66   9   0   1 0.00    M    M  9.0 17 130   M    M   M        21 130
23  75  59  67  10   0   2 0.23    M    M 10.4 31 160   M    M   M        38 160
================================================================================
SM 1530  980       155  15  1.91    M    239.1          M        M
================================================================================
AV 69.6 46.7                              10.9 FASTST   M    M   4    MAX(MPH)
                                 MISC ---->  # 54 250               # 68  260
================================================================================
NOTES:
# LAST OF SEVERAL OCCURRENCES

COLUMN 17 PEAK WIND IN M.P.H.

PRELIMINARY LOCAL CLIMATOLOGICAL DATA (WS FORM: F-6) , PAGE 2

                                          STATION:  FAITH SD
                                          MONTH:    MAY
                                          YEAR:     2018
                                          LATITUDE:   45  1 N
                                          LONGITUDE: 102  1 W

[TEMPERATURE DATA]      [PRECIPITATION DATA]       SYMBOLS USED IN COLUMN 16

AVERAGE MONTHLY: 58.1   TOTAL FOR MONTH:   1.91    1 = FOG OR MIST
DPTR FM NORMAL:   4.2   DPTR FM NORMAL:   -0.33    2 = FOG REDUCING VISIBILITY
HIGHEST:    84 ON  7    GRTST 24HR  0.86 ON 17-17      TO 1/4 MILE OR LESS
LOWEST:     37 ON 10                               3 = THUNDER
                        SNOW, ICE PELLETS, HAIL    4 = ICE PELLETS
                        TOTAL MONTH:    M          5 = HAIL
                        GRTST 24HR    M  ON   M    6 = FREEZING RAIN OR DRIZZLE
                        GRTST DEPTH:  M  ON   M    7 = DUSTSTORM OR SANDSTORM:
                                                       VSBY 1/2 MILE OR LESS
                                                   8 = SMOKE OR HAZE
[NO. OF DAYS WITH]      [WEATHER - DAYS WITH]      9 = BLOWING SNOW
                                                   X = TORNADO
MAX 32 OR BELOW:   0    0.01 INCH OR MORE:   6
MAX 90 OR ABOVE:   0    0.10 INCH OR MORE:   5
MIN 32 OR BELOW:   0    0.50 INCH OR MORE:   1
MIN  0 OR BELOW:   0    1.00 INCH OR MORE:   0

[HDD (BASE 65) ]
TOTAL THIS MO.   155    CLEAR  (SCALE 0-3)   0
DPTR FM NORMAL  -106    PTCLDY (SCALE 4-7)   0
TOTAL FM JUL 1  8115    CLOUDY (SCALE 8-10)  0
DPTR FM NORMAL   555

[CDD (BASE 65) ]
TOTAL THIS MO.    15
DPTR FM NORMAL    15    [PRESSURE DATA]
TOTAL FM JAN 1    15    HIGHEST SLP M ON M
DPTR FM NORMAL    14    LOWEST  SLP 29.36 ON 17

[REMARKS]
