000
CXUS51 KOKX 240910
CF6EWR
PRELIMINARY LOCAL CLIMATOLOGICAL DATA (WS FORM: F-6)
STATION: NEWARK NJ
MONTH: APRIL
YEAR: 2024
LATITUDE: 40 42 N
LONGITUDE: 74 10 W
TEMPERATURE IN F: :PCPN: SNOW: WIND :SUNSHINE: SKY :PK WND
================================================================================
1 2 3 4 5 6A 6B 7 8 9 10 11 12 13 14 15 16 17 18
12Z AVG MX 2MIN
DY MAX MIN AVG DEP HDD CDD WTR SNW DPTH SPD SPD DIR MIN PSBL S-S WX SPD DR
================================================================================
1 55 49 52 4 13 0 0.04 0.0 0 4.8 15 360 M M 9 21 340
2 50 45 48 0 17 0 1.03 0.0 0 7.6 17 70 M M 10 1 25 60
3 45 42 44 -5 21 0 1.84 0.0 0 14.4 28 50 M M 10 138 45 50
4 51 38 45 -4 20 0 0.19 0.0 0 11.9 26 50 M M 9 1 43 40
5 52 39 46 -3 19 0 T 0.0 0 13.7 25 290 M M 7 33 280
6 56 41 49 -1 16 0 T 0.0 0 15.9 25 330 M M 7 40 330
7 61 43 52 2 13 0 0.00 0.0 0 9.7 21 360 M M 5 33 320
8 69 39 54 4 11 0 0.00 0.0 0 4.0 14 160 M M 5 18 160
9 77 50 64 13 1 0 0.00 0.0 0 4.9 12 140 M M 7 18 130
10 65 52 59 8 6 0 0.00 0.0 0 6.4 12 80 M M 9 19 90
11 63 51 57 5 8 0 0.22 0.0 0 8.9 20 150 M M 10 18 32 170
12 68 55 62 10 3 0 0.27 0.0 0 15.2 35 280 M M 8 13 46 280
13 57 49 53 1 12 0 T 0.0 0 20.2 37 260 M M 8 56 260
14 76 46 61 8 4 0 0.04 0.0 0 14.1 29 220 M M 6 3 39 220
15 83 55 69 16 0 4 0.00 0.0 0 10.8 28 260 M M 5 38 280
16 74 54 64 10 1 0 0.00 0.0 0 10.0 21 300 M M 3 35 290
17 61 51 56 2 9 0 0.02 0.0 0 8.2 15 110 M M 8 23 70
18 51 47 49 -5 16 0 T 0.0 0 11.8 21 50 M M 10 1 29 40
19 55 44 50 -5 15 0 T 0.0 0 7.5 14 170 M M 9 21 150
20 72 48 60 5 5 0 0.05 0.0 0 13.1 29 250 M M 7 1 42 260
21 54 42 48 -8 17 0 0.00 0.0 0 10.0 20 260 M M 7 29 250
22 64 40 52 -4 13 0 0.00 0.0 0 8.7 21 330 M M 2 33 290
23 61 42 52 -4 13 0 0.00 0.0 0 8.1 21 140 M M 4 31 110
================================================================================
SM 1420 1062 253 4 3.70 0.0 239.9 M 165
================================================================================
AV 61.7 46.2 10.4 FASTST M M 7 MAX(MPH)
MISC ----> 37 260 56 260
================================================================================
NOTES:
# LAST OF SEVERAL OCCURRENCES
COLUMN 17 PEAK WIND IN M.P.H.
PRELIMINARY LOCAL CLIMATOLOGICAL DATA (WS FORM: F-6) , PAGE 2
STATION: NEWARK NJ
MONTH: APRIL
YEAR: 2024
LATITUDE: 40 42 N
LONGITUDE: 74 10 W
[TEMPERATURE DATA] [PRECIPITATION DATA] SYMBOLS USED IN COLUMN 16
AVERAGE MONTHLY: 54.0 TOTAL FOR MONTH: 3.70 1 = FOG OR MIST
DPTR FM NORMAL: 1.9 DPTR FM NORMAL: 0.76 2 = FOG REDUCING VISIBILITY
HIGHEST: 83 ON 15 GRTST 24HR 1.92 ON 3- 4 TO 1/4 MILE OR LESS
LOWEST: 38 ON 4 3 = THUNDER
SNOW, ICE PELLETS, HAIL 4 = ICE PELLETS
TOTAL MONTH: 0.0 INCH 5 = HAIL
GRTST 24HR 0.0 6 = FREEZING RAIN OR DRIZZLE
GRTST DEPTH: 0 7 = DUSTSTORM OR SANDSTORM:
VSBY 1/2 MILE OR LESS
8 = SMOKE OR HAZE
[NO. OF DAYS WITH] [WEATHER - DAYS WITH] 9 = BLOWING SNOW
X = TORNADO
MAX 32 OR BELOW: 0 0.01 INCH OR MORE: 9
MAX 90 OR ABOVE: 0 0.10 INCH OR MORE: 5
MIN 32 OR BELOW: 0 0.50 INCH OR MORE: 2
MIN 0 OR BELOW: 0 1.00 INCH OR MORE: 2
[HDD (BASE 65) ]
TOTAL THIS MO. 253 CLEAR (SCALE 0-3) 2
DPTR FM NORMAL -53 PTCLDY (SCALE 4-7) 13
TOTAL FM JUL 1 3675 CLOUDY (SCALE 8-10) 8
DPTR FM NORMAL -831
[CDD (BASE 65) ]
TOTAL THIS MO. 4
DPTR FM NORMAL 0 [PRESSURE DATA]
TOTAL FM JAN 1 4 HIGHEST SLP M ON M
DPTR FM NORMAL -1 LOWEST SLP 29.26 ON 4
[REMARKS]