000
CXUS53 KLMK 280710
CF6FFT
PRELIMINARY LOCAL CLIMATOLOGICAL DATA (WS FORM: F-6)
STATION: FRANKFORT KY
MONTH: MARCH
YEAR: 2024
LATITUDE: 38 10 N
LONGITUDE: 84 54 W
TEMPERATURE IN F: :PCPN: SNOW: WIND :SUNSHINE: SKY :PK WND
================================================================================
1 2 3 4 5 6A 6B 7 8 9 10 11 12 13 14 15 16 17 18
12Z AVG MX 2MIN
DY MAX MIN AVG DEP HDD CDD WTR SNW DPTH SPD SPD DIR MIN PSBL S-S WX SPD DR
================================================================================
1 44 29 37 -5 28 0 0.13 M M 4.8 10 160 M M 7 18 13 190
2 55 44 50 8 15 0 0.00 M M 1.3 7 210 M M 10 12 10 150
3 70 39 55 13 10 0 0.00 M M 5.0 15 170 M M 6 12 21 180
4 78 51 65 23 0 0 0.00 M M 6.7 15 200 M M 4 1 20 220
5 68 51 60 17 5 0 0.28 M M 4.3 18 200 M M 7 1 23 200
6 64 49 57 14 8 0 0.90 M M 4.8 15 340 M M 10 128 20 340
7 55 46 51 8 14 0 0.00 M M 6.1 13 80 M M 10 1 16 80
8 61 50 56 12 9 0 0.36 M M 5.6 12 170 M M 10 1 19 120
9 57 42 50 6 15 0 0.24 M M 8.9 16 320 M M 10 1 25 330
10 49 30 40 -4 25 0 0.00 M M 8.6 21 320 M M 2 32 300
11 59 23 41 -3 24 0 0.00 M M 4.6 14 230 M M 0 22 180
12 68 35 52 7 13 0 0.00 M M 7.9 18 220 M M 0 25 200
13 74 40 57 12 8 0 0.00 M M 5.6 16 240 M M 0 23 190
14 80 50 65 19 0 0 0.41 M M 9.5 35 320 M M 3 13 49 320
15 60 39 50 4 15 0 0.26 M M 4.7 14 340 M M 8 123 20 340
16 64 32 48 2 17 0 0.00 M M 5.8 17 230 M M 4 12 27 230
17 55 36 46 0 19 0 0.00 M M 8.6 21 320 M M 2 33 250
18 38 28 33 -14 32 0 0.00 M M 7.1 18 320 M M 6 26 300
19 54 25 40 -7 25 0 0.00 M M 11.5 28 220 M M 2 36 220
20 62 40 51 3 14 0 0.00 M M 10.7 22 290 M M 1 39 290
21 51 27 39 -9 26 0 0.00 M M 7.2 15 80 M M 1 21 70
22 54 35 45 -3 20 0 0.05 M M 3.8 8 330 M M 7 12 70
23 50 33 42 -6 23 0 0.00 M M 10.5 18 360 M M 3 30 360
24 57 29 43 -6 22 0 0.00 M M 10.4 18 80 M M 1 26 90
25 71 37 54 5 11 0 T M M 11.5 21 140 M M 1 30 140
26 63 48 56 6 9 0 0.28 M M 14.4 29 150 M M 7 41 180
27 50 33 42 -8 23 0 0.00 M M 4.8 17 330 M M 5 24 330
================================================================================
SM 1611 1021 430 0 2.91 M 194.7 M 127
================================================================================
AV 59.7 37.8 7.2 FASTST M M 5 MAX(MPH)
MISC ----> 35 320 49 320
================================================================================
NOTES:
# LAST OF SEVERAL OCCURRENCES
COLUMN 17 PEAK WIND IN M.P.H.
PRELIMINARY LOCAL CLIMATOLOGICAL DATA (WS FORM: F-6) , PAGE 2
STATION: FRANKFORT KY
MONTH: MARCH
YEAR: 2024
LATITUDE: 38 10 N
LONGITUDE: 84 54 W
[TEMPERATURE DATA] [PRECIPITATION DATA] SYMBOLS USED IN COLUMN 16
AVERAGE MONTHLY: 48.7 TOTAL FOR MONTH: 2.91 1 = FOG OR MIST
DPTR FM NORMAL: 3.1 DPTR FM NORMAL: -1.19 2 = FOG REDUCING VISIBILITY
HIGHEST: 80 ON 14 GRTST 24HR 1.15 ON 5- 6 TO 1/4 MILE OR LESS
LOWEST: 23 ON 11 3 = THUNDER
SNOW, ICE PELLETS, HAIL 4 = ICE PELLETS
TOTAL MONTH: M 5 = HAIL
GRTST 24HR M ON M 6 = FREEZING RAIN OR DRIZZLE
GRTST DEPTH: M ON M 7 = DUSTSTORM OR SANDSTORM:
VSBY 1/2 MILE OR LESS
8 = SMOKE OR HAZE
[NO. OF DAYS WITH] [WEATHER - DAYS WITH] 9 = BLOWING SNOW
X = TORNADO
MAX 32 OR BELOW: 0 0.01 INCH OR MORE: 9
MAX 90 OR ABOVE: 0 0.10 INCH OR MORE: 8
MIN 32 OR BELOW: 8 0.50 INCH OR MORE: 1
MIN 0 OR BELOW: 0 1.00 INCH OR MORE: 0
[HDD (BASE 65) ]
TOTAL THIS MO. 430 CLEAR (SCALE 0-3) 12
DPTR FM NORMAL -97 PTCLDY (SCALE 4-7) 9
TOTAL FM JUL 1 3496 CLOUDY (SCALE 8-10) 6
DPTR FM NORMAL -456
[CDD (BASE 65) ]
TOTAL THIS MO. 0
DPTR FM NORMAL 0 [PRESSURE DATA]
TOTAL FM JAN 1 0 HIGHEST SLP M ON M
DPTR FM NORMAL 0 LOWEST SLP 29.67 ON 26
[REMARKS]