000
CXUS53 KDDC 271200
CF6GCK
PRELIMINARY LOCAL CLIMATOLOGICAL DATA (WS FORM: F-6)

                                          STATION:   GARDEN CITY REGIONAL ARPT KS
                                          MONTH:     MAY
                                          YEAR:      2018
                                          LATITUDE:   37 55 N
                                          LONGITUDE: 100 43 W

  TEMPERATURE IN F:       :PCPN:    SNOW:  WIND      :SUNSHINE: SKY     :PK WND
================================================================================
1   2   3   4   5  6A  6B    7    8   9   10  11  12  13   14  15   16   17  18
                                     12Z  AVG MX 2MIN
DY MAX MIN AVG DEP HDD CDD  WTR  SNW DPTH SPD SPD DIR MIN PSBL S-S WX    SPD DR
================================================================================

 1  84  58  71  13   0   6 0.00    M    M 13.6 32 190   M    M   2        45 180
 2  69  49  59   0   6   0 0.00    M    M  9.2 18  20   M    M   4 138    22  10
 3  76  50  63   4   2   0    T    M    M 12.7 38 300   M    M   5 128    51 300
 4  75  42  59   0   6   0 0.00    M    M  8.5 18 320   M    M   1        25 320
 5  85  46  66   6   0   1 0.00    M    M  8.9 24 290   M    M   0 8      33 330
 6  86  49  68   8   0   3 0.00    M    M  8.9 16 100   M    M   0        23  90
 7  90  56  73  13   0   8 0.00    M    M 13.7 25 120   M    M   0        32 110
 8  89  56  73  12   0   8 0.00    M    M 11.1 24  10   M    M   0        32 360
 9  91  48  70   9   0   5 0.00  0.0    0 11.1 41  30   M    M   0 8      53  40
10  90  57  74  13   0   9 0.00  0.0    0 15.7 28 160   M    M   0        43 150
11  86  56  71   9   0   6 0.00  0.0    0 12.8 25  70   M    M   0        34 170
12  76  54  65   3   0   0 0.00    M    M 14.1 23  70   M    M   4 12     31  70
13  79  51  65   3   0   0 0.00    M    M 10.9 22  60   M    M   5 12     26  50
14  81  56  69   6   0   4 0.00    M    M 11.6 35  10   M    M   4 1      49  10
15  77  59  68   5   0   3 0.56    M    M  8.8 26 360   M    M   6 138    32  10
16  85  55  70   7   0   5 0.00    M    M  6.0 14 190   M    M   0        19 190
17  87  59  73   9   0   8 0.00    M    M 18.0 30 140   M    M   1        43 150
18  89  59  74  10   0   9 0.24    M    M 14.4 31 120   M    M   2 13     45 120
19  74  49  62  -2   3   0 0.49    M    0 13.8 28  60   M    M   6 13     38  70
20  70  47  59  -6   6   0 0.00    M    M 12.7 26 340   M    M   3        34 340
21  83  48  66   1   0   1 0.00    M    M 12.5 26 190   M    M   2 12     34 190
22  87  58  73   8   0   8 0.00    M    M 14.3 31 190   M    M   0        41 190
23  87  62  75   9   0  10 0.01    M    M 16.2 28 180   M    M   2 3      35 180
24  90  62  76  10   0  11 0.00    M    M 14.2 29 170   M    M   0 3      39 180
25  93  58  76  10   0  11 0.00    M    M  8.6 17 130   M    M   0        25 140
26  97  61  79  13   0  14 0.00  0.0    0 13.8 28 140   M    M   0 1      37 160
================================================================================
SM 2176 1405        23 130  1.30     0.0 316.1          M       47
================================================================================
AV 83.7 54.0                              12.2 FASTST   M    M   2    MAX(MPH)
                                 MISC ---->  # 41  30               # 53   40
================================================================================
NOTES:
# LAST OF SEVERAL OCCURRENCES

COLUMN 17 PEAK WIND IN M.P.H.

PRELIMINARY LOCAL CLIMATOLOGICAL DATA (WS FORM: F-6) , PAGE 2

                                          STATION:  GARDEN CITY REGIONAL ARPT KS
                                          MONTH:    MAY
                                          YEAR:     2018
                                          LATITUDE:   37 55 N
                                          LONGITUDE: 100 43 W

[TEMPERATURE DATA]      [PRECIPITATION DATA]       SYMBOLS USED IN COLUMN 16

AVERAGE MONTHLY: 68.9   TOTAL FOR MONTH:   1.30    1 = FOG OR MIST
DPTR FM NORMAL:   6.4   DPTR FM NORMAL:   -1.03    2 = FOG REDUCING VISIBILITY
HIGHEST:    97 ON 26    GRTST 24HR  0.56 ON 15-15      TO 1/4 MILE OR LESS
LOWEST:     42 ON  4                               3 = THUNDER
                        SNOW, ICE PELLETS, HAIL    4 = ICE PELLETS
                        TOTAL MONTH:   0.0 INCH    5 = HAIL
                        GRTST 24HR     0.0         6 = FREEZING RAIN OR DRIZZLE
                        GRTST DEPTH:   0           7 = DUSTSTORM OR SANDSTORM:
                                                       VSBY 1/2 MILE OR LESS
                                                   8 = SMOKE OR HAZE
[NO. OF DAYS WITH]      [WEATHER - DAYS WITH]      9 = BLOWING SNOW
                                                   X = TORNADO
MAX 32 OR BELOW:   0    0.01 INCH OR MORE:   4
MAX 90 OR ABOVE:   6    0.10 INCH OR MORE:   3
MIN 32 OR BELOW:   0    0.50 INCH OR MORE:   1
MIN  0 OR BELOW:   0    1.00 INCH OR MORE:   0

[HDD (BASE 65) ]
TOTAL THIS MO.    23    CLEAR  (SCALE 0-3)  19
DPTR FM NORMAL   -97    PTCLDY (SCALE 4-7)   7
TOTAL FM JUL 1  4989    CLOUDY (SCALE 8-10)  0
DPTR FM NORMAL  -193

[CDD (BASE 65) ]
TOTAL THIS MO.   130
DPTR FM NORMAL    75    [PRESSURE DATA]
TOTAL FM JAN 1   142    HIGHEST SLP M ON M
DPTR FM NORMAL    75    LOWEST  SLP 29.50 ON 11

[REMARKS]
