000
CXUS56 KFGZ 260900
CF6GCN
PRELIMINARY LOCAL CLIMATOLOGICAL DATA (WS FORM: F-6)

                                          STATION:   GRAND CANYON AZ AIRPORT
                                          MONTH:     MAY
                                          YEAR:      2018
                                          LATITUDE:   35 57 N
                                          LONGITUDE: 112  9 W

  TEMPERATURE IN F:       :PCPN:    SNOW:  WIND      :SUNSHINE: SKY     :PK WND
================================================================================
1   2   3   4   5  6A  6B    7    8   9   10  11  12  13   14  15   16   17  18
                                     12Z  AVG MX 2MIN
DY MAX MIN AVG DEP HDD CDD  WTR  SNW DPTH SPD SPD DIR MIN PSBL S-S WX    SPD DR
================================================================================

 1  57  36  47   1  18   0    T    M    M 13.2 31 220   M    M   4        39 210
 2  44  31  38  -8  27   0 0.29    M    M  6.1 16 230   M    M   8 13     22 190
 3  60  27  44  -3  21   0 0.00    M    M  5.1 23  40   M    M   3 1      29  50
 4  68  28  48   1  17   0 0.00    M    M  3.9 18  70   M    M   0        23  40
 5  76  29  53   6  12   0 0.00    M    M  3.2 18 220   M    M   0        22 230
 6  79  39  59  11   6   0 0.00    M    M  5.5 21 210   M    M   0        27 220
 7  80  39  60  12   5   0 0.00    M    M  4.5 21 230   M    M   0        28 220
 8  84  32  58  10   7   0 0.00  0.0    0  3.4 13 230   M    M   0        24 270
 9  85  39  62  14   3   0 0.00  0.0    0  6.2 24 230   M    M   0        30 230
10  83  36  60  11   5   0 0.00  0.0    0 14.0 37 220   M    M   0        50 220
11  76  45  61  12   4   0 0.00  0.0    0 19.8 40 210   M    M   0        53 210
12  64  44  54   5  11   0 0.00  0.0    0 15.3 30 220   M    M   4        40 220
13  68  28  48  -2  17   0 0.00  0.0    0  7.7 24 230   M    M   2        31 230
14  71  26  49  -1  16   0 0.00  0.0    0  7.0 23 220   M    M   0        29 210
15  74  26  50   0  15   0 0.00    M    M  5.9 22 220   M    M   0        30 240
16  77  27  52   2  13   0 0.00    M    M  6.4 25 190   M    M   0        35 220
17  76  28  52   1  13   0 0.00    M    M  8.8 28 220   M    M   0        37 210
18  74  26  50  -1  15   0 0.00    M    0  4.7 20 230   M    M   0        34 240
19  77  32  55   4  10   0 0.00    M    0  5.8 20 220   M    M   1        26 270
20  75  35  55   3  10   0 0.00  0.0    0  7.0 28 200   M    M   1        34 220
21  69  32  51  -1  14   0 0.00  0.0    0  6.6 22 210   M    M   1        30 220
22  70  31  51  -1  14   0 0.00    M    M  5.8 22 220   M    M   2        27 230
23  75  28  52  -1  13   0 0.00    M    M  5.8 20 220   M    M   0        28 210
24  80  29  55   2  10   0 0.00    M    M  6.8 21 220   M    M   0        28 210
25  79  30  55   2  10   0 0.00    M    M 10.6 30 220   M    M   0        36 210
================================================================================
SM 1821  803       306   0  0.29     0.0 189.1          M       26
================================================================================
AV 72.8 32.1                               7.6 FASTST   M    M   1    MAX(MPH)
                                 MISC ---->  # 40 210               # 53  210
================================================================================
NOTES:
# LAST OF SEVERAL OCCURRENCES

COLUMN 17 PEAK WIND IN M.P.H.

PRELIMINARY LOCAL CLIMATOLOGICAL DATA (WS FORM: F-6) , PAGE 2

                                          STATION:  GRAND CANYON AZ AIRPORT
                                          MONTH:    MAY
                                          YEAR:     2018
                                          LATITUDE:   35 57 N
                                          LONGITUDE: 112  9 W

[TEMPERATURE DATA]      [PRECIPITATION DATA]       SYMBOLS USED IN COLUMN 16

AVERAGE MONTHLY: 52.5   TOTAL FOR MONTH:   0.29    1 = FOG OR MIST
DPTR FM NORMAL:   2.9   DPTR FM NORMAL:   -0.12    2 = FOG REDUCING VISIBILITY
HIGHEST:    85 ON  9    GRTST 24HR  0.29 ON  2- 2      TO 1/4 MILE OR LESS
LOWEST:     26 ON 18,15                            3 = THUNDER
                        SNOW, ICE PELLETS, HAIL    4 = ICE PELLETS
                        TOTAL MONTH:   0.0 INCH    5 = HAIL
                        GRTST 24HR     0.0         6 = FREEZING RAIN OR DRIZZLE
                        GRTST DEPTH:   0           7 = DUSTSTORM OR SANDSTORM:
                                                       VSBY 1/2 MILE OR LESS
                                                   8 = SMOKE OR HAZE
[NO. OF DAYS WITH]      [WEATHER - DAYS WITH]      9 = BLOWING SNOW
                                                   X = TORNADO
MAX 32 OR BELOW:   0    0.01 INCH OR MORE:   1
MAX 90 OR ABOVE:   0    0.10 INCH OR MORE:   1
MIN 32 OR BELOW:  17    0.50 INCH OR MORE:   0
MIN  0 OR BELOW:   0    1.00 INCH OR MORE:   0

[HDD (BASE 65) ]
TOTAL THIS MO.   306    CLEAR  (SCALE 0-3)  22
DPTR FM NORMAL   -81    PTCLDY (SCALE 4-7)   2
TOTAL FM JUL 1  5967    CLOUDY (SCALE 8-10)  1
DPTR FM NORMAL  -989

[CDD (BASE 65) ]
TOTAL THIS MO.     0
DPTR FM NORMAL     0    [PRESSURE DATA]
TOTAL FM JAN 1     0    HIGHEST SLP M ON M
DPTR FM NORMAL     0    LOWEST  SLP 29.55 ON 11

[REMARKS]
