000
CXUS54 KFWD 220730
CF6GDJ
PRELIMINARY LOCAL CLIMATOLOGICAL DATA (WS FORM: F-6)

                                          STATION:   GRANBURY
                                          MONTH:     APRIL
                                          YEAR:      2018
                                          LATITUDE:   32 26 N
                                          LONGITUDE:  97 48 W

  TEMPERATURE IN F:       :PCPN:    SNOW:  WIND      :SUNSHINE: SKY     :PK WND
================================================================================
1   2   3   4   5  6A  6B    7    8   9   10  11  12  13   14  15   16   17  18
                                     12Z  AVG MX 2MIN
DY MAX MIN AVG DEP HDD CDD  WTR  SNW DPTH SPD SPD DIR MIN PSBL S-S WX    SPD DR
================================================================================

 1  73  47  60   0   5   0 0.00  0.0    0  9.8 15 350   M    M   5        22 310
 2  62  44  53  -7  12   0 0.00  0.0    0  4.7 12 130   M    M   7 1       M  M
 3  86  51  69   9   0   4 0.00  0.0    0 15.1 25 340   M    M   5        35 340
 4  65  40  53  -8  12   0 0.00  0.0    0  5.9  9  80   M    M   0         M  M
 5  81  48  65   4   0   0 0.00  0.0    0 10.6 17 140   M    M   3        27 150
 6  87  52  70   9   0   5 0.00  0.0    0 12.3 25 340   M    M   7        31 340
 7  52  34  43 -19  22   0    M  0.0    0 11.5 18 330   M    M  10 1      27 330
 8  55  33  44 -18  21   0 0.00  0.0    0  5.2 13  80   M    M   5         M  M
 9  70  43  57  -5   8   0 0.00  0.0    0  3.3 10 360   M    M   6 1       M  M
10  73  42  58  -4   7   0 0.00  0.0    0  3.7  8 320   M    M   0         M  M
11  84  46  65   2   0   0 0.00  0.0    0  9.8 18 150   M    M   0        27 160
12  89  62  76  13   0  11 0.00  0.0    0 15.9 21 140   M    M   1        30 150
13  90  62  76  13   0  11 0.00  0.0    0 16.0 28 320   M    M   4 3      36 150
14  64  42  53 -11  12   0 0.00  0.0    0 15.1 25 310   M    M   0        33 300
15  69  35  52 -12  13   0 0.00  0.0    0  7.8 15 320   M    M   0        25 320
16  86  37  62  -2   3   0 0.00  0.0    0  8.8 21 150   M    M   0        25 170
17  91  57  74   9   0   9 0.00  0.0    0 14.3 20 170   M    M   0        31 170
18  78  47  63  -2   2   0 0.00  0.0    0  9.5 20 350   M    M   1        29 350
19  73  44  59  -6   6   0 0.00  0.0    0  4.3  9  40   M    M   0         9  40
20  71  44  58  -8   7   0 0.00  0.0    0 10.0 17 110   M    M   1        24 100
21  76  53  65  -1   0   0 0.34  0.0    0 11.9 16 130   M    M   9 3      25 320
================================================================================
SM 1575  963       130  40  0.34     0.0 205.5          M       64
================================================================================
AV 75.0 45.9                               9.8 FASTST   M    M   3    MAX(MPH)
                                 MISC ---->  # 28 320               # 36  150
================================================================================
NOTES:
# LAST OF SEVERAL OCCURRENCES

COLUMN 17 PEAK WIND IN M.P.H.

PRELIMINARY LOCAL CLIMATOLOGICAL DATA (WS FORM: F-6) , PAGE 2

                                          STATION:  GRANBURY
                                          MONTH:    APRIL
                                          YEAR:     2018
                                          LATITUDE:   32 26 N
                                          LONGITUDE:  97 48 W

[TEMPERATURE DATA]      [PRECIPITATION DATA]       SYMBOLS USED IN COLUMN 16

AVERAGE MONTHLY: 60.4   TOTAL FOR MONTH:   0.34    1 = FOG OR MIST
DPTR FM NORMAL:  -2.4   DPTR FM NORMAL:       M    2 = FOG REDUCING VISIBILITY
HIGHEST:    91 ON 17    GRTST 24HR  0.34 ON 21-21      TO 1/4 MILE OR LESS
LOWEST:     33 ON  8                               3 = THUNDER
                        SNOW, ICE PELLETS, HAIL    4 = ICE PELLETS
                        TOTAL MONTH:   0.0 INCH    5 = HAIL
                        GRTST 24HR     0.0         6 = FREEZING RAIN OR DRIZZLE
                        GRTST DEPTH:   0           7 = DUSTSTORM OR SANDSTORM:
                                                       VSBY 1/2 MILE OR LESS
                                                   8 = SMOKE OR HAZE
[NO. OF DAYS WITH]      [WEATHER - DAYS WITH]      9 = BLOWING SNOW
                                                   X = TORNADO
MAX 32 OR BELOW:   0    0.01 INCH OR MORE:   1
MAX 90 OR ABOVE:   2    0.10 INCH OR MORE:   1
MIN 32 OR BELOW:   0    0.50 INCH OR MORE:   0
MIN  0 OR BELOW:   0    1.00 INCH OR MORE:   0

[HDD (BASE 65) ]
TOTAL THIS MO.   130    CLEAR  (SCALE 0-3)  11
DPTR FM NORMAL    41    PTCLDY (SCALE 4-7)   8
TOTAL FM JUL 1  2168    CLOUDY (SCALE 8-10)  2
DPTR FM NORMAL  -471

[CDD (BASE 65) ]
TOTAL THIS MO.    40
DPTR FM NORMAL    -4    [PRESSURE DATA]
TOTAL FM JAN 1   124    HIGHEST SLP M ON M
DPTR FM NORMAL    59    LOWEST  SLP M ON M

[REMARKS]
