000
CXUS53 KFGF 240915
CF6GFK
PRELIMINARY LOCAL CLIMATOLOGICAL DATA (WS FORM: F-6)

                                          STATION:   GRAND FORKS INTL AP ND
                                          MONTH:     MAY
                                          YEAR:      2018
                                          LATITUDE:   47 57 N
                                          LONGITUDE:  97 11 W

  TEMPERATURE IN F:       :PCPN:    SNOW:  WIND      :SUNSHINE: SKY     :PK WND
================================================================================
1   2   3   4   5  6A  6B    7    8   9   10  11  12  13   14  15   16   17  18
                                     12Z  AVG MX 2MIN
DY MAX MIN AVG DEP HDD CDD  WTR  SNW DPTH SPD SPD DIR MIN PSBL S-S WX    SPD DR
================================================================================

 1  46  34  40  -9  25   0 0.07  0.0    0 10.3 28 360   M    M   9 13     36 350
 2  67  27  47  -3  18   0 0.04  0.0    0  7.1 23 300   M    M   4 13     28 300
 3  73  34  54   4  11   0    T  0.0    0  6.0 18 210   M    M   3 8      32 220
 4  78  39  59   8   6   0 0.00  0.0    0  9.1 18  20   M    M   2        26  20
 5  75  39  57   6   8   0    T  0.0    0  8.1 23  20   M    M   4        30 360
 6  82  34  58   7   7   0 0.00  0.0    0  6.6 18 330   M    M   2        26 320
 7  87  39  63  11   2   0 0.06  0.0    0  8.8 29 220   M    M   4 8      37 220
 8  61  50  56   4   9   0 0.32  0.0    0 11.6 21  50   M    M  10 1      26  50
 9  67  36  52   0  13   0 0.00  0.0    0 10.4 35 360   M    M   8 1      44 360
10  55  28  42 -11  23   0 0.00  0.0    0  8.5 18  30   M    M   5 8      24  20
11  65  24  45  -8  20   0 0.00  0.0    0  5.5 15  40   M    M   5        23  70
12  70  36  53  -1  12   0 0.00  0.0    0  6.7 15 230   M    M   7        19 210
13  77  44  61   7   4   0 0.00  0.0    0 10.7 22 260   M    M   4        32 260
14  78  44  61   7   4   0 0.00  0.0    0 11.9 28  10   M    M   2        34  10
15  85  33  59   5   6   0 0.00  0.0    0 13.6 28 230   M    M   1        43 240
16  83  56  70  15   0   5 0.00  0.0    0 13.8 23  60   M    M   4        32  50
17  68  49  59   4   6   0 0.56  0.0    0 14.4 24  90   M    M   7 13     32  80
18  49  43  46 -10  19   0 0.14  0.0    0 16.2 24 360   M    M  10 1      35 360
19  67  38  53  -3  12   0 0.00  0.0    0 13.9 25  20   M    M   4        33  30
20  76  33  55  -1  10   0 0.00  0.0    0  5.9 12 240   M    M   0        16 200
21  78  39  59   3   6   0 0.00  0.0    0  6.9 17 140   M    M   3        26 120
22  82  50  66   9   0   1 0.00  0.0    0  8.4 15 190   M    M   3 1      23 180
23  85  58  72  15   0   7 0.00  0.0    0 12.0 23 140   M    M   6 3      31 150
================================================================================
SM 1654  907       221  13  1.19     0.0 226.4          M      107
================================================================================
AV 71.9 39.4                               9.8 FASTST   M    M   5    MAX(MPH)
                                 MISC ---->  # 35 360               # 44  360
================================================================================
NOTES:
# LAST OF SEVERAL OCCURRENCES

COLUMN 17 PEAK WIND IN M.P.H.

PRELIMINARY LOCAL CLIMATOLOGICAL DATA (WS FORM: F-6) , PAGE 2

                                          STATION:  GRAND FORKS INTL AP ND
                                          MONTH:    MAY
                                          YEAR:     2018
                                          LATITUDE:   47 57 N
                                          LONGITUDE:  97 11 W

[TEMPERATURE DATA]      [PRECIPITATION DATA]       SYMBOLS USED IN COLUMN 16

AVERAGE MONTHLY: 55.7   TOTAL FOR MONTH:   1.19    1 = FOG OR MIST
DPTR FM NORMAL:   2.3   DPTR FM NORMAL:   -0.71    2 = FOG REDUCING VISIBILITY
HIGHEST:    87 ON  7    GRTST 24HR  0.56 ON 17-17      TO 1/4 MILE OR LESS
LOWEST:     24 ON 11                               3 = THUNDER
                        SNOW, ICE PELLETS, HAIL    4 = ICE PELLETS
                        TOTAL MONTH:   0.0 INCH    5 = HAIL
                        GRTST 24HR     0.0         6 = FREEZING RAIN OR DRIZZLE
                        GRTST DEPTH:   0           7 = DUSTSTORM OR SANDSTORM:
                                                       VSBY 1/2 MILE OR LESS
                                                   8 = SMOKE OR HAZE
[NO. OF DAYS WITH]      [WEATHER - DAYS WITH]      9 = BLOWING SNOW
                                                   X = TORNADO
MAX 32 OR BELOW:   0    0.01 INCH OR MORE:   6
MAX 90 OR ABOVE:   0    0.10 INCH OR MORE:   3
MIN 32 OR BELOW:   3    0.50 INCH OR MORE:   1
MIN  0 OR BELOW:   0    1.00 INCH OR MORE:   0

[HDD (BASE 65) ]
TOTAL THIS MO.   221    CLEAR  (SCALE 0-3)   8
DPTR FM NORMAL   -55    PTCLDY (SCALE 4-7)  12
TOTAL FM JUL 1  9413    CLOUDY (SCALE 8-10)  3
DPTR FM NORMAL    59

[CDD (BASE 65) ]
TOTAL THIS MO.    13
DPTR FM NORMAL     5    [PRESSURE DATA]
TOTAL FM JAN 1    13    HIGHEST SLP M ON M
DPTR FM NORMAL     4    LOWEST  SLP 29.66 ON  1

[REMARKS]
